{"id":59284,"date":"2022-10-17T14:20:22","date_gmt":"2022-10-17T12:20:22","guid":{"rendered":"https:\/\/www.iskreni.net\/trgovina\/?post_type=product&#038;p=59284"},"modified":"2023-10-20T15:21:54","modified_gmt":"2023-10-20T13:21:54","slug":"bozicna-zgodba-2","status":"publish","type":"product","link":"https:\/\/www.iskreni.net\/trgovina\/product\/bozicna-zgodba-2\/","title":{"rendered":"Bo\u017ei\u010dna zgodba"},"content":{"rendered":"<h4>O knjigi <i>Bo\u017ei\u010dna zgodba<\/i><\/h4>\n<p>Zgodba o Jezusovem rojstvu, ki jo v bo\u017ei\u010dnem \u010dasu vedno znova pripovedujemo, navdihuje ljudi po vsem svetu. Ta klasi\u010dna razli\u010dica ohranja tradicionalni stil zgodbe o Jezusovem rojstvu, kot je zapisana v Svetem pismu \u2013 od Marijinega oznanjenja v Nazaretu in potovanja modrih, do ma\u0161\u010devalnega besa kralja Heroda in bega v Egipt, obenem pa prina\u0161a dinami\u010dne in sodobne ilustracije, ki pritegnejo dana\u0161nje bralce.<\/p>\n","protected":false},"excerpt":{"rendered":"<p><strong>Ilustracije:<\/strong>\u00a0Tommaso d&#8217;Incalci<br \/>\n<strong>Avtor prevoda: <\/strong>Tatjana \u0160ivic<br \/>\n<strong>Leto izdaje:<\/strong> 2022<br \/>\n<strong>\u0160tevilo strani:<\/strong> 32<\/p>\n","protected":false},"featured_media":59292,"comment_status":"open","ping_status":"closed","template":"","meta":[],"product_brand":[],"product_cat":[63,135],"product_tag":[1344,391],"avtor":[2558],"zalozba":[2311],"vezava":[2306],"class_list":{"0":"post-59284","1":"product","2":"type-product","3":"status-publish","4":"has-post-thumbnail","6":"product_cat-knjige","7":"product_cat-za-otroke","8":"product_tag-advent-in-bozic","9":"product_tag-jezus","10":"avtor-rhona-davies","11":"zalozba-druzina","12":"vezava-trda","14":"first","15":"instock","16":"taxable","17":"shipping-taxable","18":"purchasable","19":"product-type-simple"},"yoast_head":"<!-- This site is optimized with the Yoast SEO plugin v26.3 - https:\/\/yoast.com\/wordpress\/plugins\/seo\/ -->\n<title>Bo\u017ei\u010dna zgodba - trgovina Iskreni<\/title>\n<meta name=\"description\" content=\"Bo\u017ei\u010dna zgodba je napisana po klasi\u010dni razli\u010dici zgodbe o Jezusovem rojstvu, pospremljena z dinami\u010dnimi ilustracijami, ki pritegnejo dana\u0161nje bralce.\" \/>\n<meta name=\"robots\" content=\"index, follow, max-snippet:-1, max-image-preview:large, max-video-preview:-1\" \/>\n<link rel=\"canonical\" href=\"https:\/\/www.iskreni.net\/trgovina\/product\/bozicna-zgodba-2\/\" \/>\n<meta property=\"og:locale\" content=\"sl_SI\" \/>\n<meta property=\"og:type\" content=\"article\" \/>\n<meta property=\"og:title\" content=\"Bo\u017ei\u010dna zgodba\" \/>\n<meta property=\"og:description\" content=\"Bo\u017ei\u010dna zgodba je napisana po klasi\u010dni razli\u010dici zgodbe o Jezusovem rojstvu, pospremljena z dinami\u010dnimi ilustracijami, ki pritegnejo dana\u0161nje bralce.\" \/>\n<meta property=\"og:url\" content=\"https:\/\/www.iskreni.net\/trgovina\/product\/bozicna-zgodba-2\/\" \/>\n<meta property=\"og:site_name\" content=\"Zavod Iskreni\" \/>\n<meta property=\"article:modified_time\" content=\"2023-10-20T13:21:54+00:00\" \/>\n<meta property=\"og:image\" content=\"https:\/\/www.iskreni.net\/trgovina\/wp-content\/uploads\/2022\/10\/1-1.jpg\" \/>\n\t<meta property=\"og:image:width\" content=\"1200\" \/>\n\t<meta property=\"og:image:height\" content=\"674\" \/>\n\t<meta property=\"og:image:type\" content=\"image\/jpeg\" \/>\n<meta name=\"twitter:card\" content=\"summary_large_image\" \/>\n<meta name=\"twitter:label1\" content=\"Est. reading time\" \/>\n\t<meta name=\"twitter:data1\" content=\"1 minuta\" \/>\n<script type=\"application\/ld+json\" class=\"yoast-schema-graph\">{\"@context\":\"https:\/\/schema.org\",\"@graph\":[{\"@type\":\"WebPage\",\"@id\":\"https:\/\/www.iskreni.net\/trgovina\/product\/bozicna-zgodba-2\/\",\"url\":\"https:\/\/www.iskreni.net\/trgovina\/product\/bozicna-zgodba-2\/\",\"name\":\"Bo\u017ei\u010dna zgodba - trgovina Iskreni\",\"isPartOf\":{\"@id\":\"https:\/\/www.iskreni.net\/trgovina\/#website\"},\"primaryImageOfPage\":{\"@id\":\"https:\/\/www.iskreni.net\/trgovina\/product\/bozicna-zgodba-2\/#primaryimage\"},\"image\":{\"@id\":\"https:\/\/www.iskreni.net\/trgovina\/product\/bozicna-zgodba-2\/#primaryimage\"},\"thumbnailUrl\":\"https:\/\/www.iskreni.net\/trgovina\/wp-content\/uploads\/2022\/10\/2.jpg\",\"datePublished\":\"2022-10-17T12:20:22+00:00\",\"dateModified\":\"2023-10-20T13:21:54+00:00\",\"description\":\"Bo\u017ei\u010dna zgodba je napisana po klasi\u010dni razli\u010dici zgodbe o Jezusovem rojstvu, pospremljena z dinami\u010dnimi ilustracijami, ki pritegnejo dana\u0161nje bralce.\",\"breadcrumb\":{\"@id\":\"https:\/\/www.iskreni.net\/trgovina\/product\/bozicna-zgodba-2\/#breadcrumb\"},\"inLanguage\":\"sl-SI\",\"potentialAction\":[{\"@type\":\"ReadAction\",\"target\":[\"https:\/\/www.iskreni.net\/trgovina\/product\/bozicna-zgodba-2\/\"]}]},{\"@type\":\"ImageObject\",\"inLanguage\":\"sl-SI\",\"@id\":\"https:\/\/www.iskreni.net\/trgovina\/product\/bozicna-zgodba-2\/#primaryimage\",\"url\":\"https:\/\/www.iskreni.net\/trgovina\/wp-content\/uploads\/2022\/10\/2.jpg\",\"contentUrl\":\"https:\/\/www.iskreni.net\/trgovina\/wp-content\/uploads\/2022\/10\/2.jpg\",\"width\":600,\"height\":600},{\"@type\":\"BreadcrumbList\",\"@id\":\"https:\/\/www.iskreni.net\/trgovina\/product\/bozicna-zgodba-2\/#breadcrumb\",\"itemListElement\":[{\"@type\":\"ListItem\",\"position\":1,\"name\":\"Home\",\"item\":\"https:\/\/www.iskreni.net\/trgovina\/\"},{\"@type\":\"ListItem\",\"position\":2,\"name\":\"Trgovina\",\"item\":\"https:\/\/www.iskreni.net\/trgovina\/trgovina\/\"},{\"@type\":\"ListItem\",\"position\":3,\"name\":\"Bo\u017ei\u010dna zgodba\"}]},{\"@type\":\"WebSite\",\"@id\":\"https:\/\/www.iskreni.net\/trgovina\/#website\",\"url\":\"https:\/\/www.iskreni.net\/trgovina\/\",\"name\":\"Zavod Iskreni\",\"description\":\"trgovina\",\"potentialAction\":[{\"@type\":\"SearchAction\",\"target\":{\"@type\":\"EntryPoint\",\"urlTemplate\":\"https:\/\/www.iskreni.net\/trgovina\/?s={search_term_string}\"},\"query-input\":{\"@type\":\"PropertyValueSpecification\",\"valueRequired\":true,\"valueName\":\"search_term_string\"}}],\"inLanguage\":\"sl-SI\"}]}<\/script>\n<!-- \/ Yoast SEO plugin. -->","yoast_head_json":{"title":"Bo\u017ei\u010dna zgodba - trgovina Iskreni","description":"Bo\u017ei\u010dna zgodba je napisana po klasi\u010dni razli\u010dici zgodbe o Jezusovem rojstvu, pospremljena z dinami\u010dnimi ilustracijami, ki pritegnejo dana\u0161nje bralce.","robots":{"index":"index","follow":"follow","max-snippet":"max-snippet:-1","max-image-preview":"max-image-preview:large","max-video-preview":"max-video-preview:-1"},"canonical":"https:\/\/www.iskreni.net\/trgovina\/product\/bozicna-zgodba-2\/","og_locale":"sl_SI","og_type":"article","og_title":"Bo\u017ei\u010dna zgodba","og_description":"Bo\u017ei\u010dna zgodba je napisana po klasi\u010dni razli\u010dici zgodbe o Jezusovem rojstvu, pospremljena z dinami\u010dnimi ilustracijami, ki pritegnejo dana\u0161nje bralce.","og_url":"https:\/\/www.iskreni.net\/trgovina\/product\/bozicna-zgodba-2\/","og_site_name":"Zavod Iskreni","article_modified_time":"2023-10-20T13:21:54+00:00","og_image":[{"width":1200,"height":674,"url":"https:\/\/www.iskreni.net\/trgovina\/wp-content\/uploads\/2022\/10\/1-1.jpg","type":"image\/jpeg"}],"twitter_card":"summary_large_image","twitter_misc":{"Est. reading time":"1 minuta"},"schema":{"@context":"https:\/\/schema.org","@graph":[{"@type":"WebPage","@id":"https:\/\/www.iskreni.net\/trgovina\/product\/bozicna-zgodba-2\/","url":"https:\/\/www.iskreni.net\/trgovina\/product\/bozicna-zgodba-2\/","name":"Bo\u017ei\u010dna zgodba - trgovina Iskreni","isPartOf":{"@id":"https:\/\/www.iskreni.net\/trgovina\/#website"},"primaryImageOfPage":{"@id":"https:\/\/www.iskreni.net\/trgovina\/product\/bozicna-zgodba-2\/#primaryimage"},"image":{"@id":"https:\/\/www.iskreni.net\/trgovina\/product\/bozicna-zgodba-2\/#primaryimage"},"thumbnailUrl":"https:\/\/www.iskreni.net\/trgovina\/wp-content\/uploads\/2022\/10\/2.jpg","datePublished":"2022-10-17T12:20:22+00:00","dateModified":"2023-10-20T13:21:54+00:00","description":"Bo\u017ei\u010dna zgodba je napisana po klasi\u010dni razli\u010dici zgodbe o Jezusovem rojstvu, pospremljena z dinami\u010dnimi ilustracijami, ki pritegnejo dana\u0161nje bralce.","breadcrumb":{"@id":"https:\/\/www.iskreni.net\/trgovina\/product\/bozicna-zgodba-2\/#breadcrumb"},"inLanguage":"sl-SI","potentialAction":[{"@type":"ReadAction","target":["https:\/\/www.iskreni.net\/trgovina\/product\/bozicna-zgodba-2\/"]}]},{"@type":"ImageObject","inLanguage":"sl-SI","@id":"https:\/\/www.iskreni.net\/trgovina\/product\/bozicna-zgodba-2\/#primaryimage","url":"https:\/\/www.iskreni.net\/trgovina\/wp-content\/uploads\/2022\/10\/2.jpg","contentUrl":"https:\/\/www.iskreni.net\/trgovina\/wp-content\/uploads\/2022\/10\/2.jpg","width":600,"height":600},{"@type":"BreadcrumbList","@id":"https:\/\/www.iskreni.net\/trgovina\/product\/bozicna-zgodba-2\/#breadcrumb","itemListElement":[{"@type":"ListItem","position":1,"name":"Home","item":"https:\/\/www.iskreni.net\/trgovina\/"},{"@type":"ListItem","position":2,"name":"Trgovina","item":"https:\/\/www.iskreni.net\/trgovina\/trgovina\/"},{"@type":"ListItem","position":3,"name":"Bo\u017ei\u010dna zgodba"}]},{"@type":"WebSite","@id":"https:\/\/www.iskreni.net\/trgovina\/#website","url":"https:\/\/www.iskreni.net\/trgovina\/","name":"Zavod Iskreni","description":"trgovina","potentialAction":[{"@type":"SearchAction","target":{"@type":"EntryPoint","urlTemplate":"https:\/\/www.iskreni.net\/trgovina\/?s={search_term_string}"},"query-input":{"@type":"PropertyValueSpecification","valueRequired":true,"valueName":"search_term_string"}}],"inLanguage":"sl-SI"}]}},"_links":{"self":[{"href":"https:\/\/www.iskreni.net\/trgovina\/wp-json\/wp\/v2\/product\/59284","targetHints":{"allow":["GET"]}}],"collection":[{"href":"https:\/\/www.iskreni.net\/trgovina\/wp-json\/wp\/v2\/product"}],"about":[{"href":"https:\/\/www.iskreni.net\/trgovina\/wp-json\/wp\/v2\/types\/product"}],"replies":[{"embeddable":true,"href":"https:\/\/www.iskreni.net\/trgovina\/wp-json\/wp\/v2\/comments?post=59284"}],"version-history":[{"count":4,"href":"https:\/\/www.iskreni.net\/trgovina\/wp-json\/wp\/v2\/product\/59284\/revisions"}],"predecessor-version":[{"id":70284,"href":"https:\/\/www.iskreni.net\/trgovina\/wp-json\/wp\/v2\/product\/59284\/revisions\/70284"}],"wp:featuredmedia":[{"embeddable":true,"href":"https:\/\/www.iskreni.net\/trgovina\/wp-json\/wp\/v2\/media\/59292"}],"wp:attachment":[{"href":"https:\/\/www.iskreni.net\/trgovina\/wp-json\/wp\/v2\/media?parent=59284"}],"wp:term":[{"taxonomy":"product_brand","embeddable":true,"href":"https:\/\/www.iskreni.net\/trgovina\/wp-json\/wp\/v2\/product_brand?post=59284"},{"taxonomy":"product_cat","embeddable":true,"href":"https:\/\/www.iskreni.net\/trgovina\/wp-json\/wp\/v2\/product_cat?post=59284"},{"taxonomy":"product_tag","embeddable":true,"href":"https:\/\/www.iskreni.net\/trgovina\/wp-json\/wp\/v2\/product_tag?post=59284"},{"taxonomy":"avtor","embeddable":true,"href":"https:\/\/www.iskreni.net\/trgovina\/wp-json\/wp\/v2\/avtor?post=59284"},{"taxonomy":"zalozba","embeddable":true,"href":"https:\/\/www.iskreni.net\/trgovina\/wp-json\/wp\/v2\/zalozba?post=59284"},{"taxonomy":"vezava","embeddable":true,"href":"https:\/\/www.iskreni.net\/trgovina\/wp-json\/wp\/v2\/vezava?post=59284"}],"curies":[{"name":"wp","href":"https:\/\/api.w.org\/{rel}","templated":true}]}}