{"id":59111,"date":"2022-09-28T11:28:39","date_gmt":"2022-09-28T09:28:39","guid":{"rendered":"https:\/\/www.iskreni.net\/trgovina\/?post_type=product&#038;p=59111"},"modified":"2025-07-09T13:31:32","modified_gmt":"2025-07-09T11:31:32","slug":"osebno","status":"publish","type":"product","link":"https:\/\/www.iskreni.net\/trgovina\/product\/osebno\/","title":{"rendered":"Osebno"},"content":{"rendered":"<h3 id=\"anchor-o-izdelku\" class=\"title\">O knjigi <em>Osebno<\/em><\/h3>\n<p>Prvoosebni pripovedovalec se spomladi leta 2020 znajde v \u010dustveni luknji \u2013 partnerka ga je zapustila \u0161estkrat zapored. Mu\u010dijo ga more, nesmiselni prizori, ki ga pri\u010dnejo spreletavati tudi \u010dez dan in so nedvomno povezani z njegovim otro\u0161tvom. Prijatelji odkimavajo nad njegovim stanjem in vsakdo ima svoj predlog za \u010dude\u017eno re\u0161itev: od hoje po \u017eerjavici prek desetdnevnega kle\u010danja pri budistih in \u0161amanskih ritualov do hoje po Jakobovi poti. Pripovedovalec s prezirom skeptika vse odklanja, a ko zaradi covida zaprejo dru\u017ebo in obti\u010di doma, uvidi, da mora nekaj storiti, druga\u010de se mu bo zme\u0161alo. Predloge zapi\u0161e na list in jih sklene izvesti \u010disto vse. Loti se jih kar po vrsti. Z mnogimi zadregami se odpravi na potovanje znotraj pandemi\u010dnih \u010dasov, hkrati pa potuje tudi v svoje lastno otro\u0161tvo, da bi pri\u0161el do vira \u010dudnih spominov in meditira o odnosih, da bi pri\u0161el do dna skrivnosti srca.<\/p>\n<h5><a href=\"https:\/\/www.iskreni.net\/trgovina\/wp-content\/uploads\/2022\/09\/Goga-Mazzini-Osebno-teaser.pdf\">Pogled v knjigo<\/a><\/h5>\n<p>To ni ena tistih modernih knjig, ki ti bo lagala, da zmore\u0161 vse sam, da si lahko za\u017eeli\u0161 karkoli in vesolje ti bo izpolnilo sanje. Prav tako te ne bo slepila, kako je dovolj, da se le spomni\u0161 travm iz otro\u0161tva in \u017eivljenje postane tropska pla\u017ea. Ne bo ti priporo\u010dala \u010dude\u017enih receptov, od hoje po Caminu in \u017eerjavici, pa rituala ajavaske, odkrivanja prej\u0161njih \u017eivljenj, \u0161amanizma, feng shuija do desetdnevnega kle\u010danja pri budistih \u2013 \u010detudi je Miha vse to med pisanjem te knjige poskusil in opisal.<br \/>\nTo je knjiga o odnosih. O razumevanju, poslu\u0161anju in pogovarjanju. Knjiga o bli\u017eini in o tem, kako jo ustvarjamo. Kako se zbli\u017eujemo in oddaljujemo, kako smo ujeti v nevidni ples in se sploh ne zavedamo, da smo mnogokrat le lutke na nitih na\u0161ih prednikov in okolja.<\/p>\n<p>Povezava na podkast o knjigi: <a href=\"https:\/\/www.mihamazzini.si\/dr-miha-mazzini-pisatelj-reziser-in-antropolog\/\">https:\/\/www.mihamazzini.si\/dr-miha-mazzini-pisatelj-reziser-in-antropolog\/\u00a0<\/a><\/p>\n<p>&nbsp;<\/p>\n<h3 id=\"anchor-o-izdelku\" class=\"title\">Mnenja o knjigi<\/h3>\n<div class=\"content--quote paragraph paragraph--type--quote paragraph--view-mode--default\">\n<p>Naj vas humor in hahljanje ob prebiranju tuje nesre\u010de ne zavedeta: stvar je resna!\u00a0<br role=\"presentation\" data-uw-rm-sr=\"\" \/><em>&#8211; Tadej Golob, pisatelj<\/em><\/p>\n<\/div>\n<div class=\"content--quote paragraph paragraph--type--quote paragraph--view-mode--default\">\n<p>Mazzini pi\u0161e o najbolj intimnem, ki je hkrati najbolj univerzalno. Dobro je vedeti in prebrati, da drugi do\u017eivljajo in ob\u010dutijo zelo podobno, \u010de \u017ee ne enako, da se jim dogajajo iste krivice, samote in sramote, za katere misli\u0161, da so samo tvoje in da je vsem drugim la\u017eje. \u00a0Hvala za tole Osebno knjigo!\u00a0<br role=\"presentation\" data-uw-rm-sr=\"\" \/><em>&#8211; Vlado Kreslin<\/em><\/p>\n<\/div>\n","protected":false},"excerpt":{"rendered":"<p><strong>Avtor:<\/strong> Miha Mazzini<br \/>\n<strong>Zalo\u017eba:\u00a0<\/strong>Goga<br \/>\n<strong>Leto izdaje:<\/strong> 2022<br \/>\n<strong>\u0160tevilo strani:<\/strong> 280<br \/>\n<strong>Vezava:<\/strong> mehka<br \/>\n<strong>Format:<\/strong> 150 x 210 mm<\/p>\n<h5><a href=\"https:\/\/www.iskreni.net\/trgovina\/wp-content\/uploads\/2022\/09\/Goga-Mazzini-Osebno-teaser.pdf\">Pogled v knjigo<\/a><\/h5>\n","protected":false},"featured_media":59115,"comment_status":"open","ping_status":"closed","template":"","meta":[],"product_brand":[],"product_cat":[2324,63],"product_tag":[],"avtor":[],"zalozba":[],"vezava":[],"class_list":{"0":"post-59111","1":"product","2":"type-product","3":"status-publish","4":"has-post-thumbnail","6":"product_cat-duhovnost-in-osebna-rast","7":"product_cat-knjige","9":"first","10":"onbackorder","11":"taxable","12":"shipping-taxable","13":"purchasable","14":"product-type-simple"},"yoast_head":"<!-- This site is optimized with the Yoast SEO plugin v26.3 - https:\/\/yoast.com\/wordpress\/plugins\/seo\/ -->\n<title>Osebno - Miha Mazzini - trgovina Iskreni<\/title>\n<meta name=\"description\" content=\"OSEBNO razgalja notranji svet skeptika, ki se je lotil duhovnosti, se soo\u010dil s travmati\u010dnimi spomini in izgubil strah pred bli\u017eino.\" \/>\n<meta name=\"robots\" content=\"index, follow, max-snippet:-1, max-image-preview:large, max-video-preview:-1\" \/>\n<link rel=\"canonical\" href=\"https:\/\/www.iskreni.net\/trgovina\/product\/osebno\/\" \/>\n<meta property=\"og:locale\" content=\"sl_SI\" \/>\n<meta property=\"og:type\" content=\"article\" \/>\n<meta property=\"og:title\" content=\"OSEBNO\" \/>\n<meta property=\"og:description\" content=\"OSEBNO razgalja notranji svet skeptika, ki se je lotil duhovnosti, se soo\u010dil s travmati\u010dnimi spomini in izgubil strah pred bli\u017eino.\" \/>\n<meta property=\"og:url\" content=\"https:\/\/www.iskreni.net\/trgovina\/product\/osebno\/\" \/>\n<meta property=\"og:site_name\" content=\"Zavod Iskreni\" \/>\n<meta property=\"article:modified_time\" content=\"2025-07-09T11:31:32+00:00\" \/>\n<meta property=\"og:image\" content=\"https:\/\/www.iskreni.net\/trgovina\/wp-content\/uploads\/2022\/09\/Slike-za-spletno-SOCIAL-18.jpg\" \/>\n\t<meta property=\"og:image:width\" content=\"1200\" \/>\n\t<meta property=\"og:image:height\" content=\"674\" \/>\n\t<meta property=\"og:image:type\" content=\"image\/jpeg\" \/>\n<meta name=\"twitter:card\" content=\"summary_large_image\" \/>\n<meta name=\"twitter:label1\" content=\"Est. reading time\" \/>\n\t<meta name=\"twitter:data1\" content=\"3 minute\" \/>\n<script type=\"application\/ld+json\" class=\"yoast-schema-graph\">{\"@context\":\"https:\/\/schema.org\",\"@graph\":[{\"@type\":\"WebPage\",\"@id\":\"https:\/\/www.iskreni.net\/trgovina\/product\/osebno\/\",\"url\":\"https:\/\/www.iskreni.net\/trgovina\/product\/osebno\/\",\"name\":\"Osebno - Miha Mazzini - trgovina Iskreni\",\"isPartOf\":{\"@id\":\"https:\/\/www.iskreni.net\/trgovina\/#website\"},\"primaryImageOfPage\":{\"@id\":\"https:\/\/www.iskreni.net\/trgovina\/product\/osebno\/#primaryimage\"},\"image\":{\"@id\":\"https:\/\/www.iskreni.net\/trgovina\/product\/osebno\/#primaryimage\"},\"thumbnailUrl\":\"https:\/\/www.iskreni.net\/trgovina\/wp-content\/uploads\/2022\/09\/Slike-za-v-spletno-trgovino-28.jpg\",\"datePublished\":\"2022-09-28T09:28:39+00:00\",\"dateModified\":\"2025-07-09T11:31:32+00:00\",\"description\":\"OSEBNO razgalja notranji svet skeptika, ki se je lotil duhovnosti, se soo\u010dil s travmati\u010dnimi spomini in izgubil strah pred bli\u017eino.\",\"breadcrumb\":{\"@id\":\"https:\/\/www.iskreni.net\/trgovina\/product\/osebno\/#breadcrumb\"},\"inLanguage\":\"sl-SI\",\"potentialAction\":[{\"@type\":\"ReadAction\",\"target\":[\"https:\/\/www.iskreni.net\/trgovina\/product\/osebno\/\"]}]},{\"@type\":\"ImageObject\",\"inLanguage\":\"sl-SI\",\"@id\":\"https:\/\/www.iskreni.net\/trgovina\/product\/osebno\/#primaryimage\",\"url\":\"https:\/\/www.iskreni.net\/trgovina\/wp-content\/uploads\/2022\/09\/Slike-za-v-spletno-trgovino-28.jpg\",\"contentUrl\":\"https:\/\/www.iskreni.net\/trgovina\/wp-content\/uploads\/2022\/09\/Slike-za-v-spletno-trgovino-28.jpg\",\"width\":600,\"height\":600},{\"@type\":\"BreadcrumbList\",\"@id\":\"https:\/\/www.iskreni.net\/trgovina\/product\/osebno\/#breadcrumb\",\"itemListElement\":[{\"@type\":\"ListItem\",\"position\":1,\"name\":\"Home\",\"item\":\"https:\/\/www.iskreni.net\/trgovina\/\"},{\"@type\":\"ListItem\",\"position\":2,\"name\":\"Trgovina\",\"item\":\"https:\/\/www.iskreni.net\/trgovina\/trgovina\/\"},{\"@type\":\"ListItem\",\"position\":3,\"name\":\"Osebno\"}]},{\"@type\":\"WebSite\",\"@id\":\"https:\/\/www.iskreni.net\/trgovina\/#website\",\"url\":\"https:\/\/www.iskreni.net\/trgovina\/\",\"name\":\"Zavod Iskreni\",\"description\":\"trgovina\",\"potentialAction\":[{\"@type\":\"SearchAction\",\"target\":{\"@type\":\"EntryPoint\",\"urlTemplate\":\"https:\/\/www.iskreni.net\/trgovina\/?s={search_term_string}\"},\"query-input\":{\"@type\":\"PropertyValueSpecification\",\"valueRequired\":true,\"valueName\":\"search_term_string\"}}],\"inLanguage\":\"sl-SI\"}]}<\/script>\n<!-- \/ Yoast SEO plugin. -->","yoast_head_json":{"title":"Osebno - Miha Mazzini - trgovina Iskreni","description":"OSEBNO razgalja notranji svet skeptika, ki se je lotil duhovnosti, se soo\u010dil s travmati\u010dnimi spomini in izgubil strah pred bli\u017eino.","robots":{"index":"index","follow":"follow","max-snippet":"max-snippet:-1","max-image-preview":"max-image-preview:large","max-video-preview":"max-video-preview:-1"},"canonical":"https:\/\/www.iskreni.net\/trgovina\/product\/osebno\/","og_locale":"sl_SI","og_type":"article","og_title":"OSEBNO","og_description":"OSEBNO razgalja notranji svet skeptika, ki se je lotil duhovnosti, se soo\u010dil s travmati\u010dnimi spomini in izgubil strah pred bli\u017eino.","og_url":"https:\/\/www.iskreni.net\/trgovina\/product\/osebno\/","og_site_name":"Zavod Iskreni","article_modified_time":"2025-07-09T11:31:32+00:00","og_image":[{"width":1200,"height":674,"url":"https:\/\/www.iskreni.net\/trgovina\/wp-content\/uploads\/2022\/09\/Slike-za-spletno-SOCIAL-18.jpg","type":"image\/jpeg"}],"twitter_card":"summary_large_image","twitter_misc":{"Est. reading time":"3 minute"},"schema":{"@context":"https:\/\/schema.org","@graph":[{"@type":"WebPage","@id":"https:\/\/www.iskreni.net\/trgovina\/product\/osebno\/","url":"https:\/\/www.iskreni.net\/trgovina\/product\/osebno\/","name":"Osebno - Miha Mazzini - trgovina Iskreni","isPartOf":{"@id":"https:\/\/www.iskreni.net\/trgovina\/#website"},"primaryImageOfPage":{"@id":"https:\/\/www.iskreni.net\/trgovina\/product\/osebno\/#primaryimage"},"image":{"@id":"https:\/\/www.iskreni.net\/trgovina\/product\/osebno\/#primaryimage"},"thumbnailUrl":"https:\/\/www.iskreni.net\/trgovina\/wp-content\/uploads\/2022\/09\/Slike-za-v-spletno-trgovino-28.jpg","datePublished":"2022-09-28T09:28:39+00:00","dateModified":"2025-07-09T11:31:32+00:00","description":"OSEBNO razgalja notranji svet skeptika, ki se je lotil duhovnosti, se soo\u010dil s travmati\u010dnimi spomini in izgubil strah pred bli\u017eino.","breadcrumb":{"@id":"https:\/\/www.iskreni.net\/trgovina\/product\/osebno\/#breadcrumb"},"inLanguage":"sl-SI","potentialAction":[{"@type":"ReadAction","target":["https:\/\/www.iskreni.net\/trgovina\/product\/osebno\/"]}]},{"@type":"ImageObject","inLanguage":"sl-SI","@id":"https:\/\/www.iskreni.net\/trgovina\/product\/osebno\/#primaryimage","url":"https:\/\/www.iskreni.net\/trgovina\/wp-content\/uploads\/2022\/09\/Slike-za-v-spletno-trgovino-28.jpg","contentUrl":"https:\/\/www.iskreni.net\/trgovina\/wp-content\/uploads\/2022\/09\/Slike-za-v-spletno-trgovino-28.jpg","width":600,"height":600},{"@type":"BreadcrumbList","@id":"https:\/\/www.iskreni.net\/trgovina\/product\/osebno\/#breadcrumb","itemListElement":[{"@type":"ListItem","position":1,"name":"Home","item":"https:\/\/www.iskreni.net\/trgovina\/"},{"@type":"ListItem","position":2,"name":"Trgovina","item":"https:\/\/www.iskreni.net\/trgovina\/trgovina\/"},{"@type":"ListItem","position":3,"name":"Osebno"}]},{"@type":"WebSite","@id":"https:\/\/www.iskreni.net\/trgovina\/#website","url":"https:\/\/www.iskreni.net\/trgovina\/","name":"Zavod Iskreni","description":"trgovina","potentialAction":[{"@type":"SearchAction","target":{"@type":"EntryPoint","urlTemplate":"https:\/\/www.iskreni.net\/trgovina\/?s={search_term_string}"},"query-input":{"@type":"PropertyValueSpecification","valueRequired":true,"valueName":"search_term_string"}}],"inLanguage":"sl-SI"}]}},"_links":{"self":[{"href":"https:\/\/www.iskreni.net\/trgovina\/wp-json\/wp\/v2\/product\/59111","targetHints":{"allow":["GET"]}}],"collection":[{"href":"https:\/\/www.iskreni.net\/trgovina\/wp-json\/wp\/v2\/product"}],"about":[{"href":"https:\/\/www.iskreni.net\/trgovina\/wp-json\/wp\/v2\/types\/product"}],"replies":[{"embeddable":true,"href":"https:\/\/www.iskreni.net\/trgovina\/wp-json\/wp\/v2\/comments?post=59111"}],"version-history":[{"count":8,"href":"https:\/\/www.iskreni.net\/trgovina\/wp-json\/wp\/v2\/product\/59111\/revisions"}],"predecessor-version":[{"id":88056,"href":"https:\/\/www.iskreni.net\/trgovina\/wp-json\/wp\/v2\/product\/59111\/revisions\/88056"}],"wp:featuredmedia":[{"embeddable":true,"href":"https:\/\/www.iskreni.net\/trgovina\/wp-json\/wp\/v2\/media\/59115"}],"wp:attachment":[{"href":"https:\/\/www.iskreni.net\/trgovina\/wp-json\/wp\/v2\/media?parent=59111"}],"wp:term":[{"taxonomy":"product_brand","embeddable":true,"href":"https:\/\/www.iskreni.net\/trgovina\/wp-json\/wp\/v2\/product_brand?post=59111"},{"taxonomy":"product_cat","embeddable":true,"href":"https:\/\/www.iskreni.net\/trgovina\/wp-json\/wp\/v2\/product_cat?post=59111"},{"taxonomy":"product_tag","embeddable":true,"href":"https:\/\/www.iskreni.net\/trgovina\/wp-json\/wp\/v2\/product_tag?post=59111"},{"taxonomy":"avtor","embeddable":true,"href":"https:\/\/www.iskreni.net\/trgovina\/wp-json\/wp\/v2\/avtor?post=59111"},{"taxonomy":"zalozba","embeddable":true,"href":"https:\/\/www.iskreni.net\/trgovina\/wp-json\/wp\/v2\/zalozba?post=59111"},{"taxonomy":"vezava","embeddable":true,"href":"https:\/\/www.iskreni.net\/trgovina\/wp-json\/wp\/v2\/vezava?post=59111"}],"curies":[{"name":"wp","href":"https:\/\/api.w.org\/{rel}","templated":true}]}}