{"id":57958,"date":"2022-08-04T10:27:53","date_gmt":"2022-08-04T08:27:53","guid":{"rendered":"https:\/\/www.iskreni.net\/trgovina\/?post_type=product&#038;p=57958"},"modified":"2023-10-19T13:46:08","modified_gmt":"2023-10-19T11:46:08","slug":"biti-pripravljen","status":"publish","type":"product","link":"https:\/\/www.iskreni.net\/trgovina\/product\/biti-pripravljen\/","title":{"rendered":"Biti pripravljen"},"content":{"rendered":"<h3 id=\"anchor-o-izdelku\" class=\"title\">O izdelku<\/h3>\n<p>\u017diveti svoje \u017eivljenje v polnosti, tukaj in zdaj, tak\u0161no, kakr\u0161no nam je dano<\/p>\n<p><em>Pierre-Herv\u00e9 Grosjean v knjigi ponuja deset oprimkov, deset spodbud za osvetlitev konkretne poti v veri. Gre za deset meditacij, ki bralcu nudijo svetlobo, mo\u010d, tola\u017ebo in zaupanje. Vsako premi\u0161ljevanje o dolo\u010deni oporni to\u010dki je samostojna<\/em><br \/>\n<em>enota. Lahko jih beremo drugo za drugo ali po vrstnem redu, ki si ga izberemo sami.<\/em><\/p>\n<p>S to konkretno, preprosto in utele\u0161eno duhovno knjigo Grosjean z bralci deli sadove svoje slu\u017ebe, sre\u010danj in izku\u0161enj. Posreduje jim temelje, ki so tudi njemu samemu pomagali rasti in napredovati.<br \/>\nKnjiga je namenjena vsem generacijam, tudi najmlaj\u0161im, ki \u0161ele za\u010denjajo graditi osebni odnos z Bogom, v vsej svoji plemenitosti in z vpra\u0161anji, ki so primerna njihovi starosti. Z odkritim in spodbudnim tonom \u017eeli v bralcih prebuditi navdu\u0161enje, da smo ustvarjeni za pravo veselje.<br \/>\n\u00bbTe vrstice so napisane s srcem. Nisem ne velik teolog, ne strokovnjak za mistiko, ne velik teoretik, ne u\u010denjak \u2013 nimam 36.000 navedkov! Pisal sem tako, kakor pridigam. Pri tem sem se trudil, da ne bi nikdar pozabil, da smo religija u\u010dlove\u010denja. Duhovna knjiga je lahko tudi konkretna, preprosta in utele\u0161ena. Vsakega sem \u017eelel sre\u010dati v situaciji, ki jo trenutno \u017eivi, in vsem ponuditi nekaj, s \u010dimer bi si lahko osvetlili konkretno pot v veri.\u00ab<\/p>\n<h4><a href=\"https:\/\/www.iskreni.net\/trgovina\/wp-content\/uploads\/2022\/08\/Grosjean-Pierre-Herve-2022-Biti-pripravljen-prelistaj-knjigo.pdf\">Prelistaj<\/a><\/h4>\n<p>&nbsp;<\/p>\n<p>Iz knjige:<\/p>\n<p>\u00bbBiti pripravljen\u00ab ne pomeni \u00bb\u017eeleti umreti\u00ab. Narejeni smo za \u017eivljenje in Romain, kakor vsi tovari\u0161i, ki so padli skupaj z njim, bi lahko \u0161e veliko dali, zgradili, dosegli. Smrti ne izbiramo. Le sprejmemo zamisel, da se to lahko zgodi, kar da smisel vsemu na\u0161emu \u017eivljenju.<br \/>\n(Stran 13)<\/p>\n","protected":false},"excerpt":{"rendered":"<p><strong>Leto izdaje:<\/strong> 2022<br \/>\n<strong>\u0160tevilo strani:<\/strong> 188<br \/>\n<strong>Format:<\/strong> 135 x 210 mm<\/p>\n<h4>Biti pripravljen nam ponuja duhovne oprimke, kako \u017eiveti svoje \u017eivljenje v polnosti, tukaj in zdaj, tak\u0161no, kakr\u0161no nam je dano.<\/h4>\n<h5><a href=\"https:\/\/www.iskreni.net\/trgovina\/wp-content\/uploads\/2022\/08\/Grosjean-Pierre-Herve-2022-Biti-pripravljen-prelistaj-knjigo.pdf\">Prelistaj<\/a><\/h5>\n","protected":false},"featured_media":57948,"comment_status":"open","ping_status":"closed","template":"","meta":[],"product_brand":[],"product_cat":[2324,63],"product_tag":[],"avtor":[2471],"zalozba":[2337],"vezava":[2307],"class_list":{"0":"post-57958","1":"product","2":"type-product","3":"status-publish","4":"has-post-thumbnail","6":"product_cat-duhovnost-in-osebna-rast","7":"product_cat-knjige","8":"avtor-pierre-herve-grosjean","9":"zalozba-celjska-mohorjeva-druzba","10":"vezava-mehka","12":"first","13":"instock","14":"taxable","15":"shipping-taxable","16":"purchasable","17":"product-type-simple"},"yoast_head":"<!-- This site is optimized with the Yoast SEO plugin v26.3 - https:\/\/yoast.com\/wordpress\/plugins\/seo\/ -->\n<title>Biti pripravljen - trgovina Iskreni<\/title>\n<meta name=\"description\" content=\"Biti pripravljen nam ponuja duhovne oprimke, kako \u017eiveti svoje \u017eivljenje v polnosti, tukaj in zdaj, tak\u0161no, kakr\u0161no nam je dano.\" \/>\n<meta name=\"robots\" content=\"index, follow, max-snippet:-1, max-image-preview:large, max-video-preview:-1\" \/>\n<link rel=\"canonical\" href=\"https:\/\/www.iskreni.net\/trgovina\/product\/biti-pripravljen\/\" \/>\n<meta property=\"og:locale\" content=\"sl_SI\" \/>\n<meta property=\"og:type\" content=\"article\" \/>\n<meta property=\"og:title\" content=\"Biti pripravljen\" \/>\n<meta property=\"og:description\" content=\"Biti pripravljen nam ponuja duhovne oprimke, kako \u017eiveti svoje \u017eivljenje v polnosti, tukaj in zdaj, tak\u0161no, kakr\u0161no nam je dano.\" \/>\n<meta property=\"og:url\" content=\"https:\/\/www.iskreni.net\/trgovina\/product\/biti-pripravljen\/\" \/>\n<meta property=\"og:site_name\" content=\"Zavod Iskreni\" \/>\n<meta property=\"article:modified_time\" content=\"2023-10-19T11:46:08+00:00\" \/>\n<meta property=\"og:image\" content=\"https:\/\/www.iskreni.net\/trgovina\/wp-content\/uploads\/2022\/08\/1.jpg\" \/>\n\t<meta property=\"og:image:width\" content=\"1200\" \/>\n\t<meta property=\"og:image:height\" content=\"674\" \/>\n\t<meta property=\"og:image:type\" content=\"image\/jpeg\" \/>\n<meta name=\"twitter:card\" content=\"summary_large_image\" \/>\n<meta name=\"twitter:label1\" content=\"Est. reading time\" \/>\n\t<meta name=\"twitter:data1\" content=\"2 minuti\" \/>\n<script type=\"application\/ld+json\" class=\"yoast-schema-graph\">{\"@context\":\"https:\/\/schema.org\",\"@graph\":[{\"@type\":\"WebPage\",\"@id\":\"https:\/\/www.iskreni.net\/trgovina\/product\/biti-pripravljen\/\",\"url\":\"https:\/\/www.iskreni.net\/trgovina\/product\/biti-pripravljen\/\",\"name\":\"Biti pripravljen - trgovina Iskreni\",\"isPartOf\":{\"@id\":\"https:\/\/www.iskreni.net\/trgovina\/#website\"},\"primaryImageOfPage\":{\"@id\":\"https:\/\/www.iskreni.net\/trgovina\/product\/biti-pripravljen\/#primaryimage\"},\"image\":{\"@id\":\"https:\/\/www.iskreni.net\/trgovina\/product\/biti-pripravljen\/#primaryimage\"},\"thumbnailUrl\":\"https:\/\/www.iskreni.net\/trgovina\/wp-content\/uploads\/2022\/08\/1-1.jpg\",\"datePublished\":\"2022-08-04T08:27:53+00:00\",\"dateModified\":\"2023-10-19T11:46:08+00:00\",\"description\":\"Biti pripravljen nam ponuja duhovne oprimke, kako \u017eiveti svoje \u017eivljenje v polnosti, tukaj in zdaj, tak\u0161no, kakr\u0161no nam je dano.\",\"breadcrumb\":{\"@id\":\"https:\/\/www.iskreni.net\/trgovina\/product\/biti-pripravljen\/#breadcrumb\"},\"inLanguage\":\"sl-SI\",\"potentialAction\":[{\"@type\":\"ReadAction\",\"target\":[\"https:\/\/www.iskreni.net\/trgovina\/product\/biti-pripravljen\/\"]}]},{\"@type\":\"ImageObject\",\"inLanguage\":\"sl-SI\",\"@id\":\"https:\/\/www.iskreni.net\/trgovina\/product\/biti-pripravljen\/#primaryimage\",\"url\":\"https:\/\/www.iskreni.net\/trgovina\/wp-content\/uploads\/2022\/08\/1-1.jpg\",\"contentUrl\":\"https:\/\/www.iskreni.net\/trgovina\/wp-content\/uploads\/2022\/08\/1-1.jpg\",\"width\":600,\"height\":600},{\"@type\":\"BreadcrumbList\",\"@id\":\"https:\/\/www.iskreni.net\/trgovina\/product\/biti-pripravljen\/#breadcrumb\",\"itemListElement\":[{\"@type\":\"ListItem\",\"position\":1,\"name\":\"Home\",\"item\":\"https:\/\/www.iskreni.net\/trgovina\/\"},{\"@type\":\"ListItem\",\"position\":2,\"name\":\"Trgovina\",\"item\":\"https:\/\/www.iskreni.net\/trgovina\/trgovina\/\"},{\"@type\":\"ListItem\",\"position\":3,\"name\":\"Biti pripravljen\"}]},{\"@type\":\"WebSite\",\"@id\":\"https:\/\/www.iskreni.net\/trgovina\/#website\",\"url\":\"https:\/\/www.iskreni.net\/trgovina\/\",\"name\":\"Zavod Iskreni\",\"description\":\"trgovina\",\"potentialAction\":[{\"@type\":\"SearchAction\",\"target\":{\"@type\":\"EntryPoint\",\"urlTemplate\":\"https:\/\/www.iskreni.net\/trgovina\/?s={search_term_string}\"},\"query-input\":{\"@type\":\"PropertyValueSpecification\",\"valueRequired\":true,\"valueName\":\"search_term_string\"}}],\"inLanguage\":\"sl-SI\"}]}<\/script>\n<!-- \/ Yoast SEO plugin. -->","yoast_head_json":{"title":"Biti pripravljen - trgovina Iskreni","description":"Biti pripravljen nam ponuja duhovne oprimke, kako \u017eiveti svoje \u017eivljenje v polnosti, tukaj in zdaj, tak\u0161no, kakr\u0161no nam je dano.","robots":{"index":"index","follow":"follow","max-snippet":"max-snippet:-1","max-image-preview":"max-image-preview:large","max-video-preview":"max-video-preview:-1"},"canonical":"https:\/\/www.iskreni.net\/trgovina\/product\/biti-pripravljen\/","og_locale":"sl_SI","og_type":"article","og_title":"Biti pripravljen","og_description":"Biti pripravljen nam ponuja duhovne oprimke, kako \u017eiveti svoje \u017eivljenje v polnosti, tukaj in zdaj, tak\u0161no, kakr\u0161no nam je dano.","og_url":"https:\/\/www.iskreni.net\/trgovina\/product\/biti-pripravljen\/","og_site_name":"Zavod Iskreni","article_modified_time":"2023-10-19T11:46:08+00:00","og_image":[{"width":1200,"height":674,"url":"https:\/\/www.iskreni.net\/trgovina\/wp-content\/uploads\/2022\/08\/1.jpg","type":"image\/jpeg"}],"twitter_card":"summary_large_image","twitter_misc":{"Est. reading time":"2 minuti"},"schema":{"@context":"https:\/\/schema.org","@graph":[{"@type":"WebPage","@id":"https:\/\/www.iskreni.net\/trgovina\/product\/biti-pripravljen\/","url":"https:\/\/www.iskreni.net\/trgovina\/product\/biti-pripravljen\/","name":"Biti pripravljen - trgovina Iskreni","isPartOf":{"@id":"https:\/\/www.iskreni.net\/trgovina\/#website"},"primaryImageOfPage":{"@id":"https:\/\/www.iskreni.net\/trgovina\/product\/biti-pripravljen\/#primaryimage"},"image":{"@id":"https:\/\/www.iskreni.net\/trgovina\/product\/biti-pripravljen\/#primaryimage"},"thumbnailUrl":"https:\/\/www.iskreni.net\/trgovina\/wp-content\/uploads\/2022\/08\/1-1.jpg","datePublished":"2022-08-04T08:27:53+00:00","dateModified":"2023-10-19T11:46:08+00:00","description":"Biti pripravljen nam ponuja duhovne oprimke, kako \u017eiveti svoje \u017eivljenje v polnosti, tukaj in zdaj, tak\u0161no, kakr\u0161no nam je dano.","breadcrumb":{"@id":"https:\/\/www.iskreni.net\/trgovina\/product\/biti-pripravljen\/#breadcrumb"},"inLanguage":"sl-SI","potentialAction":[{"@type":"ReadAction","target":["https:\/\/www.iskreni.net\/trgovina\/product\/biti-pripravljen\/"]}]},{"@type":"ImageObject","inLanguage":"sl-SI","@id":"https:\/\/www.iskreni.net\/trgovina\/product\/biti-pripravljen\/#primaryimage","url":"https:\/\/www.iskreni.net\/trgovina\/wp-content\/uploads\/2022\/08\/1-1.jpg","contentUrl":"https:\/\/www.iskreni.net\/trgovina\/wp-content\/uploads\/2022\/08\/1-1.jpg","width":600,"height":600},{"@type":"BreadcrumbList","@id":"https:\/\/www.iskreni.net\/trgovina\/product\/biti-pripravljen\/#breadcrumb","itemListElement":[{"@type":"ListItem","position":1,"name":"Home","item":"https:\/\/www.iskreni.net\/trgovina\/"},{"@type":"ListItem","position":2,"name":"Trgovina","item":"https:\/\/www.iskreni.net\/trgovina\/trgovina\/"},{"@type":"ListItem","position":3,"name":"Biti pripravljen"}]},{"@type":"WebSite","@id":"https:\/\/www.iskreni.net\/trgovina\/#website","url":"https:\/\/www.iskreni.net\/trgovina\/","name":"Zavod Iskreni","description":"trgovina","potentialAction":[{"@type":"SearchAction","target":{"@type":"EntryPoint","urlTemplate":"https:\/\/www.iskreni.net\/trgovina\/?s={search_term_string}"},"query-input":{"@type":"PropertyValueSpecification","valueRequired":true,"valueName":"search_term_string"}}],"inLanguage":"sl-SI"}]}},"_links":{"self":[{"href":"https:\/\/www.iskreni.net\/trgovina\/wp-json\/wp\/v2\/product\/57958","targetHints":{"allow":["GET"]}}],"collection":[{"href":"https:\/\/www.iskreni.net\/trgovina\/wp-json\/wp\/v2\/product"}],"about":[{"href":"https:\/\/www.iskreni.net\/trgovina\/wp-json\/wp\/v2\/types\/product"}],"replies":[{"embeddable":true,"href":"https:\/\/www.iskreni.net\/trgovina\/wp-json\/wp\/v2\/comments?post=57958"}],"version-history":[{"count":6,"href":"https:\/\/www.iskreni.net\/trgovina\/wp-json\/wp\/v2\/product\/57958\/revisions"}],"predecessor-version":[{"id":70093,"href":"https:\/\/www.iskreni.net\/trgovina\/wp-json\/wp\/v2\/product\/57958\/revisions\/70093"}],"wp:featuredmedia":[{"embeddable":true,"href":"https:\/\/www.iskreni.net\/trgovina\/wp-json\/wp\/v2\/media\/57948"}],"wp:attachment":[{"href":"https:\/\/www.iskreni.net\/trgovina\/wp-json\/wp\/v2\/media?parent=57958"}],"wp:term":[{"taxonomy":"product_brand","embeddable":true,"href":"https:\/\/www.iskreni.net\/trgovina\/wp-json\/wp\/v2\/product_brand?post=57958"},{"taxonomy":"product_cat","embeddable":true,"href":"https:\/\/www.iskreni.net\/trgovina\/wp-json\/wp\/v2\/product_cat?post=57958"},{"taxonomy":"product_tag","embeddable":true,"href":"https:\/\/www.iskreni.net\/trgovina\/wp-json\/wp\/v2\/product_tag?post=57958"},{"taxonomy":"avtor","embeddable":true,"href":"https:\/\/www.iskreni.net\/trgovina\/wp-json\/wp\/v2\/avtor?post=57958"},{"taxonomy":"zalozba","embeddable":true,"href":"https:\/\/www.iskreni.net\/trgovina\/wp-json\/wp\/v2\/zalozba?post=57958"},{"taxonomy":"vezava","embeddable":true,"href":"https:\/\/www.iskreni.net\/trgovina\/wp-json\/wp\/v2\/vezava?post=57958"}],"curies":[{"name":"wp","href":"https:\/\/api.w.org\/{rel}","templated":true}]}}