{"id":57180,"date":"2022-06-30T10:33:07","date_gmt":"2022-06-30T08:33:07","guid":{"rendered":"https:\/\/www.iskreni.net\/trgovina\/?post_type=product&#038;p=57180"},"modified":"2023-10-20T11:59:54","modified_gmt":"2023-10-20T09:59:54","slug":"hci-rima","status":"publish","type":"product","link":"https:\/\/www.iskreni.net\/trgovina\/product\/hci-rima\/","title":{"rendered":"H\u010di Rima"},"content":{"rendered":"<h4>O knjigi:<\/h4>\n<p>Ko h\u010der uglednega rimskega generala sre\u010da razdedinjenega judovskega priseljenca, \u0161e nih\u010de ne more slutiti, da bosta po Bo\u017ejem na\u010drtu postala najvplivnej\u0161i par zgodnje Cerkve. Njuni ljubezni grozijo sence umora in izdaje, njuno \u017eivljenje se vse bolj zapleta, a ob Priskili in Akvilu vztrajno raste skupnost kristjanov. Toda ko ju muhasti cesar iz\u017eene iz Rima, zato\u010di\u0161\u010de poi\u0161\u010deta v Korintu, kjer se sre\u010data tudi z u\u010diteljem Pavlom. Jima bo uspelo iz nadvse zapletenega \u017eivljenjskega polo\u017eaja najti pot k odre\u0161enju?<\/p>\n<p>Roman o svetih zakoncih Priskili in Akvilu, ki sta re\u0161ila \u017eivljenje apostolu Pavlu, v treh razli\u010dnih mestih ustanovila hi\u0161ne cerkve in postala vplivna duhovna voditelja v nekaterih najbolj stra\u0161nih letih cerkvene zgodovine.<\/p>\n<p>Nih\u010de ne zna tako vdihniti \u017eivljenja Svetemu pismu kot Tessa Afshar.<\/p>\n<h4>O avtorici:<\/h4>\n<p><strong>Tessa Afshar<\/strong>\u00a0se je rodila v Iranu v muslimanski dru\u017eini. Ko so se njeni star\u0161i lo\u010dili, se je pri \u0161tirinajstih letih preselila v Anglijo. \u0160tudij je nadaljevala v ZDA, ki so kasneje postale tudi njen dom. Pri dvajsetih se je spreobrnila v kr\u0161\u010danstvo in \u0161tudirala teologijo. Svoje znanje zdaj uporablja kot voditeljica bibli\u010dnih skupin za \u017eenske. V sloven\u0161\u010dini so \u017ee iz\u0161li njeni romani Dragulj v pesku, Na polju milosti, Zaklad rubinov, Pravi zaklad, Kraj ti\u0161ine in Kruh mo\u010dnih.<\/p>\n<h4><a href=\"https:\/\/www.iskreni.net\/trgovina\/wp-content\/uploads\/2022\/06\/hci-rima.pdf\">Prelistaj knjigo<\/a><\/h4>\n","protected":false},"excerpt":{"rendered":"<p><strong>Prevod:<\/strong> Irena Modrijan<br \/>\n<strong>\u0160tevilo strani:<\/strong> 328<br \/>\n<b>Leto izdaje: <\/b>2021<br \/>\n<strong>Mere:<\/strong> 140 x 210 mm<\/p>\n<h4>Zgodba o najvplivnej\u0161em paru v \u010dasu prve Cerkve.<\/h4>\n<h4><a href=\"https:\/\/www.iskreni.net\/trgovina\/wp-content\/uploads\/2022\/06\/hci-rima.pdf\">Prelistaj knjigo<\/a><\/h4>\n","protected":false},"featured_media":57184,"comment_status":"open","ping_status":"closed","template":"","meta":[],"product_brand":[],"product_cat":[2325,63],"product_tag":[],"avtor":[2333],"zalozba":[2311],"vezava":[2307],"class_list":{"0":"post-57180","1":"product","2":"type-product","3":"status-publish","4":"has-post-thumbnail","6":"product_cat-leposlovje","7":"product_cat-knjige","8":"avtor-tessa-afshar","9":"zalozba-druzina","10":"vezava-mehka","12":"first","13":"instock","14":"taxable","15":"shipping-taxable","16":"purchasable","17":"product-type-simple"},"yoast_head":"<!-- This site is optimized with the Yoast SEO plugin v26.3 - https:\/\/yoast.com\/wordpress\/plugins\/seo\/ -->\n<title>H\u010di Rima - trgovina Iskreni<\/title>\n<meta name=\"description\" content=\"H\u010di Rima pripoveduje zgodbo Priskile in Akvila, ki po Bo\u017ejem na\u010drtu postaneta najvplivnej\u0161i par zgodnje Cerkve.\" \/>\n<meta name=\"robots\" content=\"index, follow, max-snippet:-1, max-image-preview:large, max-video-preview:-1\" \/>\n<link rel=\"canonical\" href=\"https:\/\/www.iskreni.net\/trgovina\/product\/hci-rima\/\" \/>\n<meta property=\"og:locale\" content=\"sl_SI\" \/>\n<meta property=\"og:type\" content=\"article\" \/>\n<meta property=\"og:title\" content=\"H\u010di Rima\" \/>\n<meta property=\"og:description\" content=\"H\u010di Rima pripoveduje zgodbo Priskile in Akvila, ki po Bo\u017ejem na\u010drtu postaneta najvplivnej\u0161i par zgodnje Cerkve.\" \/>\n<meta property=\"og:url\" content=\"https:\/\/www.iskreni.net\/trgovina\/product\/hci-rima\/\" \/>\n<meta property=\"og:site_name\" content=\"Zavod Iskreni\" \/>\n<meta property=\"article:modified_time\" content=\"2023-10-20T09:59:54+00:00\" \/>\n<meta property=\"og:image\" content=\"https:\/\/www.iskreni.net\/trgovina\/wp-content\/uploads\/2022\/06\/3-2.jpg\" \/>\n\t<meta property=\"og:image:width\" content=\"1200\" \/>\n\t<meta property=\"og:image:height\" content=\"674\" \/>\n\t<meta property=\"og:image:type\" content=\"image\/jpeg\" \/>\n<meta name=\"twitter:card\" content=\"summary_large_image\" \/>\n<meta name=\"twitter:label1\" content=\"Est. reading time\" \/>\n\t<meta name=\"twitter:data1\" content=\"2 minuti\" \/>\n<script type=\"application\/ld+json\" class=\"yoast-schema-graph\">{\"@context\":\"https:\/\/schema.org\",\"@graph\":[{\"@type\":\"WebPage\",\"@id\":\"https:\/\/www.iskreni.net\/trgovina\/product\/hci-rima\/\",\"url\":\"https:\/\/www.iskreni.net\/trgovina\/product\/hci-rima\/\",\"name\":\"H\u010di Rima - trgovina Iskreni\",\"isPartOf\":{\"@id\":\"https:\/\/www.iskreni.net\/trgovina\/#website\"},\"primaryImageOfPage\":{\"@id\":\"https:\/\/www.iskreni.net\/trgovina\/product\/hci-rima\/#primaryimage\"},\"image\":{\"@id\":\"https:\/\/www.iskreni.net\/trgovina\/product\/hci-rima\/#primaryimage\"},\"thumbnailUrl\":\"https:\/\/www.iskreni.net\/trgovina\/wp-content\/uploads\/2022\/06\/2-4.jpg\",\"datePublished\":\"2022-06-30T08:33:07+00:00\",\"dateModified\":\"2023-10-20T09:59:54+00:00\",\"description\":\"H\u010di Rima pripoveduje zgodbo Priskile in Akvila, ki po Bo\u017ejem na\u010drtu postaneta najvplivnej\u0161i par zgodnje Cerkve.\",\"breadcrumb\":{\"@id\":\"https:\/\/www.iskreni.net\/trgovina\/product\/hci-rima\/#breadcrumb\"},\"inLanguage\":\"sl-SI\",\"potentialAction\":[{\"@type\":\"ReadAction\",\"target\":[\"https:\/\/www.iskreni.net\/trgovina\/product\/hci-rima\/\"]}]},{\"@type\":\"ImageObject\",\"inLanguage\":\"sl-SI\",\"@id\":\"https:\/\/www.iskreni.net\/trgovina\/product\/hci-rima\/#primaryimage\",\"url\":\"https:\/\/www.iskreni.net\/trgovina\/wp-content\/uploads\/2022\/06\/2-4.jpg\",\"contentUrl\":\"https:\/\/www.iskreni.net\/trgovina\/wp-content\/uploads\/2022\/06\/2-4.jpg\",\"width\":600,\"height\":600},{\"@type\":\"BreadcrumbList\",\"@id\":\"https:\/\/www.iskreni.net\/trgovina\/product\/hci-rima\/#breadcrumb\",\"itemListElement\":[{\"@type\":\"ListItem\",\"position\":1,\"name\":\"Home\",\"item\":\"https:\/\/www.iskreni.net\/trgovina\/\"},{\"@type\":\"ListItem\",\"position\":2,\"name\":\"Trgovina\",\"item\":\"https:\/\/www.iskreni.net\/trgovina\/trgovina\/\"},{\"@type\":\"ListItem\",\"position\":3,\"name\":\"H\u010di Rima\"}]},{\"@type\":\"WebSite\",\"@id\":\"https:\/\/www.iskreni.net\/trgovina\/#website\",\"url\":\"https:\/\/www.iskreni.net\/trgovina\/\",\"name\":\"Zavod Iskreni\",\"description\":\"trgovina\",\"potentialAction\":[{\"@type\":\"SearchAction\",\"target\":{\"@type\":\"EntryPoint\",\"urlTemplate\":\"https:\/\/www.iskreni.net\/trgovina\/?s={search_term_string}\"},\"query-input\":{\"@type\":\"PropertyValueSpecification\",\"valueRequired\":true,\"valueName\":\"search_term_string\"}}],\"inLanguage\":\"sl-SI\"}]}<\/script>\n<!-- \/ Yoast SEO plugin. -->","yoast_head_json":{"title":"H\u010di Rima - trgovina Iskreni","description":"H\u010di Rima pripoveduje zgodbo Priskile in Akvila, ki po Bo\u017ejem na\u010drtu postaneta najvplivnej\u0161i par zgodnje Cerkve.","robots":{"index":"index","follow":"follow","max-snippet":"max-snippet:-1","max-image-preview":"max-image-preview:large","max-video-preview":"max-video-preview:-1"},"canonical":"https:\/\/www.iskreni.net\/trgovina\/product\/hci-rima\/","og_locale":"sl_SI","og_type":"article","og_title":"H\u010di Rima","og_description":"H\u010di Rima pripoveduje zgodbo Priskile in Akvila, ki po Bo\u017ejem na\u010drtu postaneta najvplivnej\u0161i par zgodnje Cerkve.","og_url":"https:\/\/www.iskreni.net\/trgovina\/product\/hci-rima\/","og_site_name":"Zavod Iskreni","article_modified_time":"2023-10-20T09:59:54+00:00","og_image":[{"width":1200,"height":674,"url":"https:\/\/www.iskreni.net\/trgovina\/wp-content\/uploads\/2022\/06\/3-2.jpg","type":"image\/jpeg"}],"twitter_card":"summary_large_image","twitter_misc":{"Est. reading time":"2 minuti"},"schema":{"@context":"https:\/\/schema.org","@graph":[{"@type":"WebPage","@id":"https:\/\/www.iskreni.net\/trgovina\/product\/hci-rima\/","url":"https:\/\/www.iskreni.net\/trgovina\/product\/hci-rima\/","name":"H\u010di Rima - trgovina Iskreni","isPartOf":{"@id":"https:\/\/www.iskreni.net\/trgovina\/#website"},"primaryImageOfPage":{"@id":"https:\/\/www.iskreni.net\/trgovina\/product\/hci-rima\/#primaryimage"},"image":{"@id":"https:\/\/www.iskreni.net\/trgovina\/product\/hci-rima\/#primaryimage"},"thumbnailUrl":"https:\/\/www.iskreni.net\/trgovina\/wp-content\/uploads\/2022\/06\/2-4.jpg","datePublished":"2022-06-30T08:33:07+00:00","dateModified":"2023-10-20T09:59:54+00:00","description":"H\u010di Rima pripoveduje zgodbo Priskile in Akvila, ki po Bo\u017ejem na\u010drtu postaneta najvplivnej\u0161i par zgodnje Cerkve.","breadcrumb":{"@id":"https:\/\/www.iskreni.net\/trgovina\/product\/hci-rima\/#breadcrumb"},"inLanguage":"sl-SI","potentialAction":[{"@type":"ReadAction","target":["https:\/\/www.iskreni.net\/trgovina\/product\/hci-rima\/"]}]},{"@type":"ImageObject","inLanguage":"sl-SI","@id":"https:\/\/www.iskreni.net\/trgovina\/product\/hci-rima\/#primaryimage","url":"https:\/\/www.iskreni.net\/trgovina\/wp-content\/uploads\/2022\/06\/2-4.jpg","contentUrl":"https:\/\/www.iskreni.net\/trgovina\/wp-content\/uploads\/2022\/06\/2-4.jpg","width":600,"height":600},{"@type":"BreadcrumbList","@id":"https:\/\/www.iskreni.net\/trgovina\/product\/hci-rima\/#breadcrumb","itemListElement":[{"@type":"ListItem","position":1,"name":"Home","item":"https:\/\/www.iskreni.net\/trgovina\/"},{"@type":"ListItem","position":2,"name":"Trgovina","item":"https:\/\/www.iskreni.net\/trgovina\/trgovina\/"},{"@type":"ListItem","position":3,"name":"H\u010di Rima"}]},{"@type":"WebSite","@id":"https:\/\/www.iskreni.net\/trgovina\/#website","url":"https:\/\/www.iskreni.net\/trgovina\/","name":"Zavod Iskreni","description":"trgovina","potentialAction":[{"@type":"SearchAction","target":{"@type":"EntryPoint","urlTemplate":"https:\/\/www.iskreni.net\/trgovina\/?s={search_term_string}"},"query-input":{"@type":"PropertyValueSpecification","valueRequired":true,"valueName":"search_term_string"}}],"inLanguage":"sl-SI"}]}},"_links":{"self":[{"href":"https:\/\/www.iskreni.net\/trgovina\/wp-json\/wp\/v2\/product\/57180","targetHints":{"allow":["GET"]}}],"collection":[{"href":"https:\/\/www.iskreni.net\/trgovina\/wp-json\/wp\/v2\/product"}],"about":[{"href":"https:\/\/www.iskreni.net\/trgovina\/wp-json\/wp\/v2\/types\/product"}],"replies":[{"embeddable":true,"href":"https:\/\/www.iskreni.net\/trgovina\/wp-json\/wp\/v2\/comments?post=57180"}],"version-history":[{"count":4,"href":"https:\/\/www.iskreni.net\/trgovina\/wp-json\/wp\/v2\/product\/57180\/revisions"}],"predecessor-version":[{"id":70257,"href":"https:\/\/www.iskreni.net\/trgovina\/wp-json\/wp\/v2\/product\/57180\/revisions\/70257"}],"wp:featuredmedia":[{"embeddable":true,"href":"https:\/\/www.iskreni.net\/trgovina\/wp-json\/wp\/v2\/media\/57184"}],"wp:attachment":[{"href":"https:\/\/www.iskreni.net\/trgovina\/wp-json\/wp\/v2\/media?parent=57180"}],"wp:term":[{"taxonomy":"product_brand","embeddable":true,"href":"https:\/\/www.iskreni.net\/trgovina\/wp-json\/wp\/v2\/product_brand?post=57180"},{"taxonomy":"product_cat","embeddable":true,"href":"https:\/\/www.iskreni.net\/trgovina\/wp-json\/wp\/v2\/product_cat?post=57180"},{"taxonomy":"product_tag","embeddable":true,"href":"https:\/\/www.iskreni.net\/trgovina\/wp-json\/wp\/v2\/product_tag?post=57180"},{"taxonomy":"avtor","embeddable":true,"href":"https:\/\/www.iskreni.net\/trgovina\/wp-json\/wp\/v2\/avtor?post=57180"},{"taxonomy":"zalozba","embeddable":true,"href":"https:\/\/www.iskreni.net\/trgovina\/wp-json\/wp\/v2\/zalozba?post=57180"},{"taxonomy":"vezava","embeddable":true,"href":"https:\/\/www.iskreni.net\/trgovina\/wp-json\/wp\/v2\/vezava?post=57180"}],"curies":[{"name":"wp","href":"https:\/\/api.w.org\/{rel}","templated":true}]}}