{"id":56876,"date":"2022-06-27T10:18:31","date_gmt":"2022-06-27T08:18:31","guid":{"rendered":"https:\/\/www.iskreni.net\/trgovina\/?post_type=product&#038;p=56876"},"modified":"2023-10-19T11:03:23","modified_gmt":"2023-10-19T09:03:23","slug":"sesti-pecat","status":"publish","type":"product","link":"https:\/\/www.iskreni.net\/trgovina\/product\/sesti-pecat\/","title":{"rendered":"\u0160esti pe\u010dat"},"content":{"rendered":"<h3 id=\"anchor-o-izdelku\" class=\"title\">O izdelku<\/h3>\n<p>\u0160esti pe\u010dat &#8211; Zgodovinski roman o mu\u010deni\u0161tvu Viktorina Ptujskega<\/p>\n<p><em>\u0160esti pe\u010dat je zgodovinski roman o preganjanju kristjanov na anti\u010dnem Ptuju v \u010dasu Dioklecijanovega poskusa izbrisa kr\u0161\u010danstva v rimskem imperiju. Subtilno se nave\u017ee na tematsko nit iz Cestnikovega prvega romana Sonce Petovione. Dogajanje med leti 284 in 304 spremljamo skozi o\u010di osmih izpostavljenih likov, tudi preganjalcev, kot je bil Dioklecijan. Njihove usode povezuje Viktorin Ptujski, ki velja za prvega latinskega razlagalca Svetega pisma in celo prvega pisatelja z dana\u0161njega slovenskega ozemlja.<br \/>\n<\/em><br \/>\nZgodovinski viri nakazujejo, da je kr\u0161\u010danstvo na anti\u010dni Ptuj in s tem v \u0161ir\u0161i del Panonije pri\u0161lo pred letom 200. Branko Cestnik je Ptuj izpred 1800 let natan\u010dno in pretanjeno rekonstruiral \u017ee v svojem romanesknem prvencu\u00a0<em>Sonce Petovione.<\/em>\u00a0Stoletje pozneje na dedi\u0161\u010dini likov iz tega romana svojo zgodbo gradi nova generacija, ki se mora v\u00a0<em>\u0160estem pe\u010datu<\/em>\u00a0soo\u010diti z enim od najbolj krutih obdobij kr\u0161\u010danske zgodovine.<br \/>\nV \u010dasu cesarja Dioklecijana na tem obmo\u010dju deluje utrjena in mo\u010dna kr\u0161\u010danska skupnost, ki jo vodi \u0161kof, pisatelj in nazadnje mu\u010denec Viktorin Ptujski. \u017de v anti\u010dni Petovioni se Cerkev soo\u010da z danes raz\u0161irjenim pojmom tako imenovanih oddaljenih kristjanov. Znajde se na prepihu med nevarnostjo barbarskih vpadov na eni strani in pritiski rimske oblasti na drugi. Eksuperat Sibiden je spo\u0161tovan in ugleden me\u0161\u010dan ter varuh knji\u017enice, ki velja za najve\u010djo dragocenost kr\u0161\u010danske skupnosti. Vloga \u017eensk je v romanu vse prej kot obstranska. Sibidenove h\u010dere Karita, Lucida in Serena \u2013 naj bodo v vlogi matere, \u017eene, prepisovalke knjig, varuhinje knji\u017enice ali posve\u010dene device \u2013 so osrednje nosilke razuma, svetlobe, svetosti in upanja. V \u010dasu cesarja Dioklecijana je duhovna izpraznjenost rimskega panteona vse o\u010ditnej\u0161a. Za gluhoto oltarnega prostora pa oblast okrivi kristjane. Pritisk nanje se stopnjuje od edikta do edikta. Re\u0161itev za posameznika je lahko tudi komaj zaznaven nagib glave, ob katerem popisovalec (z naslovnice knjige) na svoj triptih naredi jasen zaznamek. Minoren poklon poganskim bogovom pa je obenem pot med odpadnike Cerkve, kjer se \u00bbre\u0161itev\u00ab spremeni v ve\u010dno pogubljenje. Ta pretresljiv notranji boj in viharni \u010das med drugim do\u017eivimo tudi skozi zgodbo upokojenega rimskega voj\u0161\u010daka Jantumarja, depresivna du\u0161evna stanja cesarja Dioklecijana ter tragi\u010dno osebno zgodbo osrednjega preganjalskega lika Klavdija Zalmoksina.<\/p>\n<p>Avtor svojo domi\u0161ljijsko pripoved mojstrsko nasloni na arheolo\u0161ke in zgodovinske vire, tako da so povsem izmi\u0161ljene le redke praznine na platnu zgodovinskega dogajanja na\u0161ega \u0161ir\u0161ega anti\u010dnega prostora.<\/p>\n<h4><a href=\"https:\/\/www.iskreni.net\/trgovina\/wp-content\/uploads\/2022\/06\/Cestnik-Branko-2022-Sesti-pecat-prelistaj-knjigo.pdf\">Prelistaj<\/a><\/h4>\n<p>&nbsp;<\/p>\n<p>Iz knjige:<\/p>\n<p>Mori\u0161\u010de.<br \/>\nPred zalomljenim delom na sredini mostu zagleda mo\u010dnega mo\u0161kega, obritega kratkolasca, odetega po gladiatorsko, polnega usnjenih zaplat, veznih trakov ter kovinskih zaponk. Konfektor je, seka\u010d glav. Viktorin ga ne pozna. Razumljivo. Za konfektorja obi\u010dajno izberejo koga od novih gladiatorjev, takih, ki so malo \u010dasa v mestu.<br \/>\nVztrepeta: pri\u0161lek bo storil to \u2026<br \/>\nGospod, v tvoje roke izro\u010dam svojo du\u0161o. Na tej to\u010dki se nekaj poganov ne more upreti sku\u0161njavi, da v smrt vodenemu \u0161kofu ne bi izkazali surovosti in privo\u0161\u010dljivosti. \u017dalijo ga z nedostojnimi besedami, celo klofutati in brcati ga posku\u0161ajo. Stra\u017enika ob njem to dopu\u0161\u010data. A glej, prav on, njegov krvnik, zajeten in v usnje odet mo\u017e s kova\u0161ko roko, mu stopi naproti in od\u017eene surove\u017ee. Manjka nekaj korakov. Na levo ograja, pod mostom globina, hladna reka, na desno ob ograji ljudje. \u0160e so taki, ki ga psujejo, a ve\u010dina zbranih je spo\u0161tljivo tiho. Preveri, \u010de je med njimi kdo od njegovih. Rad bi sre\u010dal zadnji bratski pogled. \u010ce ne so\u010dloveka, ki mu je bil pastir, bi rad videl vsaj del\u010dek obre\u010dnega vrta, lipov gaj, breze na obali, prvo njivo, daljni hrib \u2026<br \/>\nEnkrat bi \u0161e rad videl.<br \/>\nPrepozno. Nenadoma ga zagrne tema. Usmrtitelji mu zave\u017eejo o\u010di. Tesno. Hrapavo je blago, za lu\u010d nepredirno. Odvzame mu brate, odvzame drevo, polje in gri\u010d, vsili mu razgled v no\u010d.<br \/>\n(Stran 357)<\/p>\n<p>Lucida ne bi bila vredna imena Lucida, \u010de tudi sredi mo\u017eganskega donenja in zme\u0161njave ne bi doumevala, kaj je Satanov cilj. Satanov cilj ni, da kot kristjan trpi\u0161 in umira\u0161 pod rimskim me\u010dem, temve\u010d, da neha\u0161 verovati. \u010ce ne takoj, v eni uni\u010dujo\u010di poplavi, naj postana voda nevere vstopi vate po kapljicah. Kot je bilo re\u010deno: dotik \u2013 korak v svobodo, dotik \u2013 korak v svobodo. Vmes prav drobcen upravni zaznamek na prav majhni tablici, vmes prav drobceno in obi\u010dajno opravilo obi\u010dajnega popisovalca z obi\u010dajne po\u0161tne postaje. \u010cas te\u010de. Preplavijo te druge vmesnosti in sprotnosti, drobni zaznamek izbri\u0161e\u0161 iz spomina. Nekega dne se nenadoma znajde\u0161 na pustem pepelnatem polju. Predte stopi sam Satan in s tiste majhne tablice prebere tvoje ime. Prepozen si, da bi kaj popravil.<br \/>\n(Stran 392)<\/p>\n<p>&nbsp;<\/p>\n","protected":false},"excerpt":{"rendered":"<p><strong>Leto izdaje:<\/strong> 2022<br \/>\n<strong>\u0160tevilo strani:<\/strong> 524<br \/>\n<strong>Format:<\/strong> 135 x 210 mm<\/p>\n<h4>Zgodovinski roman o mu\u010deni\u0161tvu Viktorina Ptujskega<\/h4>\n<h5><a href=\"https:\/\/www.iskreni.net\/trgovina\/wp-content\/uploads\/2022\/06\/Cestnik-Branko-2022-Sesti-pecat-prelistaj-knjigo.pdf\">Prelistaj<\/a><\/h5>\n","protected":false},"featured_media":56886,"comment_status":"open","ping_status":"closed","template":"","meta":[],"product_brand":[],"product_cat":[2325,63],"product_tag":[],"avtor":[2353],"zalozba":[2337],"vezava":[2306],"class_list":{"0":"post-56876","1":"product","2":"type-product","3":"status-publish","4":"has-post-thumbnail","6":"product_cat-leposlovje","7":"product_cat-knjige","8":"avtor-branko-cestnik","9":"zalozba-celjska-mohorjeva-druzba","10":"vezava-trda","12":"first","13":"instock","14":"taxable","15":"shipping-taxable","16":"purchasable","17":"product-type-simple"},"yoast_head":"<!-- This site is optimized with the Yoast SEO plugin v26.3 - https:\/\/yoast.com\/wordpress\/plugins\/seo\/ -->\n<title>\u0160esti pe\u010dat - Branko Cestnik - trgovina Iskreni<\/title>\n<meta name=\"description\" content=\"\u0160esti pe\u010dat je zgodovinski roman o preganjanju kristjanov na anti\u010dnem Ptuju v \u010dasu Dioklecijana, ki je posku\u0161al izbrisati kr\u0161\u010danstvo v rimskem imperiju.\" \/>\n<meta name=\"robots\" content=\"index, follow, max-snippet:-1, max-image-preview:large, max-video-preview:-1\" \/>\n<link rel=\"canonical\" href=\"https:\/\/www.iskreni.net\/trgovina\/product\/sesti-pecat\/\" \/>\n<meta property=\"og:locale\" content=\"sl_SI\" \/>\n<meta property=\"og:type\" content=\"article\" \/>\n<meta property=\"og:title\" content=\"\u0160esti pe\u010dat\" \/>\n<meta property=\"og:description\" content=\"\u0160esti pe\u010dat je zgodovinski roman o preganjanju kristjanov na anti\u010dnem Ptuju v \u010dasu Dioklecijana, ki je posku\u0161al izbrisati kr\u0161\u010danstvo v rimskem imperiju.\" \/>\n<meta property=\"og:url\" content=\"https:\/\/www.iskreni.net\/trgovina\/product\/sesti-pecat\/\" \/>\n<meta property=\"og:site_name\" content=\"Zavod Iskreni\" \/>\n<meta property=\"article:modified_time\" content=\"2023-10-19T09:03:23+00:00\" \/>\n<meta property=\"og:image\" content=\"https:\/\/www.iskreni.net\/trgovina\/wp-content\/uploads\/2022\/06\/Slike-za-spletno-SOCIAL-7.jpg\" \/>\n\t<meta property=\"og:image:width\" content=\"1200\" \/>\n\t<meta property=\"og:image:height\" content=\"674\" \/>\n\t<meta property=\"og:image:type\" content=\"image\/jpeg\" \/>\n<meta name=\"twitter:card\" content=\"summary_large_image\" \/>\n<meta name=\"twitter:label1\" content=\"Est. reading time\" \/>\n\t<meta name=\"twitter:data1\" content=\"5 minut\" \/>\n<script type=\"application\/ld+json\" class=\"yoast-schema-graph\">{\"@context\":\"https:\/\/schema.org\",\"@graph\":[{\"@type\":\"WebPage\",\"@id\":\"https:\/\/www.iskreni.net\/trgovina\/product\/sesti-pecat\/\",\"url\":\"https:\/\/www.iskreni.net\/trgovina\/product\/sesti-pecat\/\",\"name\":\"\u0160esti pe\u010dat - Branko Cestnik - trgovina Iskreni\",\"isPartOf\":{\"@id\":\"https:\/\/www.iskreni.net\/trgovina\/#website\"},\"primaryImageOfPage\":{\"@id\":\"https:\/\/www.iskreni.net\/trgovina\/product\/sesti-pecat\/#primaryimage\"},\"image\":{\"@id\":\"https:\/\/www.iskreni.net\/trgovina\/product\/sesti-pecat\/#primaryimage\"},\"thumbnailUrl\":\"https:\/\/www.iskreni.net\/trgovina\/wp-content\/uploads\/2022\/06\/4.jpg\",\"datePublished\":\"2022-06-27T08:18:31+00:00\",\"dateModified\":\"2023-10-19T09:03:23+00:00\",\"description\":\"\u0160esti pe\u010dat je zgodovinski roman o preganjanju kristjanov na anti\u010dnem Ptuju v \u010dasu Dioklecijana, ki je posku\u0161al izbrisati kr\u0161\u010danstvo v rimskem imperiju.\",\"breadcrumb\":{\"@id\":\"https:\/\/www.iskreni.net\/trgovina\/product\/sesti-pecat\/#breadcrumb\"},\"inLanguage\":\"sl-SI\",\"potentialAction\":[{\"@type\":\"ReadAction\",\"target\":[\"https:\/\/www.iskreni.net\/trgovina\/product\/sesti-pecat\/\"]}]},{\"@type\":\"ImageObject\",\"inLanguage\":\"sl-SI\",\"@id\":\"https:\/\/www.iskreni.net\/trgovina\/product\/sesti-pecat\/#primaryimage\",\"url\":\"https:\/\/www.iskreni.net\/trgovina\/wp-content\/uploads\/2022\/06\/4.jpg\",\"contentUrl\":\"https:\/\/www.iskreni.net\/trgovina\/wp-content\/uploads\/2022\/06\/4.jpg\",\"width\":600,\"height\":600},{\"@type\":\"BreadcrumbList\",\"@id\":\"https:\/\/www.iskreni.net\/trgovina\/product\/sesti-pecat\/#breadcrumb\",\"itemListElement\":[{\"@type\":\"ListItem\",\"position\":1,\"name\":\"Home\",\"item\":\"https:\/\/www.iskreni.net\/trgovina\/\"},{\"@type\":\"ListItem\",\"position\":2,\"name\":\"Trgovina\",\"item\":\"https:\/\/www.iskreni.net\/trgovina\/trgovina\/\"},{\"@type\":\"ListItem\",\"position\":3,\"name\":\"\u0160esti pe\u010dat\"}]},{\"@type\":\"WebSite\",\"@id\":\"https:\/\/www.iskreni.net\/trgovina\/#website\",\"url\":\"https:\/\/www.iskreni.net\/trgovina\/\",\"name\":\"Zavod Iskreni\",\"description\":\"trgovina\",\"potentialAction\":[{\"@type\":\"SearchAction\",\"target\":{\"@type\":\"EntryPoint\",\"urlTemplate\":\"https:\/\/www.iskreni.net\/trgovina\/?s={search_term_string}\"},\"query-input\":{\"@type\":\"PropertyValueSpecification\",\"valueRequired\":true,\"valueName\":\"search_term_string\"}}],\"inLanguage\":\"sl-SI\"}]}<\/script>\n<!-- \/ Yoast SEO plugin. -->","yoast_head_json":{"title":"\u0160esti pe\u010dat - Branko Cestnik - trgovina Iskreni","description":"\u0160esti pe\u010dat je zgodovinski roman o preganjanju kristjanov na anti\u010dnem Ptuju v \u010dasu Dioklecijana, ki je posku\u0161al izbrisati kr\u0161\u010danstvo v rimskem imperiju.","robots":{"index":"index","follow":"follow","max-snippet":"max-snippet:-1","max-image-preview":"max-image-preview:large","max-video-preview":"max-video-preview:-1"},"canonical":"https:\/\/www.iskreni.net\/trgovina\/product\/sesti-pecat\/","og_locale":"sl_SI","og_type":"article","og_title":"\u0160esti pe\u010dat","og_description":"\u0160esti pe\u010dat je zgodovinski roman o preganjanju kristjanov na anti\u010dnem Ptuju v \u010dasu Dioklecijana, ki je posku\u0161al izbrisati kr\u0161\u010danstvo v rimskem imperiju.","og_url":"https:\/\/www.iskreni.net\/trgovina\/product\/sesti-pecat\/","og_site_name":"Zavod Iskreni","article_modified_time":"2023-10-19T09:03:23+00:00","og_image":[{"width":1200,"height":674,"url":"https:\/\/www.iskreni.net\/trgovina\/wp-content\/uploads\/2022\/06\/Slike-za-spletno-SOCIAL-7.jpg","type":"image\/jpeg"}],"twitter_card":"summary_large_image","twitter_misc":{"Est. reading time":"5 minut"},"schema":{"@context":"https:\/\/schema.org","@graph":[{"@type":"WebPage","@id":"https:\/\/www.iskreni.net\/trgovina\/product\/sesti-pecat\/","url":"https:\/\/www.iskreni.net\/trgovina\/product\/sesti-pecat\/","name":"\u0160esti pe\u010dat - Branko Cestnik - trgovina Iskreni","isPartOf":{"@id":"https:\/\/www.iskreni.net\/trgovina\/#website"},"primaryImageOfPage":{"@id":"https:\/\/www.iskreni.net\/trgovina\/product\/sesti-pecat\/#primaryimage"},"image":{"@id":"https:\/\/www.iskreni.net\/trgovina\/product\/sesti-pecat\/#primaryimage"},"thumbnailUrl":"https:\/\/www.iskreni.net\/trgovina\/wp-content\/uploads\/2022\/06\/4.jpg","datePublished":"2022-06-27T08:18:31+00:00","dateModified":"2023-10-19T09:03:23+00:00","description":"\u0160esti pe\u010dat je zgodovinski roman o preganjanju kristjanov na anti\u010dnem Ptuju v \u010dasu Dioklecijana, ki je posku\u0161al izbrisati kr\u0161\u010danstvo v rimskem imperiju.","breadcrumb":{"@id":"https:\/\/www.iskreni.net\/trgovina\/product\/sesti-pecat\/#breadcrumb"},"inLanguage":"sl-SI","potentialAction":[{"@type":"ReadAction","target":["https:\/\/www.iskreni.net\/trgovina\/product\/sesti-pecat\/"]}]},{"@type":"ImageObject","inLanguage":"sl-SI","@id":"https:\/\/www.iskreni.net\/trgovina\/product\/sesti-pecat\/#primaryimage","url":"https:\/\/www.iskreni.net\/trgovina\/wp-content\/uploads\/2022\/06\/4.jpg","contentUrl":"https:\/\/www.iskreni.net\/trgovina\/wp-content\/uploads\/2022\/06\/4.jpg","width":600,"height":600},{"@type":"BreadcrumbList","@id":"https:\/\/www.iskreni.net\/trgovina\/product\/sesti-pecat\/#breadcrumb","itemListElement":[{"@type":"ListItem","position":1,"name":"Home","item":"https:\/\/www.iskreni.net\/trgovina\/"},{"@type":"ListItem","position":2,"name":"Trgovina","item":"https:\/\/www.iskreni.net\/trgovina\/trgovina\/"},{"@type":"ListItem","position":3,"name":"\u0160esti pe\u010dat"}]},{"@type":"WebSite","@id":"https:\/\/www.iskreni.net\/trgovina\/#website","url":"https:\/\/www.iskreni.net\/trgovina\/","name":"Zavod Iskreni","description":"trgovina","potentialAction":[{"@type":"SearchAction","target":{"@type":"EntryPoint","urlTemplate":"https:\/\/www.iskreni.net\/trgovina\/?s={search_term_string}"},"query-input":{"@type":"PropertyValueSpecification","valueRequired":true,"valueName":"search_term_string"}}],"inLanguage":"sl-SI"}]}},"_links":{"self":[{"href":"https:\/\/www.iskreni.net\/trgovina\/wp-json\/wp\/v2\/product\/56876","targetHints":{"allow":["GET"]}}],"collection":[{"href":"https:\/\/www.iskreni.net\/trgovina\/wp-json\/wp\/v2\/product"}],"about":[{"href":"https:\/\/www.iskreni.net\/trgovina\/wp-json\/wp\/v2\/types\/product"}],"replies":[{"embeddable":true,"href":"https:\/\/www.iskreni.net\/trgovina\/wp-json\/wp\/v2\/comments?post=56876"}],"version-history":[{"count":7,"href":"https:\/\/www.iskreni.net\/trgovina\/wp-json\/wp\/v2\/product\/56876\/revisions"}],"predecessor-version":[{"id":70078,"href":"https:\/\/www.iskreni.net\/trgovina\/wp-json\/wp\/v2\/product\/56876\/revisions\/70078"}],"wp:featuredmedia":[{"embeddable":true,"href":"https:\/\/www.iskreni.net\/trgovina\/wp-json\/wp\/v2\/media\/56886"}],"wp:attachment":[{"href":"https:\/\/www.iskreni.net\/trgovina\/wp-json\/wp\/v2\/media?parent=56876"}],"wp:term":[{"taxonomy":"product_brand","embeddable":true,"href":"https:\/\/www.iskreni.net\/trgovina\/wp-json\/wp\/v2\/product_brand?post=56876"},{"taxonomy":"product_cat","embeddable":true,"href":"https:\/\/www.iskreni.net\/trgovina\/wp-json\/wp\/v2\/product_cat?post=56876"},{"taxonomy":"product_tag","embeddable":true,"href":"https:\/\/www.iskreni.net\/trgovina\/wp-json\/wp\/v2\/product_tag?post=56876"},{"taxonomy":"avtor","embeddable":true,"href":"https:\/\/www.iskreni.net\/trgovina\/wp-json\/wp\/v2\/avtor?post=56876"},{"taxonomy":"zalozba","embeddable":true,"href":"https:\/\/www.iskreni.net\/trgovina\/wp-json\/wp\/v2\/zalozba?post=56876"},{"taxonomy":"vezava","embeddable":true,"href":"https:\/\/www.iskreni.net\/trgovina\/wp-json\/wp\/v2\/vezava?post=56876"}],"curies":[{"name":"wp","href":"https:\/\/api.w.org\/{rel}","templated":true}]}}