{"id":56568,"date":"2022-06-15T14:55:15","date_gmt":"2022-06-15T12:55:15","guid":{"rendered":"https:\/\/www.iskreni.net\/trgovina\/?post_type=product&#038;p=56568"},"modified":"2024-05-09T11:06:20","modified_gmt":"2024-05-09T09:06:20","slug":"gremo-kuhat","status":"publish","type":"product","link":"https:\/\/www.iskreni.net\/trgovina\/product\/gremo-kuhat\/","title":{"rendered":"Gremo kuhat!"},"content":{"rendered":"<h3 id=\"anchor-o-izdelku\" class=\"title\">O izdelku:<\/h3>\n<p>V tej knjigi se boste nau\u010dili:<br \/>\n&#8211; skuhati 59 slastnih juh,<br \/>\n&#8211; pripraviti 59 privla\u010dnih glavnih jedi,<br \/>\n&#8211; pripraviti 66 sladic za piko na i,<br \/>\n&#8211; skuhati 16 tradicionalnih slovenskih jedi,<br \/>\n&#8211; spe\u010di di\u0161e\u010d doma\u010d kruh.<\/p>\n<p>\u0160e ve\u010d! Izvedeli boste tudi:<br \/>\n&#8211; kako pripraviti slavnostno in manj slavnostno mizo,<br \/>\n&#8211; kako postre\u010di hrano, da bodo va\u0161i kro\u017eniki \u0161e posebej mamljivi,<br \/>\n&#8211; kako se znajti z recepti, kadar nimate tehtnice,<br \/>\n&#8211; katere za\u010dimbe lahko uporabite,<br \/>\n&#8211; s katero hrano si lahko pomagate do bolj\u0161ega zdravja.<\/p>\n<h3>O avtorju:<\/h3>\n<p>Slovenski duhovnik Marko \u010ci\u017eman \u017ee od malih nog rad kuha. \u0160e kot \u0161olar se je v\u010dasih zaklenil v doma\u010do kuhinjo ter star\u0161e, brata in sestro presenetil s kosilom! Iz\u0161olal se je za kuharja, po srednji \u0161oli kon\u010dal \u0161e \u0161tudij na Biotehni\u0161ki fakulteti, nato pa se je dokon\u010dno odlo\u010dil, da bo odgovoril na Jezusov klic in vstopil v bogoslovje.<\/p>\n<p>Pri svojem delu v \u017eupniji Marko \u010ci\u017eman s pridom uporablja vse svoje talente. Med kak\u0161nim od svojih obiskov dru\u017ein v \u017eupniji rad kosilo pripravi kar skupaj z doma\u010dimi, saj je kuhanje odli\u010dna prilo\u017enost za spro\u0161\u010den pogovor in graditev zaupanja, ki odpre vrata globljim pogovorom o Bogu in smislu \u017eivljenja.<\/p>\n<p>Enak namen imajo tudi njegovi kuharski te\u010daji, na katerih mlade z vso ljubeznijo u\u010di osnov kuhanja. Vedno so dobro obiskani. Lepo je, ko se skupaj s prijatelji pogovarjamo za mizo, polno okusnih jedi. Tudi Jezus se je velikokrat tako dru\u017eil s svojimi u\u010denci!<\/p>\n","protected":false},"excerpt":{"rendered":"<p><strong>Leto izdaje:<\/strong> 2014<br \/>\n<strong>\u0160tevilo strani:<\/strong> 192<br \/>\n<strong>Vezava:<\/strong> spiralna vezava s stojalom<br \/>\n<strong>Mere<\/strong>: 300 x 210 mm<\/p>\n","protected":false},"featured_media":56617,"comment_status":"open","ping_status":"closed","template":"","meta":[],"product_brand":[],"product_cat":[2327,63],"product_tag":[468,410,1663],"avtor":[2546],"zalozba":[2311],"vezava":[],"class_list":{"0":"post-56568","1":"product","2":"type-product","3":"status-publish","4":"has-post-thumbnail","6":"product_cat-prirocniki-in-vodniki","7":"product_cat-knjige","8":"product_tag-hrana","9":"product_tag-poroka","10":"product_tag-recepti","11":"avtor-marko-cizman","12":"zalozba-druzina","14":"first","15":"instock","16":"taxable","17":"shipping-taxable","18":"purchasable","19":"product-type-simple"},"yoast_head":"<!-- This site is optimized with the Yoast SEO plugin v26.3 - https:\/\/yoast.com\/wordpress\/plugins\/seo\/ -->\n<title>Gremo kuhat! - trgovina Iskreni<\/title>\n<meta name=\"description\" content=\"Gremo kuhat! so recepti za stare in mlade izpod rok duhovnika Marka \u010ci\u017emana, ki \u017ee od malih nog rad kuha in je med drugim tudi iz\u0161olan kuhar.\" \/>\n<meta name=\"robots\" content=\"index, follow, max-snippet:-1, max-image-preview:large, max-video-preview:-1\" \/>\n<link rel=\"canonical\" href=\"https:\/\/www.iskreni.net\/trgovina\/product\/gremo-kuhat\/\" \/>\n<meta property=\"og:locale\" content=\"sl_SI\" \/>\n<meta property=\"og:type\" content=\"article\" \/>\n<meta property=\"og:title\" content=\"Gremo kuhat!\" \/>\n<meta property=\"og:description\" content=\"Gremo kuhat! so recepti za stare in mlade izpod rok duhovnika Marka \u010ci\u017emana, ki \u017ee od malih nog rad kuha in je med drugim tudi iz\u0161olan kuhar.\" \/>\n<meta property=\"og:url\" content=\"https:\/\/www.iskreni.net\/trgovina\/product\/gremo-kuhat\/\" \/>\n<meta property=\"og:site_name\" content=\"Zavod Iskreni\" \/>\n<meta property=\"article:modified_time\" content=\"2024-05-09T09:06:20+00:00\" \/>\n<meta property=\"og:image\" content=\"https:\/\/www.iskreni.net\/trgovina\/wp-content\/uploads\/2022\/06\/Slike-za-spletno-SOCIAL-6.jpg\" \/>\n\t<meta property=\"og:image:width\" content=\"1200\" \/>\n\t<meta property=\"og:image:height\" content=\"674\" \/>\n\t<meta property=\"og:image:type\" content=\"image\/jpeg\" \/>\n<meta name=\"twitter:card\" content=\"summary_large_image\" \/>\n<meta name=\"twitter:label1\" content=\"Est. reading time\" \/>\n\t<meta name=\"twitter:data1\" content=\"2 minuti\" \/>\n<script type=\"application\/ld+json\" class=\"yoast-schema-graph\">{\"@context\":\"https:\/\/schema.org\",\"@graph\":[{\"@type\":\"WebPage\",\"@id\":\"https:\/\/www.iskreni.net\/trgovina\/product\/gremo-kuhat\/\",\"url\":\"https:\/\/www.iskreni.net\/trgovina\/product\/gremo-kuhat\/\",\"name\":\"Gremo kuhat! - trgovina Iskreni\",\"isPartOf\":{\"@id\":\"https:\/\/www.iskreni.net\/trgovina\/#website\"},\"primaryImageOfPage\":{\"@id\":\"https:\/\/www.iskreni.net\/trgovina\/product\/gremo-kuhat\/#primaryimage\"},\"image\":{\"@id\":\"https:\/\/www.iskreni.net\/trgovina\/product\/gremo-kuhat\/#primaryimage\"},\"thumbnailUrl\":\"https:\/\/www.iskreni.net\/trgovina\/wp-content\/uploads\/2022\/06\/gremo-kuhat-2.jpg\",\"datePublished\":\"2022-06-15T12:55:15+00:00\",\"dateModified\":\"2024-05-09T09:06:20+00:00\",\"description\":\"Gremo kuhat! so recepti za stare in mlade izpod rok duhovnika Marka \u010ci\u017emana, ki \u017ee od malih nog rad kuha in je med drugim tudi iz\u0161olan kuhar.\",\"breadcrumb\":{\"@id\":\"https:\/\/www.iskreni.net\/trgovina\/product\/gremo-kuhat\/#breadcrumb\"},\"inLanguage\":\"sl-SI\",\"potentialAction\":[{\"@type\":\"ReadAction\",\"target\":[\"https:\/\/www.iskreni.net\/trgovina\/product\/gremo-kuhat\/\"]}]},{\"@type\":\"ImageObject\",\"inLanguage\":\"sl-SI\",\"@id\":\"https:\/\/www.iskreni.net\/trgovina\/product\/gremo-kuhat\/#primaryimage\",\"url\":\"https:\/\/www.iskreni.net\/trgovina\/wp-content\/uploads\/2022\/06\/gremo-kuhat-2.jpg\",\"contentUrl\":\"https:\/\/www.iskreni.net\/trgovina\/wp-content\/uploads\/2022\/06\/gremo-kuhat-2.jpg\",\"width\":841,\"height\":600},{\"@type\":\"BreadcrumbList\",\"@id\":\"https:\/\/www.iskreni.net\/trgovina\/product\/gremo-kuhat\/#breadcrumb\",\"itemListElement\":[{\"@type\":\"ListItem\",\"position\":1,\"name\":\"Home\",\"item\":\"https:\/\/www.iskreni.net\/trgovina\/\"},{\"@type\":\"ListItem\",\"position\":2,\"name\":\"Trgovina\",\"item\":\"https:\/\/www.iskreni.net\/trgovina\/trgovina\/\"},{\"@type\":\"ListItem\",\"position\":3,\"name\":\"Gremo kuhat!\"}]},{\"@type\":\"WebSite\",\"@id\":\"https:\/\/www.iskreni.net\/trgovina\/#website\",\"url\":\"https:\/\/www.iskreni.net\/trgovina\/\",\"name\":\"Zavod Iskreni\",\"description\":\"trgovina\",\"potentialAction\":[{\"@type\":\"SearchAction\",\"target\":{\"@type\":\"EntryPoint\",\"urlTemplate\":\"https:\/\/www.iskreni.net\/trgovina\/?s={search_term_string}\"},\"query-input\":{\"@type\":\"PropertyValueSpecification\",\"valueRequired\":true,\"valueName\":\"search_term_string\"}}],\"inLanguage\":\"sl-SI\"}]}<\/script>\n<!-- \/ Yoast SEO plugin. -->","yoast_head_json":{"title":"Gremo kuhat! - trgovina Iskreni","description":"Gremo kuhat! so recepti za stare in mlade izpod rok duhovnika Marka \u010ci\u017emana, ki \u017ee od malih nog rad kuha in je med drugim tudi iz\u0161olan kuhar.","robots":{"index":"index","follow":"follow","max-snippet":"max-snippet:-1","max-image-preview":"max-image-preview:large","max-video-preview":"max-video-preview:-1"},"canonical":"https:\/\/www.iskreni.net\/trgovina\/product\/gremo-kuhat\/","og_locale":"sl_SI","og_type":"article","og_title":"Gremo kuhat!","og_description":"Gremo kuhat! so recepti za stare in mlade izpod rok duhovnika Marka \u010ci\u017emana, ki \u017ee od malih nog rad kuha in je med drugim tudi iz\u0161olan kuhar.","og_url":"https:\/\/www.iskreni.net\/trgovina\/product\/gremo-kuhat\/","og_site_name":"Zavod Iskreni","article_modified_time":"2024-05-09T09:06:20+00:00","og_image":[{"width":1200,"height":674,"url":"https:\/\/www.iskreni.net\/trgovina\/wp-content\/uploads\/2022\/06\/Slike-za-spletno-SOCIAL-6.jpg","type":"image\/jpeg"}],"twitter_card":"summary_large_image","twitter_misc":{"Est. reading time":"2 minuti"},"schema":{"@context":"https:\/\/schema.org","@graph":[{"@type":"WebPage","@id":"https:\/\/www.iskreni.net\/trgovina\/product\/gremo-kuhat\/","url":"https:\/\/www.iskreni.net\/trgovina\/product\/gremo-kuhat\/","name":"Gremo kuhat! - trgovina Iskreni","isPartOf":{"@id":"https:\/\/www.iskreni.net\/trgovina\/#website"},"primaryImageOfPage":{"@id":"https:\/\/www.iskreni.net\/trgovina\/product\/gremo-kuhat\/#primaryimage"},"image":{"@id":"https:\/\/www.iskreni.net\/trgovina\/product\/gremo-kuhat\/#primaryimage"},"thumbnailUrl":"https:\/\/www.iskreni.net\/trgovina\/wp-content\/uploads\/2022\/06\/gremo-kuhat-2.jpg","datePublished":"2022-06-15T12:55:15+00:00","dateModified":"2024-05-09T09:06:20+00:00","description":"Gremo kuhat! so recepti za stare in mlade izpod rok duhovnika Marka \u010ci\u017emana, ki \u017ee od malih nog rad kuha in je med drugim tudi iz\u0161olan kuhar.","breadcrumb":{"@id":"https:\/\/www.iskreni.net\/trgovina\/product\/gremo-kuhat\/#breadcrumb"},"inLanguage":"sl-SI","potentialAction":[{"@type":"ReadAction","target":["https:\/\/www.iskreni.net\/trgovina\/product\/gremo-kuhat\/"]}]},{"@type":"ImageObject","inLanguage":"sl-SI","@id":"https:\/\/www.iskreni.net\/trgovina\/product\/gremo-kuhat\/#primaryimage","url":"https:\/\/www.iskreni.net\/trgovina\/wp-content\/uploads\/2022\/06\/gremo-kuhat-2.jpg","contentUrl":"https:\/\/www.iskreni.net\/trgovina\/wp-content\/uploads\/2022\/06\/gremo-kuhat-2.jpg","width":841,"height":600},{"@type":"BreadcrumbList","@id":"https:\/\/www.iskreni.net\/trgovina\/product\/gremo-kuhat\/#breadcrumb","itemListElement":[{"@type":"ListItem","position":1,"name":"Home","item":"https:\/\/www.iskreni.net\/trgovina\/"},{"@type":"ListItem","position":2,"name":"Trgovina","item":"https:\/\/www.iskreni.net\/trgovina\/trgovina\/"},{"@type":"ListItem","position":3,"name":"Gremo kuhat!"}]},{"@type":"WebSite","@id":"https:\/\/www.iskreni.net\/trgovina\/#website","url":"https:\/\/www.iskreni.net\/trgovina\/","name":"Zavod Iskreni","description":"trgovina","potentialAction":[{"@type":"SearchAction","target":{"@type":"EntryPoint","urlTemplate":"https:\/\/www.iskreni.net\/trgovina\/?s={search_term_string}"},"query-input":{"@type":"PropertyValueSpecification","valueRequired":true,"valueName":"search_term_string"}}],"inLanguage":"sl-SI"}]}},"_links":{"self":[{"href":"https:\/\/www.iskreni.net\/trgovina\/wp-json\/wp\/v2\/product\/56568","targetHints":{"allow":["GET"]}}],"collection":[{"href":"https:\/\/www.iskreni.net\/trgovina\/wp-json\/wp\/v2\/product"}],"about":[{"href":"https:\/\/www.iskreni.net\/trgovina\/wp-json\/wp\/v2\/types\/product"}],"replies":[{"embeddable":true,"href":"https:\/\/www.iskreni.net\/trgovina\/wp-json\/wp\/v2\/comments?post=56568"}],"version-history":[{"count":6,"href":"https:\/\/www.iskreni.net\/trgovina\/wp-json\/wp\/v2\/product\/56568\/revisions"}],"predecessor-version":[{"id":70254,"href":"https:\/\/www.iskreni.net\/trgovina\/wp-json\/wp\/v2\/product\/56568\/revisions\/70254"}],"wp:featuredmedia":[{"embeddable":true,"href":"https:\/\/www.iskreni.net\/trgovina\/wp-json\/wp\/v2\/media\/56617"}],"wp:attachment":[{"href":"https:\/\/www.iskreni.net\/trgovina\/wp-json\/wp\/v2\/media?parent=56568"}],"wp:term":[{"taxonomy":"product_brand","embeddable":true,"href":"https:\/\/www.iskreni.net\/trgovina\/wp-json\/wp\/v2\/product_brand?post=56568"},{"taxonomy":"product_cat","embeddable":true,"href":"https:\/\/www.iskreni.net\/trgovina\/wp-json\/wp\/v2\/product_cat?post=56568"},{"taxonomy":"product_tag","embeddable":true,"href":"https:\/\/www.iskreni.net\/trgovina\/wp-json\/wp\/v2\/product_tag?post=56568"},{"taxonomy":"avtor","embeddable":true,"href":"https:\/\/www.iskreni.net\/trgovina\/wp-json\/wp\/v2\/avtor?post=56568"},{"taxonomy":"zalozba","embeddable":true,"href":"https:\/\/www.iskreni.net\/trgovina\/wp-json\/wp\/v2\/zalozba?post=56568"},{"taxonomy":"vezava","embeddable":true,"href":"https:\/\/www.iskreni.net\/trgovina\/wp-json\/wp\/v2\/vezava?post=56568"}],"curies":[{"name":"wp","href":"https:\/\/api.w.org\/{rel}","templated":true}]}}