{"id":5556,"date":"2018-12-21T15:14:11","date_gmt":"2018-12-21T14:14:11","guid":{"rendered":"https:\/\/www.iskreni.net\/trgovina\/product\/bozicni-okrasek-sveta-druzina-z-zvezdo\/"},"modified":"2025-11-12T11:54:41","modified_gmt":"2025-11-12T10:54:41","slug":"bozicni-okrasek-sveta-druzina-z-zvezdo","status":"publish","type":"product","link":"https:\/\/www.iskreni.net\/trgovina\/product\/bozicni-okrasek-sveta-druzina-z-zvezdo\/","title":{"rendered":"Bo\u017ei\u010dni okrasek &#8211; Sveta Dru\u017eina z zvezdo"},"content":{"rendered":"<p>Leseni bo\u017ei\u010dni okraski &#8211; komplet 5 kosov. 72 x 69 mm.<\/p>\n","protected":false},"excerpt":{"rendered":"<h4>Bo\u017ei\u010dni okrasek<\/h4>\n<p>Leseni bo\u017ei\u010dni okraski &#8211; komplet 5 kosov. 72 x 69 mm.<\/p>\n","protected":false},"featured_media":5555,"comment_status":"open","ping_status":"closed","template":"","meta":[],"product_brand":[],"product_cat":[668,421,861],"product_tag":[1344],"avtor":[],"zalozba":[],"vezava":[],"class_list":{"0":"post-5556","1":"product","2":"type-product","3":"status-publish","4":"has-post-thumbnail","6":"product_cat-darilni-program","7":"product_cat-spominki-in-drobni-predmeti","8":"product_cat-jaslice-in-bozicni-okraski-2","9":"product_tag-advent-in-bozic","11":"first","12":"instock","13":"taxable","14":"shipping-taxable","15":"purchasable","16":"product-type-simple"},"yoast_head":"<!-- This site is optimized with the Yoast SEO plugin v26.3 - https:\/\/yoast.com\/wordpress\/plugins\/seo\/ -->\n<title>Bo\u017ei\u010dni okrasek - Sveta Dru\u017eina z zvezdo - trgovina Iskreni<\/title>\n<meta name=\"description\" content=\"Okrasite svoje bo\u017ei\u010dno drevo z lepim lesenim bo\u017ei\u010dnim okraskom s podobo Svete Dru\u017eine.\" \/>\n<meta name=\"robots\" content=\"index, follow, max-snippet:-1, max-image-preview:large, max-video-preview:-1\" \/>\n<link rel=\"canonical\" href=\"https:\/\/www.iskreni.net\/trgovina\/product\/bozicni-okrasek-sveta-druzina-z-zvezdo\/\" \/>\n<meta property=\"og:locale\" content=\"sl_SI\" \/>\n<meta property=\"og:type\" content=\"article\" \/>\n<meta property=\"og:title\" content=\"Bo\u017ei\u010dni okrasek - Sveta Dru\u017eina z zvezdo - trgovina Iskreni\" \/>\n<meta property=\"og:description\" content=\"Okrasite svoje bo\u017ei\u010dno drevo z lepim lesenim bo\u017ei\u010dnim okraskom s podobo Svete Dru\u017eine.\" \/>\n<meta property=\"og:url\" content=\"https:\/\/www.iskreni.net\/trgovina\/product\/bozicni-okrasek-sveta-druzina-z-zvezdo\/\" \/>\n<meta property=\"og:site_name\" content=\"Zavod Iskreni\" \/>\n<meta property=\"article:modified_time\" content=\"2025-11-12T10:54:41+00:00\" \/>\n<meta property=\"og:image\" content=\"https:\/\/www.iskreni.net\/trgovina\/wp-content\/uploads\/2018\/12\/novoletni-okrasek-2.jpg\" \/>\n\t<meta property=\"og:image:width\" content=\"1845\" \/>\n\t<meta property=\"og:image:height\" content=\"1824\" \/>\n\t<meta property=\"og:image:type\" content=\"image\/jpeg\" \/>\n<meta name=\"twitter:card\" content=\"summary_large_image\" \/>\n<meta name=\"twitter:label1\" content=\"Est. reading time\" \/>\n\t<meta name=\"twitter:data1\" content=\"1 minuta\" \/>\n<script type=\"application\/ld+json\" class=\"yoast-schema-graph\">{\"@context\":\"https:\/\/schema.org\",\"@graph\":[{\"@type\":\"WebPage\",\"@id\":\"https:\/\/www.iskreni.net\/trgovina\/product\/bozicni-okrasek-sveta-druzina-z-zvezdo\/\",\"url\":\"https:\/\/www.iskreni.net\/trgovina\/product\/bozicni-okrasek-sveta-druzina-z-zvezdo\/\",\"name\":\"Bo\u017ei\u010dni okrasek - Sveta Dru\u017eina z zvezdo - trgovina Iskreni\",\"isPartOf\":{\"@id\":\"https:\/\/www.iskreni.net\/trgovina\/#website\"},\"primaryImageOfPage\":{\"@id\":\"https:\/\/www.iskreni.net\/trgovina\/product\/bozicni-okrasek-sveta-druzina-z-zvezdo\/#primaryimage\"},\"image\":{\"@id\":\"https:\/\/www.iskreni.net\/trgovina\/product\/bozicni-okrasek-sveta-druzina-z-zvezdo\/#primaryimage\"},\"thumbnailUrl\":\"https:\/\/www.iskreni.net\/trgovina\/wp-content\/uploads\/2018\/12\/novoletni-okrasek-2.jpg\",\"datePublished\":\"2018-12-21T14:14:11+00:00\",\"dateModified\":\"2025-11-12T10:54:41+00:00\",\"description\":\"Okrasite svoje bo\u017ei\u010dno drevo z lepim lesenim bo\u017ei\u010dnim okraskom s podobo Svete Dru\u017eine.\",\"breadcrumb\":{\"@id\":\"https:\/\/www.iskreni.net\/trgovina\/product\/bozicni-okrasek-sveta-druzina-z-zvezdo\/#breadcrumb\"},\"inLanguage\":\"sl-SI\",\"potentialAction\":[{\"@type\":\"ReadAction\",\"target\":[\"https:\/\/www.iskreni.net\/trgovina\/product\/bozicni-okrasek-sveta-druzina-z-zvezdo\/\"]}]},{\"@type\":\"ImageObject\",\"inLanguage\":\"sl-SI\",\"@id\":\"https:\/\/www.iskreni.net\/trgovina\/product\/bozicni-okrasek-sveta-druzina-z-zvezdo\/#primaryimage\",\"url\":\"https:\/\/www.iskreni.net\/trgovina\/wp-content\/uploads\/2018\/12\/novoletni-okrasek-2.jpg\",\"contentUrl\":\"https:\/\/www.iskreni.net\/trgovina\/wp-content\/uploads\/2018\/12\/novoletni-okrasek-2.jpg\",\"width\":1845,\"height\":1824},{\"@type\":\"BreadcrumbList\",\"@id\":\"https:\/\/www.iskreni.net\/trgovina\/product\/bozicni-okrasek-sveta-druzina-z-zvezdo\/#breadcrumb\",\"itemListElement\":[{\"@type\":\"ListItem\",\"position\":1,\"name\":\"Home\",\"item\":\"https:\/\/www.iskreni.net\/trgovina\/\"},{\"@type\":\"ListItem\",\"position\":2,\"name\":\"Trgovina\",\"item\":\"https:\/\/www.iskreni.net\/trgovina\/trgovina\/\"},{\"@type\":\"ListItem\",\"position\":3,\"name\":\"Bo\u017ei\u010dni okrasek &#8211; Sveta Dru\u017eina z zvezdo\"}]},{\"@type\":\"WebSite\",\"@id\":\"https:\/\/www.iskreni.net\/trgovina\/#website\",\"url\":\"https:\/\/www.iskreni.net\/trgovina\/\",\"name\":\"Zavod Iskreni\",\"description\":\"trgovina\",\"potentialAction\":[{\"@type\":\"SearchAction\",\"target\":{\"@type\":\"EntryPoint\",\"urlTemplate\":\"https:\/\/www.iskreni.net\/trgovina\/?s={search_term_string}\"},\"query-input\":{\"@type\":\"PropertyValueSpecification\",\"valueRequired\":true,\"valueName\":\"search_term_string\"}}],\"inLanguage\":\"sl-SI\"}]}<\/script>\n<!-- \/ Yoast SEO plugin. -->","yoast_head_json":{"title":"Bo\u017ei\u010dni okrasek - Sveta Dru\u017eina z zvezdo - trgovina Iskreni","description":"Okrasite svoje bo\u017ei\u010dno drevo z lepim lesenim bo\u017ei\u010dnim okraskom s podobo Svete Dru\u017eine.","robots":{"index":"index","follow":"follow","max-snippet":"max-snippet:-1","max-image-preview":"max-image-preview:large","max-video-preview":"max-video-preview:-1"},"canonical":"https:\/\/www.iskreni.net\/trgovina\/product\/bozicni-okrasek-sveta-druzina-z-zvezdo\/","og_locale":"sl_SI","og_type":"article","og_title":"Bo\u017ei\u010dni okrasek - Sveta Dru\u017eina z zvezdo - trgovina Iskreni","og_description":"Okrasite svoje bo\u017ei\u010dno drevo z lepim lesenim bo\u017ei\u010dnim okraskom s podobo Svete Dru\u017eine.","og_url":"https:\/\/www.iskreni.net\/trgovina\/product\/bozicni-okrasek-sveta-druzina-z-zvezdo\/","og_site_name":"Zavod Iskreni","article_modified_time":"2025-11-12T10:54:41+00:00","og_image":[{"width":1845,"height":1824,"url":"https:\/\/www.iskreni.net\/trgovina\/wp-content\/uploads\/2018\/12\/novoletni-okrasek-2.jpg","type":"image\/jpeg"}],"twitter_card":"summary_large_image","twitter_misc":{"Est. reading time":"1 minuta"},"schema":{"@context":"https:\/\/schema.org","@graph":[{"@type":"WebPage","@id":"https:\/\/www.iskreni.net\/trgovina\/product\/bozicni-okrasek-sveta-druzina-z-zvezdo\/","url":"https:\/\/www.iskreni.net\/trgovina\/product\/bozicni-okrasek-sveta-druzina-z-zvezdo\/","name":"Bo\u017ei\u010dni okrasek - Sveta Dru\u017eina z zvezdo - trgovina Iskreni","isPartOf":{"@id":"https:\/\/www.iskreni.net\/trgovina\/#website"},"primaryImageOfPage":{"@id":"https:\/\/www.iskreni.net\/trgovina\/product\/bozicni-okrasek-sveta-druzina-z-zvezdo\/#primaryimage"},"image":{"@id":"https:\/\/www.iskreni.net\/trgovina\/product\/bozicni-okrasek-sveta-druzina-z-zvezdo\/#primaryimage"},"thumbnailUrl":"https:\/\/www.iskreni.net\/trgovina\/wp-content\/uploads\/2018\/12\/novoletni-okrasek-2.jpg","datePublished":"2018-12-21T14:14:11+00:00","dateModified":"2025-11-12T10:54:41+00:00","description":"Okrasite svoje bo\u017ei\u010dno drevo z lepim lesenim bo\u017ei\u010dnim okraskom s podobo Svete Dru\u017eine.","breadcrumb":{"@id":"https:\/\/www.iskreni.net\/trgovina\/product\/bozicni-okrasek-sveta-druzina-z-zvezdo\/#breadcrumb"},"inLanguage":"sl-SI","potentialAction":[{"@type":"ReadAction","target":["https:\/\/www.iskreni.net\/trgovina\/product\/bozicni-okrasek-sveta-druzina-z-zvezdo\/"]}]},{"@type":"ImageObject","inLanguage":"sl-SI","@id":"https:\/\/www.iskreni.net\/trgovina\/product\/bozicni-okrasek-sveta-druzina-z-zvezdo\/#primaryimage","url":"https:\/\/www.iskreni.net\/trgovina\/wp-content\/uploads\/2018\/12\/novoletni-okrasek-2.jpg","contentUrl":"https:\/\/www.iskreni.net\/trgovina\/wp-content\/uploads\/2018\/12\/novoletni-okrasek-2.jpg","width":1845,"height":1824},{"@type":"BreadcrumbList","@id":"https:\/\/www.iskreni.net\/trgovina\/product\/bozicni-okrasek-sveta-druzina-z-zvezdo\/#breadcrumb","itemListElement":[{"@type":"ListItem","position":1,"name":"Home","item":"https:\/\/www.iskreni.net\/trgovina\/"},{"@type":"ListItem","position":2,"name":"Trgovina","item":"https:\/\/www.iskreni.net\/trgovina\/trgovina\/"},{"@type":"ListItem","position":3,"name":"Bo\u017ei\u010dni okrasek &#8211; Sveta Dru\u017eina z zvezdo"}]},{"@type":"WebSite","@id":"https:\/\/www.iskreni.net\/trgovina\/#website","url":"https:\/\/www.iskreni.net\/trgovina\/","name":"Zavod Iskreni","description":"trgovina","potentialAction":[{"@type":"SearchAction","target":{"@type":"EntryPoint","urlTemplate":"https:\/\/www.iskreni.net\/trgovina\/?s={search_term_string}"},"query-input":{"@type":"PropertyValueSpecification","valueRequired":true,"valueName":"search_term_string"}}],"inLanguage":"sl-SI"}]}},"_links":{"self":[{"href":"https:\/\/www.iskreni.net\/trgovina\/wp-json\/wp\/v2\/product\/5556","targetHints":{"allow":["GET"]}}],"collection":[{"href":"https:\/\/www.iskreni.net\/trgovina\/wp-json\/wp\/v2\/product"}],"about":[{"href":"https:\/\/www.iskreni.net\/trgovina\/wp-json\/wp\/v2\/types\/product"}],"replies":[{"embeddable":true,"href":"https:\/\/www.iskreni.net\/trgovina\/wp-json\/wp\/v2\/comments?post=5556"}],"version-history":[{"count":1,"href":"https:\/\/www.iskreni.net\/trgovina\/wp-json\/wp\/v2\/product\/5556\/revisions"}],"predecessor-version":[{"id":71587,"href":"https:\/\/www.iskreni.net\/trgovina\/wp-json\/wp\/v2\/product\/5556\/revisions\/71587"}],"wp:featuredmedia":[{"embeddable":true,"href":"https:\/\/www.iskreni.net\/trgovina\/wp-json\/wp\/v2\/media\/5555"}],"wp:attachment":[{"href":"https:\/\/www.iskreni.net\/trgovina\/wp-json\/wp\/v2\/media?parent=5556"}],"wp:term":[{"taxonomy":"product_brand","embeddable":true,"href":"https:\/\/www.iskreni.net\/trgovina\/wp-json\/wp\/v2\/product_brand?post=5556"},{"taxonomy":"product_cat","embeddable":true,"href":"https:\/\/www.iskreni.net\/trgovina\/wp-json\/wp\/v2\/product_cat?post=5556"},{"taxonomy":"product_tag","embeddable":true,"href":"https:\/\/www.iskreni.net\/trgovina\/wp-json\/wp\/v2\/product_tag?post=5556"},{"taxonomy":"avtor","embeddable":true,"href":"https:\/\/www.iskreni.net\/trgovina\/wp-json\/wp\/v2\/avtor?post=5556"},{"taxonomy":"zalozba","embeddable":true,"href":"https:\/\/www.iskreni.net\/trgovina\/wp-json\/wp\/v2\/zalozba?post=5556"},{"taxonomy":"vezava","embeddable":true,"href":"https:\/\/www.iskreni.net\/trgovina\/wp-json\/wp\/v2\/vezava?post=5556"}],"curies":[{"name":"wp","href":"https:\/\/api.w.org\/{rel}","templated":true}]}}