{"id":54356,"date":"2022-05-18T15:18:20","date_gmt":"2022-05-18T13:18:20","guid":{"rendered":"https:\/\/www.iskreni.net\/trgovina\/?post_type=product&#038;p=54356"},"modified":"2023-10-19T11:02:09","modified_gmt":"2023-10-19T09:02:09","slug":"vsak-trenutek-steje","status":"publish","type":"product","link":"https:\/\/www.iskreni.net\/trgovina\/product\/vsak-trenutek-steje\/","title":{"rendered":"Vsak trenutek \u0161teje"},"content":{"rendered":"<h3 id=\"anchor-o-izdelku\" class=\"title\">O izdelku<\/h3>\n<p><em>Vsak trenutek \u0161teje<\/em>\u00a0je mladinski problemski roman, namenjen zrelemu bralcu. V zgodbi spremljamo zadnji dan \u017eivljenja glavnega protagonista Giacoma (Mina), ki sve\u017ee zaljubljen v Martino po zaklju\u010dku mature komaj \u010daka na po\u010ditnice s prijatelji. \u010ceprav ga \u017ee cel dan spremlja glavobol, ga to ne skrbi preve\u010d, izposodi si o\u010detov avto in se s prijateljem Fabionom (Fabom) poda na dolgo vo\u017enjo proti Gallipoliju. A Giacomo tja nikoli ne prispe \u2026<\/p>\n<p>To je zgodba o vstopanju v svet odraslih. Odra\u0161\u010danje je pomembna, kompleksna in problemska tema mnogih sodobnih literarnih del, saj zabri\u0161e sledi brezskrbnega otro\u0161tva, ki si ga zaradi \u00bbomejitev\u00ab vsak \u017eeli \u010dim prej pustiti za seboj. Tako je tudi pri glavnem romanesknem protagonistu Minu. Skozi prvoosebno pripoved bralca popelje v dan, ko ravno zaklju\u010duje maturo, se sre\u010da s svojim dekletom, ki je bilo v preteklosti \u017ertev spolnega nasilja, odigra pomembno nogometno tekmo in se odpravi na po\u010ditnice s svojim najbolj\u0161im prijateljem Fabom. V ospredje stopa prav njun odnos in prijateljstvo kot vrednota: junaka si stojita ob strani, se vzpodbujata, si pomagata, hkrati pa za dosego skupnega cilja zdru\u017eita mo\u010di in iznajdljivost. Za razliko od klasi\u010dnih mladinskih romanov, ki se kon\u010dajo z obetom svetle prihodnosti,\u00a0<em>Vsak trenutek \u0161teje<\/em>\u00a0v ospredje postavlja problemsko temo minljivosti.<\/p>\n<p>Roman lahko beremo tudi kot Giacomov osebni dnevnik o polno pre\u017eivetih minutah njegovega zadnjega dne, v katerem se pripovedovalec osredoto\u010da na \u0161tevilne tu in tam raztresene malenkosti, ki kli\u010dejo po razumevanju, kako dragocen je vsak trenutek, kako pomembno je vsakega \u017eiveti polno, kot bi bil zadnji. Pretresljivo, a globoko nagovorljivo branje tako za mladostnike kot za odrasle bralce.<\/p>\n<h4><a href=\"https:\/\/www.iskreni.net\/trgovina\/wp-content\/uploads\/2022\/05\/Ballerini-2022-Vsak-trenutek-steje-prelistaj-knjigo.pdf\"><strong>Prelistaj<\/strong><\/a><\/h4>\n","protected":false},"excerpt":{"rendered":"<p><strong>Avtor prevoda:<\/strong> Meta Lenart Perger<br \/>\n<strong>Leto izdaje:<\/strong> 2022<br \/>\n<strong>\u0160tevilo strani:<\/strong> 212<br \/>\n<strong>Format:<\/strong> 135 x 210 mm<\/p>\n<h4><strong>Vsak trenutek je vredno \u017eiveti, silovito \u017eiveti!<\/strong><\/h4>\n<h4><a href=\"https:\/\/www.iskreni.net\/trgovina\/wp-content\/uploads\/2022\/05\/Ballerini-2022-Vsak-trenutek-steje-prelistaj-knjigo.pdf\"><strong>Prelistaj<\/strong><\/a><\/h4>\n","protected":false},"featured_media":54445,"comment_status":"open","ping_status":"closed","template":"","meta":[],"product_brand":[],"product_cat":[2325,2350,63],"product_tag":[],"avtor":[2479],"zalozba":[2337],"vezava":[2306],"class_list":{"0":"post-54356","1":"product","2":"type-product","3":"status-publish","4":"has-post-thumbnail","6":"product_cat-leposlovje","7":"product_cat-za-mlade","8":"product_cat-knjige","9":"avtor-luigi-ballerini","10":"zalozba-celjska-mohorjeva-druzba","11":"vezava-trda","13":"first","14":"instock","15":"taxable","16":"shipping-taxable","17":"purchasable","18":"product-type-simple"},"yoast_head":"<!-- This site is optimized with the Yoast SEO plugin v26.3 - https:\/\/yoast.com\/wordpress\/plugins\/seo\/ -->\n<title>Vsak trenutek \u0161teje - Iskreni<\/title>\n<meta name=\"description\" content=\"Vsak trenutek \u0161teje je mladinski roman, namenjen zrelemu bralcu, ki govori o odra\u0161\u010danju in kli\u010de po razumevanju, kako dragocen je vsak trenutek.\" \/>\n<meta name=\"robots\" content=\"index, follow, max-snippet:-1, max-image-preview:large, max-video-preview:-1\" \/>\n<link rel=\"canonical\" href=\"https:\/\/www.iskreni.net\/trgovina\/product\/vsak-trenutek-steje\/\" \/>\n<meta property=\"og:locale\" content=\"sl_SI\" \/>\n<meta property=\"og:type\" content=\"article\" \/>\n<meta property=\"og:title\" content=\"Vsak trenutek \u0161teje\" \/>\n<meta property=\"og:description\" content=\"Vsak trenutek \u0161teje je mladinski roman, namenjen zrelemu bralcu, ki govori o odra\u0161\u010danju in kli\u010de po razumevanju, kako dragocen je vsak trenutek.\" \/>\n<meta property=\"og:url\" content=\"https:\/\/www.iskreni.net\/trgovina\/product\/vsak-trenutek-steje\/\" \/>\n<meta property=\"og:site_name\" content=\"Zavod Iskreni\" \/>\n<meta property=\"article:modified_time\" content=\"2023-10-19T09:02:09+00:00\" \/>\n<meta property=\"og:image\" content=\"https:\/\/www.iskreni.net\/trgovina\/wp-content\/uploads\/2022\/05\/8.jpg\" \/>\n\t<meta property=\"og:image:width\" content=\"600\" \/>\n\t<meta property=\"og:image:height\" content=\"600\" \/>\n\t<meta property=\"og:image:type\" content=\"image\/jpeg\" \/>\n<meta name=\"twitter:card\" content=\"summary_large_image\" \/>\n<meta name=\"twitter:label1\" content=\"Est. reading time\" \/>\n\t<meta name=\"twitter:data1\" content=\"2 minuti\" \/>\n<script type=\"application\/ld+json\" class=\"yoast-schema-graph\">{\"@context\":\"https:\/\/schema.org\",\"@graph\":[{\"@type\":\"WebPage\",\"@id\":\"https:\/\/www.iskreni.net\/trgovina\/product\/vsak-trenutek-steje\/\",\"url\":\"https:\/\/www.iskreni.net\/trgovina\/product\/vsak-trenutek-steje\/\",\"name\":\"Vsak trenutek \u0161teje - Iskreni\",\"isPartOf\":{\"@id\":\"https:\/\/www.iskreni.net\/trgovina\/#website\"},\"primaryImageOfPage\":{\"@id\":\"https:\/\/www.iskreni.net\/trgovina\/product\/vsak-trenutek-steje\/#primaryimage\"},\"image\":{\"@id\":\"https:\/\/www.iskreni.net\/trgovina\/product\/vsak-trenutek-steje\/#primaryimage\"},\"thumbnailUrl\":\"https:\/\/www.iskreni.net\/trgovina\/wp-content\/uploads\/2022\/05\/8.jpg\",\"datePublished\":\"2022-05-18T13:18:20+00:00\",\"dateModified\":\"2023-10-19T09:02:09+00:00\",\"description\":\"Vsak trenutek \u0161teje je mladinski roman, namenjen zrelemu bralcu, ki govori o odra\u0161\u010danju in kli\u010de po razumevanju, kako dragocen je vsak trenutek.\",\"breadcrumb\":{\"@id\":\"https:\/\/www.iskreni.net\/trgovina\/product\/vsak-trenutek-steje\/#breadcrumb\"},\"inLanguage\":\"sl-SI\",\"potentialAction\":[{\"@type\":\"ReadAction\",\"target\":[\"https:\/\/www.iskreni.net\/trgovina\/product\/vsak-trenutek-steje\/\"]}]},{\"@type\":\"ImageObject\",\"inLanguage\":\"sl-SI\",\"@id\":\"https:\/\/www.iskreni.net\/trgovina\/product\/vsak-trenutek-steje\/#primaryimage\",\"url\":\"https:\/\/www.iskreni.net\/trgovina\/wp-content\/uploads\/2022\/05\/8.jpg\",\"contentUrl\":\"https:\/\/www.iskreni.net\/trgovina\/wp-content\/uploads\/2022\/05\/8.jpg\",\"width\":600,\"height\":600},{\"@type\":\"BreadcrumbList\",\"@id\":\"https:\/\/www.iskreni.net\/trgovina\/product\/vsak-trenutek-steje\/#breadcrumb\",\"itemListElement\":[{\"@type\":\"ListItem\",\"position\":1,\"name\":\"Home\",\"item\":\"https:\/\/www.iskreni.net\/trgovina\/\"},{\"@type\":\"ListItem\",\"position\":2,\"name\":\"Trgovina\",\"item\":\"https:\/\/www.iskreni.net\/trgovina\/trgovina\/\"},{\"@type\":\"ListItem\",\"position\":3,\"name\":\"Vsak trenutek \u0161teje\"}]},{\"@type\":\"WebSite\",\"@id\":\"https:\/\/www.iskreni.net\/trgovina\/#website\",\"url\":\"https:\/\/www.iskreni.net\/trgovina\/\",\"name\":\"Zavod Iskreni\",\"description\":\"trgovina\",\"potentialAction\":[{\"@type\":\"SearchAction\",\"target\":{\"@type\":\"EntryPoint\",\"urlTemplate\":\"https:\/\/www.iskreni.net\/trgovina\/?s={search_term_string}\"},\"query-input\":{\"@type\":\"PropertyValueSpecification\",\"valueRequired\":true,\"valueName\":\"search_term_string\"}}],\"inLanguage\":\"sl-SI\"}]}<\/script>\n<!-- \/ Yoast SEO plugin. -->","yoast_head_json":{"title":"Vsak trenutek \u0161teje - Iskreni","description":"Vsak trenutek \u0161teje je mladinski roman, namenjen zrelemu bralcu, ki govori o odra\u0161\u010danju in kli\u010de po razumevanju, kako dragocen je vsak trenutek.","robots":{"index":"index","follow":"follow","max-snippet":"max-snippet:-1","max-image-preview":"max-image-preview:large","max-video-preview":"max-video-preview:-1"},"canonical":"https:\/\/www.iskreni.net\/trgovina\/product\/vsak-trenutek-steje\/","og_locale":"sl_SI","og_type":"article","og_title":"Vsak trenutek \u0161teje","og_description":"Vsak trenutek \u0161teje je mladinski roman, namenjen zrelemu bralcu, ki govori o odra\u0161\u010danju in kli\u010de po razumevanju, kako dragocen je vsak trenutek.","og_url":"https:\/\/www.iskreni.net\/trgovina\/product\/vsak-trenutek-steje\/","og_site_name":"Zavod Iskreni","article_modified_time":"2023-10-19T09:02:09+00:00","og_image":[{"width":600,"height":600,"url":"https:\/\/www.iskreni.net\/trgovina\/wp-content\/uploads\/2022\/05\/8.jpg","type":"image\/jpeg"}],"twitter_card":"summary_large_image","twitter_misc":{"Est. reading time":"2 minuti"},"schema":{"@context":"https:\/\/schema.org","@graph":[{"@type":"WebPage","@id":"https:\/\/www.iskreni.net\/trgovina\/product\/vsak-trenutek-steje\/","url":"https:\/\/www.iskreni.net\/trgovina\/product\/vsak-trenutek-steje\/","name":"Vsak trenutek \u0161teje - Iskreni","isPartOf":{"@id":"https:\/\/www.iskreni.net\/trgovina\/#website"},"primaryImageOfPage":{"@id":"https:\/\/www.iskreni.net\/trgovina\/product\/vsak-trenutek-steje\/#primaryimage"},"image":{"@id":"https:\/\/www.iskreni.net\/trgovina\/product\/vsak-trenutek-steje\/#primaryimage"},"thumbnailUrl":"https:\/\/www.iskreni.net\/trgovina\/wp-content\/uploads\/2022\/05\/8.jpg","datePublished":"2022-05-18T13:18:20+00:00","dateModified":"2023-10-19T09:02:09+00:00","description":"Vsak trenutek \u0161teje je mladinski roman, namenjen zrelemu bralcu, ki govori o odra\u0161\u010danju in kli\u010de po razumevanju, kako dragocen je vsak trenutek.","breadcrumb":{"@id":"https:\/\/www.iskreni.net\/trgovina\/product\/vsak-trenutek-steje\/#breadcrumb"},"inLanguage":"sl-SI","potentialAction":[{"@type":"ReadAction","target":["https:\/\/www.iskreni.net\/trgovina\/product\/vsak-trenutek-steje\/"]}]},{"@type":"ImageObject","inLanguage":"sl-SI","@id":"https:\/\/www.iskreni.net\/trgovina\/product\/vsak-trenutek-steje\/#primaryimage","url":"https:\/\/www.iskreni.net\/trgovina\/wp-content\/uploads\/2022\/05\/8.jpg","contentUrl":"https:\/\/www.iskreni.net\/trgovina\/wp-content\/uploads\/2022\/05\/8.jpg","width":600,"height":600},{"@type":"BreadcrumbList","@id":"https:\/\/www.iskreni.net\/trgovina\/product\/vsak-trenutek-steje\/#breadcrumb","itemListElement":[{"@type":"ListItem","position":1,"name":"Home","item":"https:\/\/www.iskreni.net\/trgovina\/"},{"@type":"ListItem","position":2,"name":"Trgovina","item":"https:\/\/www.iskreni.net\/trgovina\/trgovina\/"},{"@type":"ListItem","position":3,"name":"Vsak trenutek \u0161teje"}]},{"@type":"WebSite","@id":"https:\/\/www.iskreni.net\/trgovina\/#website","url":"https:\/\/www.iskreni.net\/trgovina\/","name":"Zavod Iskreni","description":"trgovina","potentialAction":[{"@type":"SearchAction","target":{"@type":"EntryPoint","urlTemplate":"https:\/\/www.iskreni.net\/trgovina\/?s={search_term_string}"},"query-input":{"@type":"PropertyValueSpecification","valueRequired":true,"valueName":"search_term_string"}}],"inLanguage":"sl-SI"}]}},"_links":{"self":[{"href":"https:\/\/www.iskreni.net\/trgovina\/wp-json\/wp\/v2\/product\/54356","targetHints":{"allow":["GET"]}}],"collection":[{"href":"https:\/\/www.iskreni.net\/trgovina\/wp-json\/wp\/v2\/product"}],"about":[{"href":"https:\/\/www.iskreni.net\/trgovina\/wp-json\/wp\/v2\/types\/product"}],"replies":[{"embeddable":true,"href":"https:\/\/www.iskreni.net\/trgovina\/wp-json\/wp\/v2\/comments?post=54356"}],"version-history":[{"count":6,"href":"https:\/\/www.iskreni.net\/trgovina\/wp-json\/wp\/v2\/product\/54356\/revisions"}],"predecessor-version":[{"id":70076,"href":"https:\/\/www.iskreni.net\/trgovina\/wp-json\/wp\/v2\/product\/54356\/revisions\/70076"}],"wp:featuredmedia":[{"embeddable":true,"href":"https:\/\/www.iskreni.net\/trgovina\/wp-json\/wp\/v2\/media\/54445"}],"wp:attachment":[{"href":"https:\/\/www.iskreni.net\/trgovina\/wp-json\/wp\/v2\/media?parent=54356"}],"wp:term":[{"taxonomy":"product_brand","embeddable":true,"href":"https:\/\/www.iskreni.net\/trgovina\/wp-json\/wp\/v2\/product_brand?post=54356"},{"taxonomy":"product_cat","embeddable":true,"href":"https:\/\/www.iskreni.net\/trgovina\/wp-json\/wp\/v2\/product_cat?post=54356"},{"taxonomy":"product_tag","embeddable":true,"href":"https:\/\/www.iskreni.net\/trgovina\/wp-json\/wp\/v2\/product_tag?post=54356"},{"taxonomy":"avtor","embeddable":true,"href":"https:\/\/www.iskreni.net\/trgovina\/wp-json\/wp\/v2\/avtor?post=54356"},{"taxonomy":"zalozba","embeddable":true,"href":"https:\/\/www.iskreni.net\/trgovina\/wp-json\/wp\/v2\/zalozba?post=54356"},{"taxonomy":"vezava","embeddable":true,"href":"https:\/\/www.iskreni.net\/trgovina\/wp-json\/wp\/v2\/vezava?post=54356"}],"curies":[{"name":"wp","href":"https:\/\/api.w.org\/{rel}","templated":true}]}}