{"id":53156,"date":"2022-04-01T11:55:46","date_gmt":"2022-04-01T09:55:46","guid":{"rendered":"https:\/\/www.iskreni.net\/trgovina\/?post_type=product&#038;p=53156"},"modified":"2026-01-14T11:02:03","modified_gmt":"2026-01-14T10:02:03","slug":"spomin-male-in-velike-zivali","status":"publish","type":"product","link":"https:\/\/www.iskreni.net\/trgovina\/product\/spomin-male-in-velike-zivali\/","title":{"rendered":"Spomin male in velike \u017eivali"},"content":{"rendered":"<p>Dru\u017eabne igre otroku in celi dru\u017eini omogo\u010dajo zabavo. Otrok se pri igri u\u010di in spoznava nove podobe, like, barve, \u2026 Hkrati se u\u010di emocij kot je zmaga ali izguba ter razvija motori\u010dne spretnosti, spomin, koncentracijo.<\/p>\n<p>Izdelek ima mednarodni varnostni certifikat CE- varno za dojen\u010dke in otroke iz materialov prijaznim okolju in va\u0161em otroku.<\/p>\n<p>Dimenzije: 50&#215;50 mm<br \/>\nMaterial: vezana plo\u0161\u010da topol debeline 3 mm figure z narisanimi motivi, barve.<\/p>\n<p>Lesen spomin &#8211; male in velike \u017eivali je sestavljen iz 20 parov (40 plo\u0161\u010dic) \u017eivali in je ro\u010dno pobarvan. Plo\u0161\u010dice so velikosti 5&#215;5 cm. Izdelek je v leseni \u0161katli.<\/p>\n","protected":false},"excerpt":{"rendered":"<p>Lesen spomin male in velike \u017eivali je sestavljen iz 20 parov (40 plo\u0161\u010dic) \u017eivali in je ro\u010dno pobarvan.<\/p>\n","protected":false},"featured_media":53158,"comment_status":"open","ping_status":"closed","template":"","meta":[],"product_brand":[],"product_cat":[855,1014],"product_tag":[578,1342,868],"avtor":[],"zalozba":[],"vezava":[],"class_list":{"0":"post-53156","1":"product","2":"type-product","3":"status-publish","4":"has-post-thumbnail","6":"product_cat-druzabne-igre-ostala-ponudba","7":"product_cat-ucni-pripomocki","8":"product_tag-druzabna-igra","9":"product_tag-leseni-izdelki","10":"product_tag-ucni-pripomocek","12":"first","13":"onbackorder","14":"taxable","15":"shipping-taxable","16":"purchasable","17":"product-type-simple"},"yoast_head":"<!-- This site is optimized with the Yoast SEO plugin v26.3 - https:\/\/yoast.com\/wordpress\/plugins\/seo\/ -->\n<title>Spomin male in velike \u017eivali - trgovina Iskreni<\/title>\n<meta name=\"description\" content=\"Lesena dru\u017eabna igra spomin z motivi malih in velikih \u017eivali. Otrok se pri igri u\u010di in spoznava nove podobe, like, barve, \u2026\" \/>\n<meta name=\"robots\" content=\"index, follow, max-snippet:-1, max-image-preview:large, max-video-preview:-1\" \/>\n<link rel=\"canonical\" href=\"https:\/\/www.iskreni.net\/trgovina\/product\/spomin-male-in-velike-zivali\/\" \/>\n<meta property=\"og:locale\" content=\"sl_SI\" \/>\n<meta property=\"og:type\" content=\"article\" \/>\n<meta property=\"og:title\" content=\"Spomin male in velike \u017eivali - trgovina Iskreni\" \/>\n<meta property=\"og:description\" content=\"Lesena dru\u017eabna igra spomin z motivi malih in velikih \u017eivali. Otrok se pri igri u\u010di in spoznava nove podobe, like, barve, \u2026\" \/>\n<meta property=\"og:url\" content=\"https:\/\/www.iskreni.net\/trgovina\/product\/spomin-male-in-velike-zivali\/\" \/>\n<meta property=\"og:site_name\" content=\"Zavod Iskreni\" \/>\n<meta property=\"article:modified_time\" content=\"2026-01-14T10:02:03+00:00\" \/>\n<meta property=\"og:image\" content=\"https:\/\/www.iskreni.net\/trgovina\/wp-content\/uploads\/2022\/04\/Spomin-male-in-velike-zivali.jpg\" \/>\n\t<meta property=\"og:image:width\" content=\"1024\" \/>\n\t<meta property=\"og:image:height\" content=\"1024\" \/>\n\t<meta property=\"og:image:type\" content=\"image\/jpeg\" \/>\n<meta name=\"twitter:card\" content=\"summary_large_image\" \/>\n<meta name=\"twitter:label1\" content=\"Est. reading time\" \/>\n\t<meta name=\"twitter:data1\" content=\"1 minuta\" \/>\n<script type=\"application\/ld+json\" class=\"yoast-schema-graph\">{\"@context\":\"https:\/\/schema.org\",\"@graph\":[{\"@type\":\"WebPage\",\"@id\":\"https:\/\/www.iskreni.net\/trgovina\/product\/spomin-male-in-velike-zivali\/\",\"url\":\"https:\/\/www.iskreni.net\/trgovina\/product\/spomin-male-in-velike-zivali\/\",\"name\":\"Spomin male in velike \u017eivali - trgovina Iskreni\",\"isPartOf\":{\"@id\":\"https:\/\/www.iskreni.net\/trgovina\/#website\"},\"primaryImageOfPage\":{\"@id\":\"https:\/\/www.iskreni.net\/trgovina\/product\/spomin-male-in-velike-zivali\/#primaryimage\"},\"image\":{\"@id\":\"https:\/\/www.iskreni.net\/trgovina\/product\/spomin-male-in-velike-zivali\/#primaryimage\"},\"thumbnailUrl\":\"https:\/\/www.iskreni.net\/trgovina\/wp-content\/uploads\/2022\/04\/Spomin-male-in-velike-zivali.jpg\",\"datePublished\":\"2022-04-01T09:55:46+00:00\",\"dateModified\":\"2026-01-14T10:02:03+00:00\",\"description\":\"Lesena dru\u017eabna igra spomin z motivi malih in velikih \u017eivali. Otrok se pri igri u\u010di in spoznava nove podobe, like, barve, \u2026\",\"breadcrumb\":{\"@id\":\"https:\/\/www.iskreni.net\/trgovina\/product\/spomin-male-in-velike-zivali\/#breadcrumb\"},\"inLanguage\":\"sl-SI\",\"potentialAction\":[{\"@type\":\"ReadAction\",\"target\":[\"https:\/\/www.iskreni.net\/trgovina\/product\/spomin-male-in-velike-zivali\/\"]}]},{\"@type\":\"ImageObject\",\"inLanguage\":\"sl-SI\",\"@id\":\"https:\/\/www.iskreni.net\/trgovina\/product\/spomin-male-in-velike-zivali\/#primaryimage\",\"url\":\"https:\/\/www.iskreni.net\/trgovina\/wp-content\/uploads\/2022\/04\/Spomin-male-in-velike-zivali.jpg\",\"contentUrl\":\"https:\/\/www.iskreni.net\/trgovina\/wp-content\/uploads\/2022\/04\/Spomin-male-in-velike-zivali.jpg\",\"width\":1024,\"height\":1024},{\"@type\":\"BreadcrumbList\",\"@id\":\"https:\/\/www.iskreni.net\/trgovina\/product\/spomin-male-in-velike-zivali\/#breadcrumb\",\"itemListElement\":[{\"@type\":\"ListItem\",\"position\":1,\"name\":\"Home\",\"item\":\"https:\/\/www.iskreni.net\/trgovina\/\"},{\"@type\":\"ListItem\",\"position\":2,\"name\":\"Trgovina\",\"item\":\"https:\/\/www.iskreni.net\/trgovina\/trgovina\/\"},{\"@type\":\"ListItem\",\"position\":3,\"name\":\"Spomin male in velike \u017eivali\"}]},{\"@type\":\"WebSite\",\"@id\":\"https:\/\/www.iskreni.net\/trgovina\/#website\",\"url\":\"https:\/\/www.iskreni.net\/trgovina\/\",\"name\":\"Zavod Iskreni\",\"description\":\"trgovina\",\"potentialAction\":[{\"@type\":\"SearchAction\",\"target\":{\"@type\":\"EntryPoint\",\"urlTemplate\":\"https:\/\/www.iskreni.net\/trgovina\/?s={search_term_string}\"},\"query-input\":{\"@type\":\"PropertyValueSpecification\",\"valueRequired\":true,\"valueName\":\"search_term_string\"}}],\"inLanguage\":\"sl-SI\"}]}<\/script>\n<!-- \/ Yoast SEO plugin. -->","yoast_head_json":{"title":"Spomin male in velike \u017eivali - trgovina Iskreni","description":"Lesena dru\u017eabna igra spomin z motivi malih in velikih \u017eivali. Otrok se pri igri u\u010di in spoznava nove podobe, like, barve, \u2026","robots":{"index":"index","follow":"follow","max-snippet":"max-snippet:-1","max-image-preview":"max-image-preview:large","max-video-preview":"max-video-preview:-1"},"canonical":"https:\/\/www.iskreni.net\/trgovina\/product\/spomin-male-in-velike-zivali\/","og_locale":"sl_SI","og_type":"article","og_title":"Spomin male in velike \u017eivali - trgovina Iskreni","og_description":"Lesena dru\u017eabna igra spomin z motivi malih in velikih \u017eivali. Otrok se pri igri u\u010di in spoznava nove podobe, like, barve, \u2026","og_url":"https:\/\/www.iskreni.net\/trgovina\/product\/spomin-male-in-velike-zivali\/","og_site_name":"Zavod Iskreni","article_modified_time":"2026-01-14T10:02:03+00:00","og_image":[{"width":1024,"height":1024,"url":"https:\/\/www.iskreni.net\/trgovina\/wp-content\/uploads\/2022\/04\/Spomin-male-in-velike-zivali.jpg","type":"image\/jpeg"}],"twitter_card":"summary_large_image","twitter_misc":{"Est. reading time":"1 minuta"},"schema":{"@context":"https:\/\/schema.org","@graph":[{"@type":"WebPage","@id":"https:\/\/www.iskreni.net\/trgovina\/product\/spomin-male-in-velike-zivali\/","url":"https:\/\/www.iskreni.net\/trgovina\/product\/spomin-male-in-velike-zivali\/","name":"Spomin male in velike \u017eivali - trgovina Iskreni","isPartOf":{"@id":"https:\/\/www.iskreni.net\/trgovina\/#website"},"primaryImageOfPage":{"@id":"https:\/\/www.iskreni.net\/trgovina\/product\/spomin-male-in-velike-zivali\/#primaryimage"},"image":{"@id":"https:\/\/www.iskreni.net\/trgovina\/product\/spomin-male-in-velike-zivali\/#primaryimage"},"thumbnailUrl":"https:\/\/www.iskreni.net\/trgovina\/wp-content\/uploads\/2022\/04\/Spomin-male-in-velike-zivali.jpg","datePublished":"2022-04-01T09:55:46+00:00","dateModified":"2026-01-14T10:02:03+00:00","description":"Lesena dru\u017eabna igra spomin z motivi malih in velikih \u017eivali. Otrok se pri igri u\u010di in spoznava nove podobe, like, barve, \u2026","breadcrumb":{"@id":"https:\/\/www.iskreni.net\/trgovina\/product\/spomin-male-in-velike-zivali\/#breadcrumb"},"inLanguage":"sl-SI","potentialAction":[{"@type":"ReadAction","target":["https:\/\/www.iskreni.net\/trgovina\/product\/spomin-male-in-velike-zivali\/"]}]},{"@type":"ImageObject","inLanguage":"sl-SI","@id":"https:\/\/www.iskreni.net\/trgovina\/product\/spomin-male-in-velike-zivali\/#primaryimage","url":"https:\/\/www.iskreni.net\/trgovina\/wp-content\/uploads\/2022\/04\/Spomin-male-in-velike-zivali.jpg","contentUrl":"https:\/\/www.iskreni.net\/trgovina\/wp-content\/uploads\/2022\/04\/Spomin-male-in-velike-zivali.jpg","width":1024,"height":1024},{"@type":"BreadcrumbList","@id":"https:\/\/www.iskreni.net\/trgovina\/product\/spomin-male-in-velike-zivali\/#breadcrumb","itemListElement":[{"@type":"ListItem","position":1,"name":"Home","item":"https:\/\/www.iskreni.net\/trgovina\/"},{"@type":"ListItem","position":2,"name":"Trgovina","item":"https:\/\/www.iskreni.net\/trgovina\/trgovina\/"},{"@type":"ListItem","position":3,"name":"Spomin male in velike \u017eivali"}]},{"@type":"WebSite","@id":"https:\/\/www.iskreni.net\/trgovina\/#website","url":"https:\/\/www.iskreni.net\/trgovina\/","name":"Zavod Iskreni","description":"trgovina","potentialAction":[{"@type":"SearchAction","target":{"@type":"EntryPoint","urlTemplate":"https:\/\/www.iskreni.net\/trgovina\/?s={search_term_string}"},"query-input":{"@type":"PropertyValueSpecification","valueRequired":true,"valueName":"search_term_string"}}],"inLanguage":"sl-SI"}]}},"_links":{"self":[{"href":"https:\/\/www.iskreni.net\/trgovina\/wp-json\/wp\/v2\/product\/53156","targetHints":{"allow":["GET"]}}],"collection":[{"href":"https:\/\/www.iskreni.net\/trgovina\/wp-json\/wp\/v2\/product"}],"about":[{"href":"https:\/\/www.iskreni.net\/trgovina\/wp-json\/wp\/v2\/types\/product"}],"replies":[{"embeddable":true,"href":"https:\/\/www.iskreni.net\/trgovina\/wp-json\/wp\/v2\/comments?post=53156"}],"version-history":[{"count":2,"href":"https:\/\/www.iskreni.net\/trgovina\/wp-json\/wp\/v2\/product\/53156\/revisions"}],"predecessor-version":[{"id":53159,"href":"https:\/\/www.iskreni.net\/trgovina\/wp-json\/wp\/v2\/product\/53156\/revisions\/53159"}],"wp:featuredmedia":[{"embeddable":true,"href":"https:\/\/www.iskreni.net\/trgovina\/wp-json\/wp\/v2\/media\/53158"}],"wp:attachment":[{"href":"https:\/\/www.iskreni.net\/trgovina\/wp-json\/wp\/v2\/media?parent=53156"}],"wp:term":[{"taxonomy":"product_brand","embeddable":true,"href":"https:\/\/www.iskreni.net\/trgovina\/wp-json\/wp\/v2\/product_brand?post=53156"},{"taxonomy":"product_cat","embeddable":true,"href":"https:\/\/www.iskreni.net\/trgovina\/wp-json\/wp\/v2\/product_cat?post=53156"},{"taxonomy":"product_tag","embeddable":true,"href":"https:\/\/www.iskreni.net\/trgovina\/wp-json\/wp\/v2\/product_tag?post=53156"},{"taxonomy":"avtor","embeddable":true,"href":"https:\/\/www.iskreni.net\/trgovina\/wp-json\/wp\/v2\/avtor?post=53156"},{"taxonomy":"zalozba","embeddable":true,"href":"https:\/\/www.iskreni.net\/trgovina\/wp-json\/wp\/v2\/zalozba?post=53156"},{"taxonomy":"vezava","embeddable":true,"href":"https:\/\/www.iskreni.net\/trgovina\/wp-json\/wp\/v2\/vezava?post=53156"}],"curies":[{"name":"wp","href":"https:\/\/api.w.org\/{rel}","templated":true}]}}