{"id":51726,"date":"2022-03-15T11:18:58","date_gmt":"2022-03-15T10:18:58","guid":{"rendered":"https:\/\/www.iskreni.net\/trgovina\/?post_type=product&#038;p=51726"},"modified":"2024-01-18T15:18:04","modified_gmt":"2024-01-18T14:18:04","slug":"osveziva-najino-ljubezen","status":"publish","type":"product","link":"https:\/\/www.iskreni.net\/trgovina\/product\/osveziva-najino-ljubezen\/","title":{"rendered":"Osve\u017eiva najino ljubezen"},"content":{"rendered":"<h3>O knjigi Osve\u017eiva najino ljubezen:<\/h3>\n<p>Se ljubezen s \u010dasom obrabi ali je nasprotno poklicana, da raste? Ta knji\u017eica, namenjena parom, prina\u0161a konkretne napotke za o\u017eivitev procesa rasti. Korak za korakom jih osvetljujejo tudi odlomki iz apostolske spodbude pape\u017ea Fran\u010di\u0161ka\u00a0<i>Radost ljubezni.\u00a0<\/i>Vzemita si 9 dni za molitev, novo bli\u017eino in krepitev odnosa.<\/p>\n<p>Zbirka \u00bb<strong><em>V 9. dneh \u2026<\/em><\/strong>\u00ab prina\u0161a kratke duhovne vaje, ki jih lahko opravljamo doma, na po\u010ditnicah, na avtobusu ali vlaku \u2026 Namenjene so ljudem, ki se kljub pomanjkanju \u010dasa odlo\u010dijo, da bodo predlaganim vsebinam posvetili deset minut na dan.<\/p>\n<p>Devet dni navdihujo\u010dih razmi\u0161ljanj na to\u010dno dolo\u010deno temo prina\u0161a napredek v duhovnem \u017eivljenju. So \u0161ola molitve in obenem resni\u010dni pripomo\u010dek za spreminjanje samega sebe.<\/p>\n<p>Za vsak dan sta predlagani dve meditaciji. \u010ce je le mo\u017eno, se prvi posvetite zjutraj, drugi pa v primernem trenutku \u010dez dan ali zve\u010der.<\/p>\n<p>Kratke duhovne vaje sestavljajo: vaje za zbranost, Bo\u017eja beseda, misli svetnikov ali v\u00e9likih duhovnih piscev, dnevna odlo\u010ditev \u2026 Vse to nam pomaga vstopiti globoko v pristno duhovno izkustvo.<\/p>\n<p>V peti knjigi v zbirki,<em><strong>\u00a0Osve\u017eiva najino ljubezen<\/strong>,<\/em>\u00a0vas priznani duhovni avtor Michel Martin-Pr\u00e9vel\u00a0popelje na pot rasti v ljubezni\u00a0s pomo\u010djo naslednjih razmi\u0161ljanj:<\/p>\n<ol>\n<li>dan:\u00a0\u017divljenje v dvoje<\/li>\n<li>dan:\u00a0Najin odnos<\/li>\n<li>dan:\u00a0Najin dialog<\/li>\n<li>dan:\u00a0Moje osebne rane<\/li>\n<li>dan:\u00a0Najini konflikti<\/li>\n<li>dan:\u00a0Najina odpu\u0161\u010danja<\/li>\n<li>dan:\u00a0Najina intimnost<\/li>\n<li>dan:\u00a0Najina dru\u017eina<\/li>\n<li>dan:\u00a0Moje molitveno \u017eivljenje<\/li>\n<\/ol>\n<h3>O avtorju:<\/h3>\n<p><b>Michel Martin-Pr\u00e9vel<\/b><i>\u00a0<\/i>je \u010dlan Skupnosti blagrov. Po 32 letih zakona je ovdovel in stopil na pot duhovni\u0161tva. Posve\u010den je bil leta 2009. Kot duhovnik spremlja zakonce v stiski in razvezane.<\/p>\n","protected":false},"excerpt":{"rendered":"<p><strong>Leto izdaje:<\/strong> 2022<br \/>\n<strong>\u0160tevilo strani:<\/strong> 60<\/p>\n<p><em>Se ljubezen s \u010dasom obrabi ali je nasprotno poklicana, da raste?<\/em><\/p>\n<p>&nbsp;<\/p>\n","protected":false},"featured_media":51730,"comment_status":"open","ping_status":"closed","template":"","meta":[],"product_brand":[],"product_cat":[2322,2324,63],"product_tag":[1061,1896],"avtor":[2725],"zalozba":[2335],"vezava":[2307],"class_list":{"0":"post-51726","1":"product","2":"type-product","3":"status-publish","4":"has-post-thumbnail","6":"product_cat-druzina-in-odnosi","7":"product_cat-duhovnost-in-osebna-rast","8":"product_cat-knjige","9":"product_tag-duhovna-rast","10":"product_tag-molitev","11":"avtor-michel-martin-prevel","12":"zalozba-zalozba-emanuel","13":"vezava-mehka","15":"first","16":"instock","17":"taxable","18":"shipping-taxable","19":"purchasable","20":"product-type-simple"},"yoast_head":"<!-- This site is optimized with the Yoast SEO plugin v26.3 - https:\/\/yoast.com\/wordpress\/plugins\/seo\/ -->\n<title>Osve\u017eiva najino ljubezen - Zavod Iskreni<\/title>\n<meta name=\"description\" content=\"Se ljubezen s \u010dasom obrabi ali je poklicana, da raste? Ta knji\u017eica, namenjena parom, prina\u0161a konkretne napotke za o\u017eivitev procesa rasti.\" \/>\n<meta name=\"robots\" content=\"index, follow, max-snippet:-1, max-image-preview:large, max-video-preview:-1\" \/>\n<link rel=\"canonical\" href=\"https:\/\/www.iskreni.net\/trgovina\/product\/osveziva-najino-ljubezen\/\" \/>\n<meta property=\"og:locale\" content=\"sl_SI\" \/>\n<meta property=\"og:type\" content=\"article\" \/>\n<meta property=\"og:title\" content=\"Osve\u017eiva najino ljubezen - Zavod Iskreni\" \/>\n<meta property=\"og:description\" content=\"Se ljubezen s \u010dasom obrabi ali je poklicana, da raste? Ta knji\u017eica, namenjena parom, prina\u0161a konkretne napotke za o\u017eivitev procesa rasti.\" \/>\n<meta property=\"og:url\" content=\"https:\/\/www.iskreni.net\/trgovina\/product\/osveziva-najino-ljubezen\/\" \/>\n<meta property=\"og:site_name\" content=\"Zavod Iskreni\" \/>\n<meta property=\"article:modified_time\" content=\"2024-01-18T14:18:04+00:00\" \/>\n<meta property=\"og:image\" content=\"https:\/\/www.iskreni.net\/trgovina\/wp-content\/uploads\/2022\/03\/Osveziva-najino-ljubezen.jpg\" \/>\n\t<meta property=\"og:image:width\" content=\"600\" \/>\n\t<meta property=\"og:image:height\" content=\"600\" \/>\n\t<meta property=\"og:image:type\" content=\"image\/jpeg\" \/>\n<meta name=\"twitter:card\" content=\"summary_large_image\" \/>\n<meta name=\"twitter:label1\" content=\"Est. reading time\" \/>\n\t<meta name=\"twitter:data1\" content=\"2 minuti\" \/>\n<script type=\"application\/ld+json\" class=\"yoast-schema-graph\">{\"@context\":\"https:\/\/schema.org\",\"@graph\":[{\"@type\":\"WebPage\",\"@id\":\"https:\/\/www.iskreni.net\/trgovina\/product\/osveziva-najino-ljubezen\/\",\"url\":\"https:\/\/www.iskreni.net\/trgovina\/product\/osveziva-najino-ljubezen\/\",\"name\":\"Osve\u017eiva najino ljubezen - Zavod Iskreni\",\"isPartOf\":{\"@id\":\"https:\/\/www.iskreni.net\/trgovina\/#website\"},\"primaryImageOfPage\":{\"@id\":\"https:\/\/www.iskreni.net\/trgovina\/product\/osveziva-najino-ljubezen\/#primaryimage\"},\"image\":{\"@id\":\"https:\/\/www.iskreni.net\/trgovina\/product\/osveziva-najino-ljubezen\/#primaryimage\"},\"thumbnailUrl\":\"https:\/\/www.iskreni.net\/trgovina\/wp-content\/uploads\/2022\/03\/Osveziva-najino-ljubezen.jpg\",\"datePublished\":\"2022-03-15T10:18:58+00:00\",\"dateModified\":\"2024-01-18T14:18:04+00:00\",\"description\":\"Se ljubezen s \u010dasom obrabi ali je poklicana, da raste? Ta knji\u017eica, namenjena parom, prina\u0161a konkretne napotke za o\u017eivitev procesa rasti.\",\"breadcrumb\":{\"@id\":\"https:\/\/www.iskreni.net\/trgovina\/product\/osveziva-najino-ljubezen\/#breadcrumb\"},\"inLanguage\":\"sl-SI\",\"potentialAction\":[{\"@type\":\"ReadAction\",\"target\":[\"https:\/\/www.iskreni.net\/trgovina\/product\/osveziva-najino-ljubezen\/\"]}]},{\"@type\":\"ImageObject\",\"inLanguage\":\"sl-SI\",\"@id\":\"https:\/\/www.iskreni.net\/trgovina\/product\/osveziva-najino-ljubezen\/#primaryimage\",\"url\":\"https:\/\/www.iskreni.net\/trgovina\/wp-content\/uploads\/2022\/03\/Osveziva-najino-ljubezen.jpg\",\"contentUrl\":\"https:\/\/www.iskreni.net\/trgovina\/wp-content\/uploads\/2022\/03\/Osveziva-najino-ljubezen.jpg\",\"width\":600,\"height\":600},{\"@type\":\"BreadcrumbList\",\"@id\":\"https:\/\/www.iskreni.net\/trgovina\/product\/osveziva-najino-ljubezen\/#breadcrumb\",\"itemListElement\":[{\"@type\":\"ListItem\",\"position\":1,\"name\":\"Home\",\"item\":\"https:\/\/www.iskreni.net\/trgovina\/\"},{\"@type\":\"ListItem\",\"position\":2,\"name\":\"Trgovina\",\"item\":\"https:\/\/www.iskreni.net\/trgovina\/trgovina\/\"},{\"@type\":\"ListItem\",\"position\":3,\"name\":\"Osve\u017eiva najino ljubezen\"}]},{\"@type\":\"WebSite\",\"@id\":\"https:\/\/www.iskreni.net\/trgovina\/#website\",\"url\":\"https:\/\/www.iskreni.net\/trgovina\/\",\"name\":\"Zavod Iskreni\",\"description\":\"trgovina\",\"potentialAction\":[{\"@type\":\"SearchAction\",\"target\":{\"@type\":\"EntryPoint\",\"urlTemplate\":\"https:\/\/www.iskreni.net\/trgovina\/?s={search_term_string}\"},\"query-input\":{\"@type\":\"PropertyValueSpecification\",\"valueRequired\":true,\"valueName\":\"search_term_string\"}}],\"inLanguage\":\"sl-SI\"}]}<\/script>\n<!-- \/ Yoast SEO plugin. -->","yoast_head_json":{"title":"Osve\u017eiva najino ljubezen - Zavod Iskreni","description":"Se ljubezen s \u010dasom obrabi ali je poklicana, da raste? Ta knji\u017eica, namenjena parom, prina\u0161a konkretne napotke za o\u017eivitev procesa rasti.","robots":{"index":"index","follow":"follow","max-snippet":"max-snippet:-1","max-image-preview":"max-image-preview:large","max-video-preview":"max-video-preview:-1"},"canonical":"https:\/\/www.iskreni.net\/trgovina\/product\/osveziva-najino-ljubezen\/","og_locale":"sl_SI","og_type":"article","og_title":"Osve\u017eiva najino ljubezen - Zavod Iskreni","og_description":"Se ljubezen s \u010dasom obrabi ali je poklicana, da raste? Ta knji\u017eica, namenjena parom, prina\u0161a konkretne napotke za o\u017eivitev procesa rasti.","og_url":"https:\/\/www.iskreni.net\/trgovina\/product\/osveziva-najino-ljubezen\/","og_site_name":"Zavod Iskreni","article_modified_time":"2024-01-18T14:18:04+00:00","og_image":[{"width":600,"height":600,"url":"https:\/\/www.iskreni.net\/trgovina\/wp-content\/uploads\/2022\/03\/Osveziva-najino-ljubezen.jpg","type":"image\/jpeg"}],"twitter_card":"summary_large_image","twitter_misc":{"Est. reading time":"2 minuti"},"schema":{"@context":"https:\/\/schema.org","@graph":[{"@type":"WebPage","@id":"https:\/\/www.iskreni.net\/trgovina\/product\/osveziva-najino-ljubezen\/","url":"https:\/\/www.iskreni.net\/trgovina\/product\/osveziva-najino-ljubezen\/","name":"Osve\u017eiva najino ljubezen - Zavod Iskreni","isPartOf":{"@id":"https:\/\/www.iskreni.net\/trgovina\/#website"},"primaryImageOfPage":{"@id":"https:\/\/www.iskreni.net\/trgovina\/product\/osveziva-najino-ljubezen\/#primaryimage"},"image":{"@id":"https:\/\/www.iskreni.net\/trgovina\/product\/osveziva-najino-ljubezen\/#primaryimage"},"thumbnailUrl":"https:\/\/www.iskreni.net\/trgovina\/wp-content\/uploads\/2022\/03\/Osveziva-najino-ljubezen.jpg","datePublished":"2022-03-15T10:18:58+00:00","dateModified":"2024-01-18T14:18:04+00:00","description":"Se ljubezen s \u010dasom obrabi ali je poklicana, da raste? Ta knji\u017eica, namenjena parom, prina\u0161a konkretne napotke za o\u017eivitev procesa rasti.","breadcrumb":{"@id":"https:\/\/www.iskreni.net\/trgovina\/product\/osveziva-najino-ljubezen\/#breadcrumb"},"inLanguage":"sl-SI","potentialAction":[{"@type":"ReadAction","target":["https:\/\/www.iskreni.net\/trgovina\/product\/osveziva-najino-ljubezen\/"]}]},{"@type":"ImageObject","inLanguage":"sl-SI","@id":"https:\/\/www.iskreni.net\/trgovina\/product\/osveziva-najino-ljubezen\/#primaryimage","url":"https:\/\/www.iskreni.net\/trgovina\/wp-content\/uploads\/2022\/03\/Osveziva-najino-ljubezen.jpg","contentUrl":"https:\/\/www.iskreni.net\/trgovina\/wp-content\/uploads\/2022\/03\/Osveziva-najino-ljubezen.jpg","width":600,"height":600},{"@type":"BreadcrumbList","@id":"https:\/\/www.iskreni.net\/trgovina\/product\/osveziva-najino-ljubezen\/#breadcrumb","itemListElement":[{"@type":"ListItem","position":1,"name":"Home","item":"https:\/\/www.iskreni.net\/trgovina\/"},{"@type":"ListItem","position":2,"name":"Trgovina","item":"https:\/\/www.iskreni.net\/trgovina\/trgovina\/"},{"@type":"ListItem","position":3,"name":"Osve\u017eiva najino ljubezen"}]},{"@type":"WebSite","@id":"https:\/\/www.iskreni.net\/trgovina\/#website","url":"https:\/\/www.iskreni.net\/trgovina\/","name":"Zavod Iskreni","description":"trgovina","potentialAction":[{"@type":"SearchAction","target":{"@type":"EntryPoint","urlTemplate":"https:\/\/www.iskreni.net\/trgovina\/?s={search_term_string}"},"query-input":{"@type":"PropertyValueSpecification","valueRequired":true,"valueName":"search_term_string"}}],"inLanguage":"sl-SI"}]}},"_links":{"self":[{"href":"https:\/\/www.iskreni.net\/trgovina\/wp-json\/wp\/v2\/product\/51726","targetHints":{"allow":["GET"]}}],"collection":[{"href":"https:\/\/www.iskreni.net\/trgovina\/wp-json\/wp\/v2\/product"}],"about":[{"href":"https:\/\/www.iskreni.net\/trgovina\/wp-json\/wp\/v2\/types\/product"}],"replies":[{"embeddable":true,"href":"https:\/\/www.iskreni.net\/trgovina\/wp-json\/wp\/v2\/comments?post=51726"}],"version-history":[{"count":5,"href":"https:\/\/www.iskreni.net\/trgovina\/wp-json\/wp\/v2\/product\/51726\/revisions"}],"predecessor-version":[{"id":72774,"href":"https:\/\/www.iskreni.net\/trgovina\/wp-json\/wp\/v2\/product\/51726\/revisions\/72774"}],"wp:featuredmedia":[{"embeddable":true,"href":"https:\/\/www.iskreni.net\/trgovina\/wp-json\/wp\/v2\/media\/51730"}],"wp:attachment":[{"href":"https:\/\/www.iskreni.net\/trgovina\/wp-json\/wp\/v2\/media?parent=51726"}],"wp:term":[{"taxonomy":"product_brand","embeddable":true,"href":"https:\/\/www.iskreni.net\/trgovina\/wp-json\/wp\/v2\/product_brand?post=51726"},{"taxonomy":"product_cat","embeddable":true,"href":"https:\/\/www.iskreni.net\/trgovina\/wp-json\/wp\/v2\/product_cat?post=51726"},{"taxonomy":"product_tag","embeddable":true,"href":"https:\/\/www.iskreni.net\/trgovina\/wp-json\/wp\/v2\/product_tag?post=51726"},{"taxonomy":"avtor","embeddable":true,"href":"https:\/\/www.iskreni.net\/trgovina\/wp-json\/wp\/v2\/avtor?post=51726"},{"taxonomy":"zalozba","embeddable":true,"href":"https:\/\/www.iskreni.net\/trgovina\/wp-json\/wp\/v2\/zalozba?post=51726"},{"taxonomy":"vezava","embeddable":true,"href":"https:\/\/www.iskreni.net\/trgovina\/wp-json\/wp\/v2\/vezava?post=51726"}],"curies":[{"name":"wp","href":"https:\/\/api.w.org\/{rel}","templated":true}]}}