{"id":47308,"date":"2021-12-01T10:48:29","date_gmt":"2021-12-01T09:48:29","guid":{"rendered":"https:\/\/www.iskreni.net\/trgovina\/?post_type=product&#038;p=47308"},"modified":"2026-02-20T11:04:39","modified_gmt":"2026-02-20T10:04:39","slug":"tukaj-sem-zate-in-to-je-zgodba-mojega-zivljenja","status":"publish","type":"product","link":"https:\/\/www.iskreni.net\/trgovina\/product\/tukaj-sem-zate-in-to-je-zgodba-mojega-zivljenja\/","title":{"rendered":"Tukaj sem zate &#8230; in to je zgodba mojega \u017eivljenja"},"content":{"rendered":"<h3><strong>O knjigi:<\/strong><\/h3>\n<p style=\"font-weight: 400;\">Besedilo in ilustracije slikanice so nastale po navdihu in spontano po tem, ko se je avtorica soo\u010dila z globoko osamljenostjo in strahom, ki ju je nosila v sebi od otro\u0161tva. V procesu ozdravljanja se je sre\u010dala sama s seboj, kot tista mala deklica, ki je iskala tola\u017ebo, pa je ni na\u0161la. Kot odrasla je spoznala Jezusa in sedaj ga je lahko povabila v svojo ranjeno notranjost.<\/p>\n<p style=\"font-weight: 400;\">Ob\u010dutila je tako, kot je zapisala \u2013 da je Jezus potrkal na njena vrata in vpra\u0161al, \u010de lahko vstopi. Dovolila mu je \u2026 in povedal ji je zgodbo njegovega \u017eivljenja. Med tem ji je pripovedoval o njegovi ljubezni do nje, njegovi skrbi in kako komaj \u010daka, da se mu prepusti in mu zaupa. Ob njem je avtorica ozdravljala in postajala vse bolj ona \u2013 sre\u010dna in mo\u010dna ter predvsem polna veselja!<\/p>\n<p style=\"font-weight: 400;\">Knjiga je pisana za deklice, ker jo je do\u017eivljala skozi svojo \u017eenskost, vendar ni namenjena le na\u0161im h\u010derkam ali otrokom. Namenjena je tudi \u017eenskam, mamicam \u2013 saj v vsaki od nas \u017eivi ta mala deklica, ki \u010daka na tola\u017ebo.<\/p>\n<p style=\"font-weight: 400;\">Avtorica si \u017eeli, da bi jo prebrale vse \u017eene, mamice, h\u010dere, deklice &#8230; in da bi jih ne\u017ena Jezusova navzo\u010dnost ozdravila.<\/p>\n<h3><strong>O avtorici:<\/strong><\/h3>\n<p style=\"font-weight: 400;\">Nata\u0161a Rupena je na akademiji Belle Arti v Benetkah do\u0161tudirala oblikovanje. Med \u0161tudijem je do\u017eivela spreobrnjenje v kr\u0161\u010dansko (katoli\u0161ko) vero, ki je mo\u010dno preobrnil njeno \u017eivljenjsko pot. Spoznala je, da jo \u017eivljenje kot umetnice ne osre\u010duje, zato je zapustila okolje galerij in ateljeja ter se poglobila v \u0161tudij teologije. Zaljubljena v Jezusa in njegove prijatelje v nebesih je Bogu izro\u010dila vse svoje talente in dolga leta v svojem delu ni na\u0161la pravega miru.<\/p>\n<p style=\"font-weight: 400;\">Njeno \u017eivljenje je bilo duhovno vseskozi nadvse pestro in bogato: globoko do\u017eivljanje Boga in Njegove navzo\u010dnosti jo je vedno znova spodbujalo k pisanju in tako so nastajale molitve, zapiski in \u010dlanki, objavljeni v katoli\u0161kih medijih. Po bolezni, zaradi katere je za ve\u010d mesecev oble\u017eala in hudem duhovnem boju, je nastala njena prva knjiga \u00bbVsega hudega \u2013 re\u0161i nas, o Gospod!\u00ab. Kmalu za tem so za\u010dela nastajati \u0161e besedila in ilustracije za otro\u0161ke knjige.<\/p>\n","protected":false},"excerpt":{"rendered":"<p><strong>\u0160tevilo strani:<\/strong> 44<br \/>\n<strong>Leto izdaje:<\/strong> 2021<\/p>\n<p><em>\u00bbZato sem to, kar mi je namenil O\u010de, sprejel iz ljubezni do vseh in do tebe, draga moja. Pripravljen sem bil na veliko daritev samega sebe \u2026\u00ab<\/em><\/p>\n<p>&nbsp;<\/p>\n","protected":false},"featured_media":47311,"comment_status":"open","ping_status":"closed","template":"","meta":[],"product_brand":[],"product_cat":[2324,63,135],"product_tag":[391,2634],"avtor":[2369],"zalozba":[2346],"vezava":[2306],"class_list":{"0":"post-47308","1":"product","2":"type-product","3":"status-publish","4":"has-post-thumbnail","6":"product_cat-duhovnost-in-osebna-rast","7":"product_cat-knjige","8":"product_cat-za-otroke","9":"product_tag-jezus","10":"product_tag-tukaj-sem-zate","11":"avtor-natasa-rupena","12":"zalozba-samozalozba-fede-natasa-rupena-s-p","13":"vezava-trda","15":"first","16":"instock","17":"taxable","18":"shipping-taxable","19":"purchasable","20":"product-type-simple"},"yoast_head":"<!-- This site is optimized with the Yoast SEO plugin v26.3 - https:\/\/yoast.com\/wordpress\/plugins\/seo\/ -->\n<title>Tukaj sem zate ... in to je zgodba mojega \u017eivljenja - trgovina Iskreni<\/title>\n<meta name=\"description\" content=\"Knjiga je pisana za deklice, \u017eenske, mamice \u2013 saj v vsaki od nas \u017eivi ta mala deklica, ki \u010daka na tola\u017ebo. Zgodbo pripoveduje Jezus sam, v ospredju pa je odnos med deklico in Jezusom.\" \/>\n<meta name=\"robots\" content=\"index, follow, max-snippet:-1, max-image-preview:large, max-video-preview:-1\" \/>\n<link rel=\"canonical\" href=\"https:\/\/www.iskreni.net\/trgovina\/product\/tukaj-sem-zate-in-to-je-zgodba-mojega-zivljenja\/\" \/>\n<meta property=\"og:locale\" content=\"sl_SI\" \/>\n<meta property=\"og:type\" content=\"article\" \/>\n<meta property=\"og:title\" content=\"Tukaj sem zate ... in to je zgodba mojega \u017eivljenja - trgovina Iskreni\" \/>\n<meta property=\"og:description\" content=\"Knjiga je pisana za deklice, \u017eenske, mamice \u2013 saj v vsaki od nas \u017eivi ta mala deklica, ki \u010daka na tola\u017ebo. Zgodbo pripoveduje Jezus sam, v ospredju pa je odnos med deklico in Jezusom.\" \/>\n<meta property=\"og:url\" content=\"https:\/\/www.iskreni.net\/trgovina\/product\/tukaj-sem-zate-in-to-je-zgodba-mojega-zivljenja\/\" \/>\n<meta property=\"og:site_name\" content=\"Zavod Iskreni\" \/>\n<meta property=\"article:modified_time\" content=\"2026-02-20T10:04:39+00:00\" \/>\n<meta property=\"og:image\" content=\"https:\/\/www.iskreni.net\/trgovina\/wp-content\/uploads\/2021\/11\/Tukaj-sem-zate.png\" \/>\n\t<meta property=\"og:image:width\" content=\"600\" \/>\n\t<meta property=\"og:image:height\" content=\"600\" \/>\n\t<meta property=\"og:image:type\" content=\"image\/png\" \/>\n<meta name=\"twitter:card\" content=\"summary_large_image\" \/>\n<meta name=\"twitter:label1\" content=\"Est. reading time\" \/>\n\t<meta name=\"twitter:data1\" content=\"2 minuti\" \/>\n<script type=\"application\/ld+json\" class=\"yoast-schema-graph\">{\"@context\":\"https:\/\/schema.org\",\"@graph\":[{\"@type\":\"WebPage\",\"@id\":\"https:\/\/www.iskreni.net\/trgovina\/product\/tukaj-sem-zate-in-to-je-zgodba-mojega-zivljenja\/\",\"url\":\"https:\/\/www.iskreni.net\/trgovina\/product\/tukaj-sem-zate-in-to-je-zgodba-mojega-zivljenja\/\",\"name\":\"Tukaj sem zate ... in to je zgodba mojega \u017eivljenja - trgovina Iskreni\",\"isPartOf\":{\"@id\":\"https:\/\/www.iskreni.net\/trgovina\/#website\"},\"primaryImageOfPage\":{\"@id\":\"https:\/\/www.iskreni.net\/trgovina\/product\/tukaj-sem-zate-in-to-je-zgodba-mojega-zivljenja\/#primaryimage\"},\"image\":{\"@id\":\"https:\/\/www.iskreni.net\/trgovina\/product\/tukaj-sem-zate-in-to-je-zgodba-mojega-zivljenja\/#primaryimage\"},\"thumbnailUrl\":\"https:\/\/www.iskreni.net\/trgovina\/wp-content\/uploads\/2021\/11\/Tukaj-sem-zate.png\",\"datePublished\":\"2021-12-01T09:48:29+00:00\",\"dateModified\":\"2026-02-20T10:04:39+00:00\",\"description\":\"Knjiga je pisana za deklice, \u017eenske, mamice \u2013 saj v vsaki od nas \u017eivi ta mala deklica, ki \u010daka na tola\u017ebo. Zgodbo pripoveduje Jezus sam, v ospredju pa je odnos med deklico in Jezusom.\",\"breadcrumb\":{\"@id\":\"https:\/\/www.iskreni.net\/trgovina\/product\/tukaj-sem-zate-in-to-je-zgodba-mojega-zivljenja\/#breadcrumb\"},\"inLanguage\":\"sl-SI\",\"potentialAction\":[{\"@type\":\"ReadAction\",\"target\":[\"https:\/\/www.iskreni.net\/trgovina\/product\/tukaj-sem-zate-in-to-je-zgodba-mojega-zivljenja\/\"]}]},{\"@type\":\"ImageObject\",\"inLanguage\":\"sl-SI\",\"@id\":\"https:\/\/www.iskreni.net\/trgovina\/product\/tukaj-sem-zate-in-to-je-zgodba-mojega-zivljenja\/#primaryimage\",\"url\":\"https:\/\/www.iskreni.net\/trgovina\/wp-content\/uploads\/2021\/11\/Tukaj-sem-zate.png\",\"contentUrl\":\"https:\/\/www.iskreni.net\/trgovina\/wp-content\/uploads\/2021\/11\/Tukaj-sem-zate.png\",\"width\":600,\"height\":600},{\"@type\":\"BreadcrumbList\",\"@id\":\"https:\/\/www.iskreni.net\/trgovina\/product\/tukaj-sem-zate-in-to-je-zgodba-mojega-zivljenja\/#breadcrumb\",\"itemListElement\":[{\"@type\":\"ListItem\",\"position\":1,\"name\":\"Home\",\"item\":\"https:\/\/www.iskreni.net\/trgovina\/\"},{\"@type\":\"ListItem\",\"position\":2,\"name\":\"Trgovina\",\"item\":\"https:\/\/www.iskreni.net\/trgovina\/trgovina\/\"},{\"@type\":\"ListItem\",\"position\":3,\"name\":\"Tukaj sem zate &#8230; in to je zgodba mojega \u017eivljenja\"}]},{\"@type\":\"WebSite\",\"@id\":\"https:\/\/www.iskreni.net\/trgovina\/#website\",\"url\":\"https:\/\/www.iskreni.net\/trgovina\/\",\"name\":\"Zavod Iskreni\",\"description\":\"trgovina\",\"potentialAction\":[{\"@type\":\"SearchAction\",\"target\":{\"@type\":\"EntryPoint\",\"urlTemplate\":\"https:\/\/www.iskreni.net\/trgovina\/?s={search_term_string}\"},\"query-input\":{\"@type\":\"PropertyValueSpecification\",\"valueRequired\":true,\"valueName\":\"search_term_string\"}}],\"inLanguage\":\"sl-SI\"}]}<\/script>\n<!-- \/ Yoast SEO plugin. -->","yoast_head_json":{"title":"Tukaj sem zate ... in to je zgodba mojega \u017eivljenja - trgovina Iskreni","description":"Knjiga je pisana za deklice, \u017eenske, mamice \u2013 saj v vsaki od nas \u017eivi ta mala deklica, ki \u010daka na tola\u017ebo. Zgodbo pripoveduje Jezus sam, v ospredju pa je odnos med deklico in Jezusom.","robots":{"index":"index","follow":"follow","max-snippet":"max-snippet:-1","max-image-preview":"max-image-preview:large","max-video-preview":"max-video-preview:-1"},"canonical":"https:\/\/www.iskreni.net\/trgovina\/product\/tukaj-sem-zate-in-to-je-zgodba-mojega-zivljenja\/","og_locale":"sl_SI","og_type":"article","og_title":"Tukaj sem zate ... in to je zgodba mojega \u017eivljenja - trgovina Iskreni","og_description":"Knjiga je pisana za deklice, \u017eenske, mamice \u2013 saj v vsaki od nas \u017eivi ta mala deklica, ki \u010daka na tola\u017ebo. Zgodbo pripoveduje Jezus sam, v ospredju pa je odnos med deklico in Jezusom.","og_url":"https:\/\/www.iskreni.net\/trgovina\/product\/tukaj-sem-zate-in-to-je-zgodba-mojega-zivljenja\/","og_site_name":"Zavod Iskreni","article_modified_time":"2026-02-20T10:04:39+00:00","og_image":[{"width":600,"height":600,"url":"https:\/\/www.iskreni.net\/trgovina\/wp-content\/uploads\/2021\/11\/Tukaj-sem-zate.png","type":"image\/png"}],"twitter_card":"summary_large_image","twitter_misc":{"Est. reading time":"2 minuti"},"schema":{"@context":"https:\/\/schema.org","@graph":[{"@type":"WebPage","@id":"https:\/\/www.iskreni.net\/trgovina\/product\/tukaj-sem-zate-in-to-je-zgodba-mojega-zivljenja\/","url":"https:\/\/www.iskreni.net\/trgovina\/product\/tukaj-sem-zate-in-to-je-zgodba-mojega-zivljenja\/","name":"Tukaj sem zate ... in to je zgodba mojega \u017eivljenja - trgovina Iskreni","isPartOf":{"@id":"https:\/\/www.iskreni.net\/trgovina\/#website"},"primaryImageOfPage":{"@id":"https:\/\/www.iskreni.net\/trgovina\/product\/tukaj-sem-zate-in-to-je-zgodba-mojega-zivljenja\/#primaryimage"},"image":{"@id":"https:\/\/www.iskreni.net\/trgovina\/product\/tukaj-sem-zate-in-to-je-zgodba-mojega-zivljenja\/#primaryimage"},"thumbnailUrl":"https:\/\/www.iskreni.net\/trgovina\/wp-content\/uploads\/2021\/11\/Tukaj-sem-zate.png","datePublished":"2021-12-01T09:48:29+00:00","dateModified":"2026-02-20T10:04:39+00:00","description":"Knjiga je pisana za deklice, \u017eenske, mamice \u2013 saj v vsaki od nas \u017eivi ta mala deklica, ki \u010daka na tola\u017ebo. Zgodbo pripoveduje Jezus sam, v ospredju pa je odnos med deklico in Jezusom.","breadcrumb":{"@id":"https:\/\/www.iskreni.net\/trgovina\/product\/tukaj-sem-zate-in-to-je-zgodba-mojega-zivljenja\/#breadcrumb"},"inLanguage":"sl-SI","potentialAction":[{"@type":"ReadAction","target":["https:\/\/www.iskreni.net\/trgovina\/product\/tukaj-sem-zate-in-to-je-zgodba-mojega-zivljenja\/"]}]},{"@type":"ImageObject","inLanguage":"sl-SI","@id":"https:\/\/www.iskreni.net\/trgovina\/product\/tukaj-sem-zate-in-to-je-zgodba-mojega-zivljenja\/#primaryimage","url":"https:\/\/www.iskreni.net\/trgovina\/wp-content\/uploads\/2021\/11\/Tukaj-sem-zate.png","contentUrl":"https:\/\/www.iskreni.net\/trgovina\/wp-content\/uploads\/2021\/11\/Tukaj-sem-zate.png","width":600,"height":600},{"@type":"BreadcrumbList","@id":"https:\/\/www.iskreni.net\/trgovina\/product\/tukaj-sem-zate-in-to-je-zgodba-mojega-zivljenja\/#breadcrumb","itemListElement":[{"@type":"ListItem","position":1,"name":"Home","item":"https:\/\/www.iskreni.net\/trgovina\/"},{"@type":"ListItem","position":2,"name":"Trgovina","item":"https:\/\/www.iskreni.net\/trgovina\/trgovina\/"},{"@type":"ListItem","position":3,"name":"Tukaj sem zate &#8230; in to je zgodba mojega \u017eivljenja"}]},{"@type":"WebSite","@id":"https:\/\/www.iskreni.net\/trgovina\/#website","url":"https:\/\/www.iskreni.net\/trgovina\/","name":"Zavod Iskreni","description":"trgovina","potentialAction":[{"@type":"SearchAction","target":{"@type":"EntryPoint","urlTemplate":"https:\/\/www.iskreni.net\/trgovina\/?s={search_term_string}"},"query-input":{"@type":"PropertyValueSpecification","valueRequired":true,"valueName":"search_term_string"}}],"inLanguage":"sl-SI"}]}},"_links":{"self":[{"href":"https:\/\/www.iskreni.net\/trgovina\/wp-json\/wp\/v2\/product\/47308","targetHints":{"allow":["GET"]}}],"collection":[{"href":"https:\/\/www.iskreni.net\/trgovina\/wp-json\/wp\/v2\/product"}],"about":[{"href":"https:\/\/www.iskreni.net\/trgovina\/wp-json\/wp\/v2\/types\/product"}],"replies":[{"embeddable":true,"href":"https:\/\/www.iskreni.net\/trgovina\/wp-json\/wp\/v2\/comments?post=47308"}],"version-history":[{"count":6,"href":"https:\/\/www.iskreni.net\/trgovina\/wp-json\/wp\/v2\/product\/47308\/revisions"}],"predecessor-version":[{"id":71016,"href":"https:\/\/www.iskreni.net\/trgovina\/wp-json\/wp\/v2\/product\/47308\/revisions\/71016"}],"wp:featuredmedia":[{"embeddable":true,"href":"https:\/\/www.iskreni.net\/trgovina\/wp-json\/wp\/v2\/media\/47311"}],"wp:attachment":[{"href":"https:\/\/www.iskreni.net\/trgovina\/wp-json\/wp\/v2\/media?parent=47308"}],"wp:term":[{"taxonomy":"product_brand","embeddable":true,"href":"https:\/\/www.iskreni.net\/trgovina\/wp-json\/wp\/v2\/product_brand?post=47308"},{"taxonomy":"product_cat","embeddable":true,"href":"https:\/\/www.iskreni.net\/trgovina\/wp-json\/wp\/v2\/product_cat?post=47308"},{"taxonomy":"product_tag","embeddable":true,"href":"https:\/\/www.iskreni.net\/trgovina\/wp-json\/wp\/v2\/product_tag?post=47308"},{"taxonomy":"avtor","embeddable":true,"href":"https:\/\/www.iskreni.net\/trgovina\/wp-json\/wp\/v2\/avtor?post=47308"},{"taxonomy":"zalozba","embeddable":true,"href":"https:\/\/www.iskreni.net\/trgovina\/wp-json\/wp\/v2\/zalozba?post=47308"},{"taxonomy":"vezava","embeddable":true,"href":"https:\/\/www.iskreni.net\/trgovina\/wp-json\/wp\/v2\/vezava?post=47308"}],"curies":[{"name":"wp","href":"https:\/\/api.w.org\/{rel}","templated":true}]}}