{"id":45942,"date":"2021-10-04T10:11:38","date_gmt":"2021-10-04T08:11:38","guid":{"rendered":"https:\/\/www.iskreni.net\/trgovina\/?post_type=product&#038;p=45942"},"modified":"2025-07-09T13:30:04","modified_gmt":"2025-07-09T11:30:04","slug":"spostovanje-zaupanje-in-ljubezen","status":"publish","type":"product","link":"https:\/\/www.iskreni.net\/trgovina\/product\/spostovanje-zaupanje-in-ljubezen\/","title":{"rendered":"Spo\u0161tovanje, zaupanje in ljubezen"},"content":{"rendered":"<p><strong>O knjigi:<\/strong><\/p>\n<p>Priznani dru\u017einski terapevt Jesper Juul v knjigi opisuje bistvo svojega dolgoletnega dela z otroki in star\u0161i. S primeri iz vsakdanjega \u017eivljenja dokazuje, da lahko s spo\u0161tovanjem, zaupanjem in ljubeznijo premagamo \u0161e tako zapletene izzive, ki jih prina\u0161a \u017eivljenje z otroki.<\/p>\n<p><em>\u00bbJesper Juul star\u0161em svetuje, da naj ne stremijo k popolnosti. \u201aDovolj dobro&#8217; je \u010disto v redu. Ta preprosta vzgojna filozofija je Juula postavila med najvplivnej\u0161e strokovnjake na podro\u010dju vzgoje.\u00ab Der Spiegel<\/em><\/p>\n<p><em>\u00bbKaj nas storimo s trmastimi otroki? Z otroki, ki se me\u010dejo po tleh in zahtevajo sladoled? Poka\u017eimo jim, da jih razumemo in da nam je mar za njihove ob\u010dutke.\u00ab Mathias Voelchert, ustanovitelj nem\u0161kega familylaba<\/em><\/p>\n<h4>Iz spremne besede:<\/h4>\n<div>\n<div class=\"_1mf _1mj\"><em>Spo\u0161tovanje, zaupanje in ljubezen, o katerih bo govora v tej knjigi, so osnova \u017eivljenja z otroki. Jesper Juul je bil namre\u010d trdno prepri\u010dan, da milijoni mater in o\u010detov po vsem svetu najbolje poznajo svoje otroke, saj vsak dan neutrudno skrbijo zanje. Juula nista zanimali ne intelektualna debata o vzgoji ne ukalupljanje. Razli\u010dni smo si. Oblikovali so nas izkustva, primarna dru\u017eina, konvencije, kultura in dru\u017eba \u2013 in ravno v tem je bistvo. Bistvo je odnos. In v tej knjigi se bomo nau\u010dili, kako ga vzpostavimo.<\/em><\/div>\n<\/div>\n<div>\n<div class=\"_1mf _1mj\"><\/div>\n<\/div>\n<div>\n<div class=\"_1mf _1mj\">Mathias Voelchert<\/div>\n<\/div>\n<div>\n<div class=\"_1mf _1mj\">Ustanovitelj in vodja nem\u0161kega Familylaba<\/div>\n<\/div>\n<div>\n<div class=\"_1mf _1mj\">\u2013 delavnice za dru\u017eine<\/div>\n<\/div>\n<p><strong>O avtorju:<\/strong><\/p>\n<p>Jesper Juul je ve\u010d kot tri desetletja organiziral delavnice za star\u0161e. S sodelavci iz razli\u010dnih evropskih dr\u017eav je na podlagi svojih znanj in izku\u0161enj ustanovil Familylab, mednarodno organizacijo, ki dru\u017einam ponuja podporo, svetovanje in pomo\u010d pri razvoju star\u0161evske kompetentosti. S poletjem 2008 se je za\u010del projekt Familylab tudi v Sloveniji. Del projekta je tudi izdaja knjig Jesperja Juula v slovenskem jeziku. Pri zalo\u017ebi Didakta so iz\u0161le tudi naslednje knjige Jesperja Juula: To sem jaz. Kdo si pa ti?, Dru\u017einske vrednote, Od poslu\u0161nosti do odgovornosti, Dru\u017eine z najstniki, Hura, gremo jest in Reci NE brez slabe vesti.<\/p>\n","protected":false},"excerpt":{"rendered":"<p>&nbsp;<\/p>\n<p><strong>Avtorica prevoda:<\/strong> Ana Toman Fabjan<br \/>\n<strong>\u0160tevilo strani:<\/strong> 140<br \/>\n<strong>Leto izdaje:<\/strong> 2021<br \/>\n<strong>Mere:<\/strong> 230 x 153 mm<\/p>\n<p><i>Najpomembnej\u0161e, kar lahko damo otrokom.<\/i><\/p>\n<p>&nbsp;<\/p>\n","protected":false},"featured_media":45944,"comment_status":"open","ping_status":"closed","template":"","meta":[],"product_brand":[],"product_cat":[2323,63],"product_tag":[],"avtor":[2372],"zalozba":[2316],"vezava":[2307],"class_list":{"0":"post-45942","1":"product","2":"type-product","3":"status-publish","4":"has-post-thumbnail","6":"product_cat-vzgoja","7":"product_cat-knjige","8":"avtor-jesper-juul","9":"zalozba-didakta","10":"vezava-mehka","12":"first","13":"onbackorder","14":"taxable","15":"shipping-taxable","16":"purchasable","17":"product-type-simple"},"yoast_head":"<!-- This site is optimized with the Yoast SEO plugin v26.3 - https:\/\/yoast.com\/wordpress\/plugins\/seo\/ -->\n<title>Spo\u0161tovanje, zaupanje in ljubezen - trgovina Iskreni.net<\/title>\n<meta name=\"description\" content=\"Skrivnost uspe\u0161ne vzgoje. Najsi gre za trmo, te\u017eave v \u0161oli ali puberteto, enakopravni odnosi so tudi v te\u017ekih \u010dasih klju\u010d do dru\u017einske sre\u010de.\" \/>\n<meta name=\"robots\" content=\"index, follow, max-snippet:-1, max-image-preview:large, max-video-preview:-1\" \/>\n<link rel=\"canonical\" href=\"https:\/\/www.iskreni.net\/trgovina\/product\/spostovanje-zaupanje-in-ljubezen\/\" \/>\n<meta property=\"og:locale\" content=\"sl_SI\" \/>\n<meta property=\"og:type\" content=\"article\" \/>\n<meta property=\"og:title\" content=\"Spo\u0161tovanje, zaupanje in ljubezen - trgovina Iskreni.net\" \/>\n<meta property=\"og:description\" content=\"Skrivnost uspe\u0161ne vzgoje. Najsi gre za trmo, te\u017eave v \u0161oli ali puberteto, enakopravni odnosi so tudi v te\u017ekih \u010dasih klju\u010d do dru\u017einske sre\u010de.\" \/>\n<meta property=\"og:url\" content=\"https:\/\/www.iskreni.net\/trgovina\/product\/spostovanje-zaupanje-in-ljubezen\/\" \/>\n<meta property=\"og:site_name\" content=\"Zavod Iskreni\" \/>\n<meta property=\"article:modified_time\" content=\"2025-07-09T11:30:04+00:00\" \/>\n<meta property=\"og:image\" content=\"https:\/\/www.iskreni.net\/trgovina\/wp-content\/uploads\/2021\/10\/Spostovanje-zaupanje-in-ljubezen.jpg\" \/>\n\t<meta property=\"og:image:width\" content=\"600\" \/>\n\t<meta property=\"og:image:height\" content=\"600\" \/>\n\t<meta property=\"og:image:type\" content=\"image\/jpeg\" \/>\n<meta name=\"twitter:card\" content=\"summary_large_image\" \/>\n<meta name=\"twitter:label1\" content=\"Est. reading time\" \/>\n\t<meta name=\"twitter:data1\" content=\"2 minuti\" \/>\n<script type=\"application\/ld+json\" class=\"yoast-schema-graph\">{\"@context\":\"https:\/\/schema.org\",\"@graph\":[{\"@type\":\"WebPage\",\"@id\":\"https:\/\/www.iskreni.net\/trgovina\/product\/spostovanje-zaupanje-in-ljubezen\/\",\"url\":\"https:\/\/www.iskreni.net\/trgovina\/product\/spostovanje-zaupanje-in-ljubezen\/\",\"name\":\"Spo\u0161tovanje, zaupanje in ljubezen - trgovina Iskreni.net\",\"isPartOf\":{\"@id\":\"https:\/\/www.iskreni.net\/trgovina\/#website\"},\"primaryImageOfPage\":{\"@id\":\"https:\/\/www.iskreni.net\/trgovina\/product\/spostovanje-zaupanje-in-ljubezen\/#primaryimage\"},\"image\":{\"@id\":\"https:\/\/www.iskreni.net\/trgovina\/product\/spostovanje-zaupanje-in-ljubezen\/#primaryimage\"},\"thumbnailUrl\":\"https:\/\/www.iskreni.net\/trgovina\/wp-content\/uploads\/2021\/10\/Spostovanje-zaupanje-in-ljubezen.jpg\",\"datePublished\":\"2021-10-04T08:11:38+00:00\",\"dateModified\":\"2025-07-09T11:30:04+00:00\",\"description\":\"Skrivnost uspe\u0161ne vzgoje. Najsi gre za trmo, te\u017eave v \u0161oli ali puberteto, enakopravni odnosi so tudi v te\u017ekih \u010dasih klju\u010d do dru\u017einske sre\u010de.\",\"breadcrumb\":{\"@id\":\"https:\/\/www.iskreni.net\/trgovina\/product\/spostovanje-zaupanje-in-ljubezen\/#breadcrumb\"},\"inLanguage\":\"sl-SI\",\"potentialAction\":[{\"@type\":\"ReadAction\",\"target\":[\"https:\/\/www.iskreni.net\/trgovina\/product\/spostovanje-zaupanje-in-ljubezen\/\"]}]},{\"@type\":\"ImageObject\",\"inLanguage\":\"sl-SI\",\"@id\":\"https:\/\/www.iskreni.net\/trgovina\/product\/spostovanje-zaupanje-in-ljubezen\/#primaryimage\",\"url\":\"https:\/\/www.iskreni.net\/trgovina\/wp-content\/uploads\/2021\/10\/Spostovanje-zaupanje-in-ljubezen.jpg\",\"contentUrl\":\"https:\/\/www.iskreni.net\/trgovina\/wp-content\/uploads\/2021\/10\/Spostovanje-zaupanje-in-ljubezen.jpg\",\"width\":600,\"height\":600},{\"@type\":\"BreadcrumbList\",\"@id\":\"https:\/\/www.iskreni.net\/trgovina\/product\/spostovanje-zaupanje-in-ljubezen\/#breadcrumb\",\"itemListElement\":[{\"@type\":\"ListItem\",\"position\":1,\"name\":\"Home\",\"item\":\"https:\/\/www.iskreni.net\/trgovina\/\"},{\"@type\":\"ListItem\",\"position\":2,\"name\":\"Trgovina\",\"item\":\"https:\/\/www.iskreni.net\/trgovina\/trgovina\/\"},{\"@type\":\"ListItem\",\"position\":3,\"name\":\"Spo\u0161tovanje, zaupanje in ljubezen\"}]},{\"@type\":\"WebSite\",\"@id\":\"https:\/\/www.iskreni.net\/trgovina\/#website\",\"url\":\"https:\/\/www.iskreni.net\/trgovina\/\",\"name\":\"Zavod Iskreni\",\"description\":\"trgovina\",\"potentialAction\":[{\"@type\":\"SearchAction\",\"target\":{\"@type\":\"EntryPoint\",\"urlTemplate\":\"https:\/\/www.iskreni.net\/trgovina\/?s={search_term_string}\"},\"query-input\":{\"@type\":\"PropertyValueSpecification\",\"valueRequired\":true,\"valueName\":\"search_term_string\"}}],\"inLanguage\":\"sl-SI\"}]}<\/script>\n<!-- \/ Yoast SEO plugin. -->","yoast_head_json":{"title":"Spo\u0161tovanje, zaupanje in ljubezen - trgovina Iskreni.net","description":"Skrivnost uspe\u0161ne vzgoje. Najsi gre za trmo, te\u017eave v \u0161oli ali puberteto, enakopravni odnosi so tudi v te\u017ekih \u010dasih klju\u010d do dru\u017einske sre\u010de.","robots":{"index":"index","follow":"follow","max-snippet":"max-snippet:-1","max-image-preview":"max-image-preview:large","max-video-preview":"max-video-preview:-1"},"canonical":"https:\/\/www.iskreni.net\/trgovina\/product\/spostovanje-zaupanje-in-ljubezen\/","og_locale":"sl_SI","og_type":"article","og_title":"Spo\u0161tovanje, zaupanje in ljubezen - trgovina Iskreni.net","og_description":"Skrivnost uspe\u0161ne vzgoje. Najsi gre za trmo, te\u017eave v \u0161oli ali puberteto, enakopravni odnosi so tudi v te\u017ekih \u010dasih klju\u010d do dru\u017einske sre\u010de.","og_url":"https:\/\/www.iskreni.net\/trgovina\/product\/spostovanje-zaupanje-in-ljubezen\/","og_site_name":"Zavod Iskreni","article_modified_time":"2025-07-09T11:30:04+00:00","og_image":[{"width":600,"height":600,"url":"https:\/\/www.iskreni.net\/trgovina\/wp-content\/uploads\/2021\/10\/Spostovanje-zaupanje-in-ljubezen.jpg","type":"image\/jpeg"}],"twitter_card":"summary_large_image","twitter_misc":{"Est. reading time":"2 minuti"},"schema":{"@context":"https:\/\/schema.org","@graph":[{"@type":"WebPage","@id":"https:\/\/www.iskreni.net\/trgovina\/product\/spostovanje-zaupanje-in-ljubezen\/","url":"https:\/\/www.iskreni.net\/trgovina\/product\/spostovanje-zaupanje-in-ljubezen\/","name":"Spo\u0161tovanje, zaupanje in ljubezen - trgovina Iskreni.net","isPartOf":{"@id":"https:\/\/www.iskreni.net\/trgovina\/#website"},"primaryImageOfPage":{"@id":"https:\/\/www.iskreni.net\/trgovina\/product\/spostovanje-zaupanje-in-ljubezen\/#primaryimage"},"image":{"@id":"https:\/\/www.iskreni.net\/trgovina\/product\/spostovanje-zaupanje-in-ljubezen\/#primaryimage"},"thumbnailUrl":"https:\/\/www.iskreni.net\/trgovina\/wp-content\/uploads\/2021\/10\/Spostovanje-zaupanje-in-ljubezen.jpg","datePublished":"2021-10-04T08:11:38+00:00","dateModified":"2025-07-09T11:30:04+00:00","description":"Skrivnost uspe\u0161ne vzgoje. Najsi gre za trmo, te\u017eave v \u0161oli ali puberteto, enakopravni odnosi so tudi v te\u017ekih \u010dasih klju\u010d do dru\u017einske sre\u010de.","breadcrumb":{"@id":"https:\/\/www.iskreni.net\/trgovina\/product\/spostovanje-zaupanje-in-ljubezen\/#breadcrumb"},"inLanguage":"sl-SI","potentialAction":[{"@type":"ReadAction","target":["https:\/\/www.iskreni.net\/trgovina\/product\/spostovanje-zaupanje-in-ljubezen\/"]}]},{"@type":"ImageObject","inLanguage":"sl-SI","@id":"https:\/\/www.iskreni.net\/trgovina\/product\/spostovanje-zaupanje-in-ljubezen\/#primaryimage","url":"https:\/\/www.iskreni.net\/trgovina\/wp-content\/uploads\/2021\/10\/Spostovanje-zaupanje-in-ljubezen.jpg","contentUrl":"https:\/\/www.iskreni.net\/trgovina\/wp-content\/uploads\/2021\/10\/Spostovanje-zaupanje-in-ljubezen.jpg","width":600,"height":600},{"@type":"BreadcrumbList","@id":"https:\/\/www.iskreni.net\/trgovina\/product\/spostovanje-zaupanje-in-ljubezen\/#breadcrumb","itemListElement":[{"@type":"ListItem","position":1,"name":"Home","item":"https:\/\/www.iskreni.net\/trgovina\/"},{"@type":"ListItem","position":2,"name":"Trgovina","item":"https:\/\/www.iskreni.net\/trgovina\/trgovina\/"},{"@type":"ListItem","position":3,"name":"Spo\u0161tovanje, zaupanje in ljubezen"}]},{"@type":"WebSite","@id":"https:\/\/www.iskreni.net\/trgovina\/#website","url":"https:\/\/www.iskreni.net\/trgovina\/","name":"Zavod Iskreni","description":"trgovina","potentialAction":[{"@type":"SearchAction","target":{"@type":"EntryPoint","urlTemplate":"https:\/\/www.iskreni.net\/trgovina\/?s={search_term_string}"},"query-input":{"@type":"PropertyValueSpecification","valueRequired":true,"valueName":"search_term_string"}}],"inLanguage":"sl-SI"}]}},"_links":{"self":[{"href":"https:\/\/www.iskreni.net\/trgovina\/wp-json\/wp\/v2\/product\/45942","targetHints":{"allow":["GET"]}}],"collection":[{"href":"https:\/\/www.iskreni.net\/trgovina\/wp-json\/wp\/v2\/product"}],"about":[{"href":"https:\/\/www.iskreni.net\/trgovina\/wp-json\/wp\/v2\/types\/product"}],"replies":[{"embeddable":true,"href":"https:\/\/www.iskreni.net\/trgovina\/wp-json\/wp\/v2\/comments?post=45942"}],"version-history":[{"count":4,"href":"https:\/\/www.iskreni.net\/trgovina\/wp-json\/wp\/v2\/product\/45942\/revisions"}],"predecessor-version":[{"id":72662,"href":"https:\/\/www.iskreni.net\/trgovina\/wp-json\/wp\/v2\/product\/45942\/revisions\/72662"}],"wp:featuredmedia":[{"embeddable":true,"href":"https:\/\/www.iskreni.net\/trgovina\/wp-json\/wp\/v2\/media\/45944"}],"wp:attachment":[{"href":"https:\/\/www.iskreni.net\/trgovina\/wp-json\/wp\/v2\/media?parent=45942"}],"wp:term":[{"taxonomy":"product_brand","embeddable":true,"href":"https:\/\/www.iskreni.net\/trgovina\/wp-json\/wp\/v2\/product_brand?post=45942"},{"taxonomy":"product_cat","embeddable":true,"href":"https:\/\/www.iskreni.net\/trgovina\/wp-json\/wp\/v2\/product_cat?post=45942"},{"taxonomy":"product_tag","embeddable":true,"href":"https:\/\/www.iskreni.net\/trgovina\/wp-json\/wp\/v2\/product_tag?post=45942"},{"taxonomy":"avtor","embeddable":true,"href":"https:\/\/www.iskreni.net\/trgovina\/wp-json\/wp\/v2\/avtor?post=45942"},{"taxonomy":"zalozba","embeddable":true,"href":"https:\/\/www.iskreni.net\/trgovina\/wp-json\/wp\/v2\/zalozba?post=45942"},{"taxonomy":"vezava","embeddable":true,"href":"https:\/\/www.iskreni.net\/trgovina\/wp-json\/wp\/v2\/vezava?post=45942"}],"curies":[{"name":"wp","href":"https:\/\/api.w.org\/{rel}","templated":true}]}}