{"id":45024,"date":"2021-07-23T15:17:36","date_gmt":"2021-07-23T13:17:36","guid":{"rendered":"https:\/\/www.iskreni.net\/trgovina\/?post_type=product&#038;p=45024"},"modified":"2024-01-18T14:40:00","modified_gmt":"2024-01-18T13:40:00","slug":"cez-gore-in-cez-morje","status":"publish","type":"product","link":"https:\/\/www.iskreni.net\/trgovina\/product\/cez-gore-in-cez-morje\/","title":{"rendered":"\u010cez gore in \u010dez morje"},"content":{"rendered":"<h4>O knjigi \u010cez gore in \u010dez morje:<\/h4>\n<p>\u010cez gore in \u010dez morje je roman o slovesu in odhodu.<\/p>\n<p>Vsako leto spomladi pridejo mimo Sorajine vasi nomadi na poti do svojega poletnega tabora v afganistanskih gorah. Z njimi pride Tarek, ki zna pripovedovati \u010dudovite zgodbe. Toda letos Soraja zaman \u010daka nanj. Kot sedma h\u010di je zaradi starodavnega obi\u010daja odrasla kot fant, zato lahko prosto hodi naokoli in obiskuje \u0161olo. Zdaj pa je dosegla starost, ko bi morala znova za\u017eiveti kot dekle, v ti\u0161ini doma. Talibi nedvoumno pritiskajo nanjo. Grozili so tudi Tareku. Zato Tarek in Soraja ne vidita drugega izhoda. Neodvisno drug od drugega se odpravita v tujino.<\/p>\n<p>Pisatelj pravi: \u00bbOb pisanju romana sem se pogovarjal z mladimi begunci iz Afganistana, ki jim je uspelo priti v Nem\u010dijo in so ve\u010dinoma \u0161e v azilnem postopku. \u0160tevilni so bili pripravljeni govoriti z menoj o svojih izku\u0161njah le anonimno, iz razumljivih razlogov. Njihove zgodbe so v tej ali oni obliki vtkane v roman, kot liki in prizori\u0161\u010da, vtisi in deli dogajanja.<\/p>\n<p>In predvsem pripovedi, ki jasno ka\u017eejo naslednje: Pogosto prav v najte\u017ejih razmerah uspevajo posebno dragocene stvari. Silovita volja do pre\u017eivetja. Samodejna pripravljenost pomagati. Pristno prijateljstvo. Lepota.<\/p>\n","protected":false},"excerpt":{"rendered":"<p><strong>Leto izdaje:<\/strong> 2021<br \/>\n<strong>\u0160tevilo strani:<\/strong> 221<\/p>\n<p><i> \u010custven roman o slovesu in odhodu.<\/i><\/p>\n","protected":false},"featured_media":45026,"comment_status":"open","ping_status":"closed","template":"","meta":[],"product_brand":[],"product_cat":[2325,2350,63],"product_tag":[758],"avtor":[2702],"zalozba":[2336],"vezava":[2307],"class_list":{"0":"post-45024","1":"product","2":"type-product","3":"status-publish","4":"has-post-thumbnail","6":"product_cat-leposlovje","7":"product_cat-za-mlade","8":"product_cat-knjige","9":"product_tag-pricevanje","10":"avtor-dirk-reinhardt","11":"zalozba-salve","12":"vezava-mehka","14":"first","15":"instock","16":"taxable","17":"shipping-taxable","18":"purchasable","19":"product-type-simple"},"yoast_head":"<!-- This site is optimized with the Yoast SEO plugin v26.3 - https:\/\/yoast.com\/wordpress\/plugins\/seo\/ -->\n<title>Dirk Reinhardt - \u010cez gore in \u010dez morje - trgovina Iskreni<\/title>\n<meta name=\"description\" content=\"Pripovedi mladih o razo\u010daranjih in travmah, o strahu in pogumu, o obupu in upanju. Mladi, ki so v nekaj letih prestali ve\u010d, kot nekateri v celem svojem \u017eivljenju.\" \/>\n<meta name=\"robots\" content=\"index, follow, max-snippet:-1, max-image-preview:large, max-video-preview:-1\" \/>\n<link rel=\"canonical\" href=\"https:\/\/www.iskreni.net\/trgovina\/product\/cez-gore-in-cez-morje\/\" \/>\n<meta property=\"og:locale\" content=\"sl_SI\" \/>\n<meta property=\"og:type\" content=\"article\" \/>\n<meta property=\"og:title\" content=\"Dirk Reinhardt - \u010cez gore in \u010dez morje - trgovina Iskreni\" \/>\n<meta property=\"og:description\" content=\"Pripovedi mladih o razo\u010daranjih in travmah, o strahu in pogumu, o obupu in upanju. Mladi, ki so v nekaj letih prestali ve\u010d, kot nekateri v celem svojem \u017eivljenju.\" \/>\n<meta property=\"og:url\" content=\"https:\/\/www.iskreni.net\/trgovina\/product\/cez-gore-in-cez-morje\/\" \/>\n<meta property=\"og:site_name\" content=\"Zavod Iskreni\" \/>\n<meta property=\"article:modified_time\" content=\"2024-01-18T13:40:00+00:00\" \/>\n<meta property=\"og:image\" content=\"https:\/\/www.iskreni.net\/trgovina\/wp-content\/uploads\/2021\/07\/Cez-gore-in-cez-morje.jpg\" \/>\n\t<meta property=\"og:image:width\" content=\"600\" \/>\n\t<meta property=\"og:image:height\" content=\"600\" \/>\n\t<meta property=\"og:image:type\" content=\"image\/jpeg\" \/>\n<meta name=\"twitter:card\" content=\"summary_large_image\" \/>\n<meta name=\"twitter:label1\" content=\"Est. reading time\" \/>\n\t<meta name=\"twitter:data1\" content=\"2 minuti\" \/>\n<script type=\"application\/ld+json\" class=\"yoast-schema-graph\">{\"@context\":\"https:\/\/schema.org\",\"@graph\":[{\"@type\":\"WebPage\",\"@id\":\"https:\/\/www.iskreni.net\/trgovina\/product\/cez-gore-in-cez-morje\/\",\"url\":\"https:\/\/www.iskreni.net\/trgovina\/product\/cez-gore-in-cez-morje\/\",\"name\":\"Dirk Reinhardt - \u010cez gore in \u010dez morje - trgovina Iskreni\",\"isPartOf\":{\"@id\":\"https:\/\/www.iskreni.net\/trgovina\/#website\"},\"primaryImageOfPage\":{\"@id\":\"https:\/\/www.iskreni.net\/trgovina\/product\/cez-gore-in-cez-morje\/#primaryimage\"},\"image\":{\"@id\":\"https:\/\/www.iskreni.net\/trgovina\/product\/cez-gore-in-cez-morje\/#primaryimage\"},\"thumbnailUrl\":\"https:\/\/www.iskreni.net\/trgovina\/wp-content\/uploads\/2021\/07\/Cez-gore-in-cez-morje.jpg\",\"datePublished\":\"2021-07-23T13:17:36+00:00\",\"dateModified\":\"2024-01-18T13:40:00+00:00\",\"description\":\"Pripovedi mladih o razo\u010daranjih in travmah, o strahu in pogumu, o obupu in upanju. Mladi, ki so v nekaj letih prestali ve\u010d, kot nekateri v celem svojem \u017eivljenju.\",\"breadcrumb\":{\"@id\":\"https:\/\/www.iskreni.net\/trgovina\/product\/cez-gore-in-cez-morje\/#breadcrumb\"},\"inLanguage\":\"sl-SI\",\"potentialAction\":[{\"@type\":\"ReadAction\",\"target\":[\"https:\/\/www.iskreni.net\/trgovina\/product\/cez-gore-in-cez-morje\/\"]}]},{\"@type\":\"ImageObject\",\"inLanguage\":\"sl-SI\",\"@id\":\"https:\/\/www.iskreni.net\/trgovina\/product\/cez-gore-in-cez-morje\/#primaryimage\",\"url\":\"https:\/\/www.iskreni.net\/trgovina\/wp-content\/uploads\/2021\/07\/Cez-gore-in-cez-morje.jpg\",\"contentUrl\":\"https:\/\/www.iskreni.net\/trgovina\/wp-content\/uploads\/2021\/07\/Cez-gore-in-cez-morje.jpg\",\"width\":600,\"height\":600},{\"@type\":\"BreadcrumbList\",\"@id\":\"https:\/\/www.iskreni.net\/trgovina\/product\/cez-gore-in-cez-morje\/#breadcrumb\",\"itemListElement\":[{\"@type\":\"ListItem\",\"position\":1,\"name\":\"Home\",\"item\":\"https:\/\/www.iskreni.net\/trgovina\/\"},{\"@type\":\"ListItem\",\"position\":2,\"name\":\"Trgovina\",\"item\":\"https:\/\/www.iskreni.net\/trgovina\/trgovina\/\"},{\"@type\":\"ListItem\",\"position\":3,\"name\":\"\u010cez gore in \u010dez morje\"}]},{\"@type\":\"WebSite\",\"@id\":\"https:\/\/www.iskreni.net\/trgovina\/#website\",\"url\":\"https:\/\/www.iskreni.net\/trgovina\/\",\"name\":\"Zavod Iskreni\",\"description\":\"trgovina\",\"potentialAction\":[{\"@type\":\"SearchAction\",\"target\":{\"@type\":\"EntryPoint\",\"urlTemplate\":\"https:\/\/www.iskreni.net\/trgovina\/?s={search_term_string}\"},\"query-input\":{\"@type\":\"PropertyValueSpecification\",\"valueRequired\":true,\"valueName\":\"search_term_string\"}}],\"inLanguage\":\"sl-SI\"}]}<\/script>\n<!-- \/ Yoast SEO plugin. -->","yoast_head_json":{"title":"Dirk Reinhardt - \u010cez gore in \u010dez morje - trgovina Iskreni","description":"Pripovedi mladih o razo\u010daranjih in travmah, o strahu in pogumu, o obupu in upanju. Mladi, ki so v nekaj letih prestali ve\u010d, kot nekateri v celem svojem \u017eivljenju.","robots":{"index":"index","follow":"follow","max-snippet":"max-snippet:-1","max-image-preview":"max-image-preview:large","max-video-preview":"max-video-preview:-1"},"canonical":"https:\/\/www.iskreni.net\/trgovina\/product\/cez-gore-in-cez-morje\/","og_locale":"sl_SI","og_type":"article","og_title":"Dirk Reinhardt - \u010cez gore in \u010dez morje - trgovina Iskreni","og_description":"Pripovedi mladih o razo\u010daranjih in travmah, o strahu in pogumu, o obupu in upanju. Mladi, ki so v nekaj letih prestali ve\u010d, kot nekateri v celem svojem \u017eivljenju.","og_url":"https:\/\/www.iskreni.net\/trgovina\/product\/cez-gore-in-cez-morje\/","og_site_name":"Zavod Iskreni","article_modified_time":"2024-01-18T13:40:00+00:00","og_image":[{"width":600,"height":600,"url":"https:\/\/www.iskreni.net\/trgovina\/wp-content\/uploads\/2021\/07\/Cez-gore-in-cez-morje.jpg","type":"image\/jpeg"}],"twitter_card":"summary_large_image","twitter_misc":{"Est. reading time":"2 minuti"},"schema":{"@context":"https:\/\/schema.org","@graph":[{"@type":"WebPage","@id":"https:\/\/www.iskreni.net\/trgovina\/product\/cez-gore-in-cez-morje\/","url":"https:\/\/www.iskreni.net\/trgovina\/product\/cez-gore-in-cez-morje\/","name":"Dirk Reinhardt - \u010cez gore in \u010dez morje - trgovina Iskreni","isPartOf":{"@id":"https:\/\/www.iskreni.net\/trgovina\/#website"},"primaryImageOfPage":{"@id":"https:\/\/www.iskreni.net\/trgovina\/product\/cez-gore-in-cez-morje\/#primaryimage"},"image":{"@id":"https:\/\/www.iskreni.net\/trgovina\/product\/cez-gore-in-cez-morje\/#primaryimage"},"thumbnailUrl":"https:\/\/www.iskreni.net\/trgovina\/wp-content\/uploads\/2021\/07\/Cez-gore-in-cez-morje.jpg","datePublished":"2021-07-23T13:17:36+00:00","dateModified":"2024-01-18T13:40:00+00:00","description":"Pripovedi mladih o razo\u010daranjih in travmah, o strahu in pogumu, o obupu in upanju. Mladi, ki so v nekaj letih prestali ve\u010d, kot nekateri v celem svojem \u017eivljenju.","breadcrumb":{"@id":"https:\/\/www.iskreni.net\/trgovina\/product\/cez-gore-in-cez-morje\/#breadcrumb"},"inLanguage":"sl-SI","potentialAction":[{"@type":"ReadAction","target":["https:\/\/www.iskreni.net\/trgovina\/product\/cez-gore-in-cez-morje\/"]}]},{"@type":"ImageObject","inLanguage":"sl-SI","@id":"https:\/\/www.iskreni.net\/trgovina\/product\/cez-gore-in-cez-morje\/#primaryimage","url":"https:\/\/www.iskreni.net\/trgovina\/wp-content\/uploads\/2021\/07\/Cez-gore-in-cez-morje.jpg","contentUrl":"https:\/\/www.iskreni.net\/trgovina\/wp-content\/uploads\/2021\/07\/Cez-gore-in-cez-morje.jpg","width":600,"height":600},{"@type":"BreadcrumbList","@id":"https:\/\/www.iskreni.net\/trgovina\/product\/cez-gore-in-cez-morje\/#breadcrumb","itemListElement":[{"@type":"ListItem","position":1,"name":"Home","item":"https:\/\/www.iskreni.net\/trgovina\/"},{"@type":"ListItem","position":2,"name":"Trgovina","item":"https:\/\/www.iskreni.net\/trgovina\/trgovina\/"},{"@type":"ListItem","position":3,"name":"\u010cez gore in \u010dez morje"}]},{"@type":"WebSite","@id":"https:\/\/www.iskreni.net\/trgovina\/#website","url":"https:\/\/www.iskreni.net\/trgovina\/","name":"Zavod Iskreni","description":"trgovina","potentialAction":[{"@type":"SearchAction","target":{"@type":"EntryPoint","urlTemplate":"https:\/\/www.iskreni.net\/trgovina\/?s={search_term_string}"},"query-input":{"@type":"PropertyValueSpecification","valueRequired":true,"valueName":"search_term_string"}}],"inLanguage":"sl-SI"}]}},"_links":{"self":[{"href":"https:\/\/www.iskreni.net\/trgovina\/wp-json\/wp\/v2\/product\/45024","targetHints":{"allow":["GET"]}}],"collection":[{"href":"https:\/\/www.iskreni.net\/trgovina\/wp-json\/wp\/v2\/product"}],"about":[{"href":"https:\/\/www.iskreni.net\/trgovina\/wp-json\/wp\/v2\/types\/product"}],"replies":[{"embeddable":true,"href":"https:\/\/www.iskreni.net\/trgovina\/wp-json\/wp\/v2\/comments?post=45024"}],"version-history":[{"count":5,"href":"https:\/\/www.iskreni.net\/trgovina\/wp-json\/wp\/v2\/product\/45024\/revisions"}],"predecessor-version":[{"id":72736,"href":"https:\/\/www.iskreni.net\/trgovina\/wp-json\/wp\/v2\/product\/45024\/revisions\/72736"}],"wp:featuredmedia":[{"embeddable":true,"href":"https:\/\/www.iskreni.net\/trgovina\/wp-json\/wp\/v2\/media\/45026"}],"wp:attachment":[{"href":"https:\/\/www.iskreni.net\/trgovina\/wp-json\/wp\/v2\/media?parent=45024"}],"wp:term":[{"taxonomy":"product_brand","embeddable":true,"href":"https:\/\/www.iskreni.net\/trgovina\/wp-json\/wp\/v2\/product_brand?post=45024"},{"taxonomy":"product_cat","embeddable":true,"href":"https:\/\/www.iskreni.net\/trgovina\/wp-json\/wp\/v2\/product_cat?post=45024"},{"taxonomy":"product_tag","embeddable":true,"href":"https:\/\/www.iskreni.net\/trgovina\/wp-json\/wp\/v2\/product_tag?post=45024"},{"taxonomy":"avtor","embeddable":true,"href":"https:\/\/www.iskreni.net\/trgovina\/wp-json\/wp\/v2\/avtor?post=45024"},{"taxonomy":"zalozba","embeddable":true,"href":"https:\/\/www.iskreni.net\/trgovina\/wp-json\/wp\/v2\/zalozba?post=45024"},{"taxonomy":"vezava","embeddable":true,"href":"https:\/\/www.iskreni.net\/trgovina\/wp-json\/wp\/v2\/vezava?post=45024"}],"curies":[{"name":"wp","href":"https:\/\/api.w.org\/{rel}","templated":true}]}}