{"id":44724,"date":"2021-06-23T06:01:38","date_gmt":"2021-06-23T04:01:38","guid":{"rendered":"https:\/\/www.iskreni.net\/trgovina\/?post_type=product&#038;p=44724"},"modified":"2024-05-09T11:05:37","modified_gmt":"2024-05-09T09:05:37","slug":"slana-in-sladka-drozomanija","status":"publish","type":"product","link":"https:\/\/www.iskreni.net\/trgovina\/product\/slana-in-sladka-drozomanija\/","title":{"rendered":"Slana in sladka dro\u017eomanija"},"content":{"rendered":"<h4>Knjiga, ki te bo izstrelila med mojstre dro\u017eopeke:<\/h4>\n<ul>\n<li><strong>popelji svojo peko<\/strong>\u00a0<strong>na novo raven z izjemnimi recepti<\/strong>, ki te bodo \u010disto zasvojili,<\/li>\n<li><strong>olaj\u0161aj si delo<\/strong>\u00a0s \u0161e ve\u010d zanimivimi nasveti,<\/li>\n<li><strong>navdu\u0161i<\/strong>\u00a0svoje bli\u017enje z dro\u017easti\u010dnimi mojstrovinami iz tvoje pe\u010dice.<\/li>\n<\/ul>\n<div class=\"elementor-element elementor-element-50751e7 elementor-widget elementor-widget-text-editor\" data-id=\"50751e7\" data-element_type=\"widget\" data-widget_type=\"text-editor.default\">\n<div class=\"elementor-widget-container\">\n<h3>Na ve\u010d kot 300 straneh najde\u0161:<\/h3>\n<\/div>\n<\/div>\n<div class=\"elementor-element elementor-element-9970d4c elementor-icon-list--layout-traditional elementor-list-item-link-full_width elementor-widget elementor-widget-icon-list\" data-id=\"9970d4c\" data-element_type=\"widget\" data-widget_type=\"icon-list.default\">\n<div class=\"elementor-widget-container\">\n<ul class=\"elementor-icon-list-items\">\n<li class=\"elementor-icon-list-item\"><i class=\"fas fa-check\" aria-hidden=\"true\"><\/i><span class=\"elementor-icon-list-text\">Ve\u010d kot\u00a0<b>77 novih in posodobljenih receptov<\/b>\u00a0(ve\u010dkrat presku\u0161enih in pripravljenih z dro\u017emi),\u00a0plus ogromno namigov in zamisli\u00a0(kar \u0161e dodatno pove\u010da \u0161tevilo receptov),<\/span><\/li>\n<li class=\"elementor-icon-list-item\"><i class=\"fas fa-check\" aria-hidden=\"true\"><\/i><span class=\"elementor-icon-list-text\">recepti za\u00a0<b>slane dro\u017ebrote<\/b>\u00a0(npr. za slane mafine, oble\u010dene olive, r\u017eene hrustljave kruhke, lango\u0161 &#8230;),<\/span><\/li>\n<li class=\"elementor-icon-list-item\"><i class=\"fas fa-check\" aria-hidden=\"true\"><\/i><span class=\"elementor-icon-list-text\">tradicionalni recepti za\u00a0<b>sladke dro\u017ebrote<\/b>\u00a0(kot so pehtranova potica, kva\u0161eni \u0161arkelj, flancati &#8211; krhki in mehki, dro\u017eknedli in \u0161e in \u0161e)\u00a0ter\u00a0sodobnej\u0161e zamisli\u00a0(kot so marmeladna zlo\u017eenka, bu\u010dna pita ali ro\u017ei\u010deve prepletenke),<\/span><\/li>\n<li class=\"elementor-icon-list-item\"><i class=\"fas fa-check\" aria-hidden=\"true\"><\/i><span class=\"elementor-icon-list-text\"><b>inovativna uporaba starega kruha<\/b>\u00a0in drugih dro\u017ebrot\u00a0(med drugim tudi dro\u017emisu, kruhov hren, ohrovtovi polpeti &#8230;),<\/span><\/li>\n<li class=\"elementor-icon-list-item\"><i class=\"fas fa-check\" aria-hidden=\"true\"><\/i><span class=\"elementor-icon-list-text\"><b>zamisli za vse obroke<\/b>\u00a0(zajtrk, malico, kosilo, popoldanski posladek, ve\u010derjo, polno\u010dni\u00a0 prigrizek in seveda glavne zvezde prazni\u010dne mize),<\/span><\/li>\n<li class=\"elementor-icon-list-item\"><i class=\"fas fa-check\" aria-hidden=\"true\"><\/i><span class=\"elementor-icon-list-text\"><b>podrobna prestavitev sladkega dro\u017enega nastavka<\/b>\u00a0v besedi in sliki\u00a0(kar je bilo v prvi knjigi le omenjeno)<\/span><\/li>\n<li class=\"elementor-icon-list-item\"><i class=\"fas fa-check\" aria-hidden=\"true\"><\/i><span class=\"elementor-icon-list-text\">podrobno poslikani in opisani\u00a0<b>postopki izdelave slanih in sladkih dro\u017ebrot<\/b>\u00a0(skupaj kar 12 slikovnih postopkov),<\/span><\/li>\n<li class=\"elementor-icon-list-item\"><i class=\"fas fa-check\" aria-hidden=\"true\"><\/i><span class=\"elementor-icon-list-text\"><b>inovativne ideje pri uporabi dro\u017ei<\/b>\u00a0(kam vse jih lahko podtakne\u0161 ? )<\/span><\/li>\n<li class=\"elementor-icon-list-item\"><i class=\"fas fa-check\" aria-hidden=\"true\"><\/i><span class=\"elementor-icon-list-text\">podroben\u00a0<b>opis sestavin<\/b>\u00a0za slano in sladko peko,<\/span><\/li>\n<li class=\"elementor-icon-list-item\"><i class=\"fas fa-check\" aria-hidden=\"true\"><\/i><span class=\"elementor-icon-list-text\">zakaj je\u00a0<b>pomembno zaporedje<\/b> dodajanja sestavin\u00a0pri peki z dro\u017emi\u00a0in ponovitev pekovskih odstotkov,\u00a0<\/span><\/li>\n<li class=\"elementor-icon-list-item\"><span class=\"elementor-icon-list-text\"><b>kratki nasveti za vzdr\u017eevanje zdravih dro\u017ei<\/b>\u00a0(podrobneje pa je to zapisano v Dro\u017eomaniji),<\/span><i class=\"fas fa-check\" aria-hidden=\"true\"><\/i><\/li>\n<li class=\"elementor-icon-list-item\"><span class=\"elementor-icon-list-text\"><b>diagram sladko-slane peke<\/b>,<\/span><i class=\"fas fa-check\" aria-hidden=\"true\"><\/i><\/li>\n<li class=\"elementor-icon-list-item\"><span class=\"elementor-icon-list-text\">prostor za tvoje recepte in bele\u017eke.<\/span><\/li>\n<\/ul>\n<\/div>\n<\/div>\n","protected":false},"excerpt":{"rendered":"<h4><strong>Za ambiciozne, ki od dro\u017ei ho\u010dejo ve\u010d.<\/strong><\/h4>\n<div><\/div>\n<div><span class=\"author\"><strong>Avtor:<\/strong> Anita \u0160umer<\/span><\/div>\n<div><strong>Zalo\u017eba: <\/strong>Ars Verbi<br \/>\n<strong>Leto izdaje:<\/strong> 2020<br \/>\n<strong>\u0160tevilo strani:<\/strong> 312 strani<\/div>\n<div><i>\u00a0<\/i><\/div>\n","protected":false},"featured_media":44726,"comment_status":"open","ping_status":"closed","template":"","meta":[],"product_brand":[],"product_cat":[2327,63],"product_tag":[468,410,1663],"avtor":[],"zalozba":[],"vezava":[],"class_list":{"0":"post-44724","1":"product","2":"type-product","3":"status-publish","4":"has-post-thumbnail","6":"product_cat-prirocniki-in-vodniki","7":"product_cat-knjige","8":"product_tag-hrana","9":"product_tag-poroka","10":"product_tag-recepti","12":"first","13":"instock","14":"taxable","15":"shipping-taxable","16":"purchasable","17":"product-type-simple"},"yoast_head":"<!-- This site is optimized with the Yoast SEO plugin v26.3 - https:\/\/yoast.com\/wordpress\/plugins\/seo\/ -->\n<title>Anita \u0160umer - Slana in sladka dro\u017eomanija - trgovina Iskreni<\/title>\n<meta name=\"description\" content=\"Knjiga, ki te bo izstrelila med mojstre dro\u017eopeke z inovativno uporabo dro\u017ei ne samo pri peki kruha, ampak tudi pri peki pi\u0161kotov, sladic in drugih jedi.\" \/>\n<meta name=\"robots\" content=\"index, follow, max-snippet:-1, max-image-preview:large, max-video-preview:-1\" \/>\n<link rel=\"canonical\" href=\"https:\/\/www.iskreni.net\/trgovina\/product\/slana-in-sladka-drozomanija\/\" \/>\n<meta property=\"og:locale\" content=\"sl_SI\" \/>\n<meta property=\"og:type\" content=\"article\" \/>\n<meta property=\"og:title\" content=\"Anita \u0160umer - Slana in sladka dro\u017eomanija - trgovina Iskreni\" \/>\n<meta property=\"og:description\" content=\"Knjiga, ki te bo izstrelila med mojstre dro\u017eopeke z inovativno uporabo dro\u017ei ne samo pri peki kruha, ampak tudi pri peki pi\u0161kotov, sladic in drugih jedi.\" \/>\n<meta property=\"og:url\" content=\"https:\/\/www.iskreni.net\/trgovina\/product\/slana-in-sladka-drozomanija\/\" \/>\n<meta property=\"og:site_name\" content=\"Zavod Iskreni\" \/>\n<meta property=\"article:modified_time\" content=\"2024-05-09T09:05:37+00:00\" \/>\n<meta property=\"og:image\" content=\"https:\/\/www.iskreni.net\/trgovina\/wp-content\/uploads\/2021\/06\/Slana-in-sladka-drozomanija.jpg\" \/>\n\t<meta property=\"og:image:width\" content=\"600\" \/>\n\t<meta property=\"og:image:height\" content=\"600\" \/>\n\t<meta property=\"og:image:type\" content=\"image\/jpeg\" \/>\n<meta name=\"twitter:card\" content=\"summary_large_image\" \/>\n<meta name=\"twitter:label1\" content=\"Est. reading time\" \/>\n\t<meta name=\"twitter:data1\" content=\"2 minuti\" \/>\n<script type=\"application\/ld+json\" class=\"yoast-schema-graph\">{\"@context\":\"https:\/\/schema.org\",\"@graph\":[{\"@type\":\"WebPage\",\"@id\":\"https:\/\/www.iskreni.net\/trgovina\/product\/slana-in-sladka-drozomanija\/\",\"url\":\"https:\/\/www.iskreni.net\/trgovina\/product\/slana-in-sladka-drozomanija\/\",\"name\":\"Anita \u0160umer - Slana in sladka dro\u017eomanija - trgovina Iskreni\",\"isPartOf\":{\"@id\":\"https:\/\/www.iskreni.net\/trgovina\/#website\"},\"primaryImageOfPage\":{\"@id\":\"https:\/\/www.iskreni.net\/trgovina\/product\/slana-in-sladka-drozomanija\/#primaryimage\"},\"image\":{\"@id\":\"https:\/\/www.iskreni.net\/trgovina\/product\/slana-in-sladka-drozomanija\/#primaryimage\"},\"thumbnailUrl\":\"https:\/\/www.iskreni.net\/trgovina\/wp-content\/uploads\/2021\/06\/Slana-in-sladka-drozomanija.jpg\",\"datePublished\":\"2021-06-23T04:01:38+00:00\",\"dateModified\":\"2024-05-09T09:05:37+00:00\",\"description\":\"Knjiga, ki te bo izstrelila med mojstre dro\u017eopeke z inovativno uporabo dro\u017ei ne samo pri peki kruha, ampak tudi pri peki pi\u0161kotov, sladic in drugih jedi.\",\"breadcrumb\":{\"@id\":\"https:\/\/www.iskreni.net\/trgovina\/product\/slana-in-sladka-drozomanija\/#breadcrumb\"},\"inLanguage\":\"sl-SI\",\"potentialAction\":[{\"@type\":\"ReadAction\",\"target\":[\"https:\/\/www.iskreni.net\/trgovina\/product\/slana-in-sladka-drozomanija\/\"]}]},{\"@type\":\"ImageObject\",\"inLanguage\":\"sl-SI\",\"@id\":\"https:\/\/www.iskreni.net\/trgovina\/product\/slana-in-sladka-drozomanija\/#primaryimage\",\"url\":\"https:\/\/www.iskreni.net\/trgovina\/wp-content\/uploads\/2021\/06\/Slana-in-sladka-drozomanija.jpg\",\"contentUrl\":\"https:\/\/www.iskreni.net\/trgovina\/wp-content\/uploads\/2021\/06\/Slana-in-sladka-drozomanija.jpg\",\"width\":600,\"height\":600},{\"@type\":\"BreadcrumbList\",\"@id\":\"https:\/\/www.iskreni.net\/trgovina\/product\/slana-in-sladka-drozomanija\/#breadcrumb\",\"itemListElement\":[{\"@type\":\"ListItem\",\"position\":1,\"name\":\"Home\",\"item\":\"https:\/\/www.iskreni.net\/trgovina\/\"},{\"@type\":\"ListItem\",\"position\":2,\"name\":\"Trgovina\",\"item\":\"https:\/\/www.iskreni.net\/trgovina\/trgovina\/\"},{\"@type\":\"ListItem\",\"position\":3,\"name\":\"Slana in sladka dro\u017eomanija\"}]},{\"@type\":\"WebSite\",\"@id\":\"https:\/\/www.iskreni.net\/trgovina\/#website\",\"url\":\"https:\/\/www.iskreni.net\/trgovina\/\",\"name\":\"Zavod Iskreni\",\"description\":\"trgovina\",\"potentialAction\":[{\"@type\":\"SearchAction\",\"target\":{\"@type\":\"EntryPoint\",\"urlTemplate\":\"https:\/\/www.iskreni.net\/trgovina\/?s={search_term_string}\"},\"query-input\":{\"@type\":\"PropertyValueSpecification\",\"valueRequired\":true,\"valueName\":\"search_term_string\"}}],\"inLanguage\":\"sl-SI\"}]}<\/script>\n<!-- \/ Yoast SEO plugin. -->","yoast_head_json":{"title":"Anita \u0160umer - Slana in sladka dro\u017eomanija - trgovina Iskreni","description":"Knjiga, ki te bo izstrelila med mojstre dro\u017eopeke z inovativno uporabo dro\u017ei ne samo pri peki kruha, ampak tudi pri peki pi\u0161kotov, sladic in drugih jedi.","robots":{"index":"index","follow":"follow","max-snippet":"max-snippet:-1","max-image-preview":"max-image-preview:large","max-video-preview":"max-video-preview:-1"},"canonical":"https:\/\/www.iskreni.net\/trgovina\/product\/slana-in-sladka-drozomanija\/","og_locale":"sl_SI","og_type":"article","og_title":"Anita \u0160umer - Slana in sladka dro\u017eomanija - trgovina Iskreni","og_description":"Knjiga, ki te bo izstrelila med mojstre dro\u017eopeke z inovativno uporabo dro\u017ei ne samo pri peki kruha, ampak tudi pri peki pi\u0161kotov, sladic in drugih jedi.","og_url":"https:\/\/www.iskreni.net\/trgovina\/product\/slana-in-sladka-drozomanija\/","og_site_name":"Zavod Iskreni","article_modified_time":"2024-05-09T09:05:37+00:00","og_image":[{"width":600,"height":600,"url":"https:\/\/www.iskreni.net\/trgovina\/wp-content\/uploads\/2021\/06\/Slana-in-sladka-drozomanija.jpg","type":"image\/jpeg"}],"twitter_card":"summary_large_image","twitter_misc":{"Est. reading time":"2 minuti"},"schema":{"@context":"https:\/\/schema.org","@graph":[{"@type":"WebPage","@id":"https:\/\/www.iskreni.net\/trgovina\/product\/slana-in-sladka-drozomanija\/","url":"https:\/\/www.iskreni.net\/trgovina\/product\/slana-in-sladka-drozomanija\/","name":"Anita \u0160umer - Slana in sladka dro\u017eomanija - trgovina Iskreni","isPartOf":{"@id":"https:\/\/www.iskreni.net\/trgovina\/#website"},"primaryImageOfPage":{"@id":"https:\/\/www.iskreni.net\/trgovina\/product\/slana-in-sladka-drozomanija\/#primaryimage"},"image":{"@id":"https:\/\/www.iskreni.net\/trgovina\/product\/slana-in-sladka-drozomanija\/#primaryimage"},"thumbnailUrl":"https:\/\/www.iskreni.net\/trgovina\/wp-content\/uploads\/2021\/06\/Slana-in-sladka-drozomanija.jpg","datePublished":"2021-06-23T04:01:38+00:00","dateModified":"2024-05-09T09:05:37+00:00","description":"Knjiga, ki te bo izstrelila med mojstre dro\u017eopeke z inovativno uporabo dro\u017ei ne samo pri peki kruha, ampak tudi pri peki pi\u0161kotov, sladic in drugih jedi.","breadcrumb":{"@id":"https:\/\/www.iskreni.net\/trgovina\/product\/slana-in-sladka-drozomanija\/#breadcrumb"},"inLanguage":"sl-SI","potentialAction":[{"@type":"ReadAction","target":["https:\/\/www.iskreni.net\/trgovina\/product\/slana-in-sladka-drozomanija\/"]}]},{"@type":"ImageObject","inLanguage":"sl-SI","@id":"https:\/\/www.iskreni.net\/trgovina\/product\/slana-in-sladka-drozomanija\/#primaryimage","url":"https:\/\/www.iskreni.net\/trgovina\/wp-content\/uploads\/2021\/06\/Slana-in-sladka-drozomanija.jpg","contentUrl":"https:\/\/www.iskreni.net\/trgovina\/wp-content\/uploads\/2021\/06\/Slana-in-sladka-drozomanija.jpg","width":600,"height":600},{"@type":"BreadcrumbList","@id":"https:\/\/www.iskreni.net\/trgovina\/product\/slana-in-sladka-drozomanija\/#breadcrumb","itemListElement":[{"@type":"ListItem","position":1,"name":"Home","item":"https:\/\/www.iskreni.net\/trgovina\/"},{"@type":"ListItem","position":2,"name":"Trgovina","item":"https:\/\/www.iskreni.net\/trgovina\/trgovina\/"},{"@type":"ListItem","position":3,"name":"Slana in sladka dro\u017eomanija"}]},{"@type":"WebSite","@id":"https:\/\/www.iskreni.net\/trgovina\/#website","url":"https:\/\/www.iskreni.net\/trgovina\/","name":"Zavod Iskreni","description":"trgovina","potentialAction":[{"@type":"SearchAction","target":{"@type":"EntryPoint","urlTemplate":"https:\/\/www.iskreni.net\/trgovina\/?s={search_term_string}"},"query-input":{"@type":"PropertyValueSpecification","valueRequired":true,"valueName":"search_term_string"}}],"inLanguage":"sl-SI"}]}},"_links":{"self":[{"href":"https:\/\/www.iskreni.net\/trgovina\/wp-json\/wp\/v2\/product\/44724","targetHints":{"allow":["GET"]}}],"collection":[{"href":"https:\/\/www.iskreni.net\/trgovina\/wp-json\/wp\/v2\/product"}],"about":[{"href":"https:\/\/www.iskreni.net\/trgovina\/wp-json\/wp\/v2\/types\/product"}],"replies":[{"embeddable":true,"href":"https:\/\/www.iskreni.net\/trgovina\/wp-json\/wp\/v2\/comments?post=44724"}],"version-history":[{"count":7,"href":"https:\/\/www.iskreni.net\/trgovina\/wp-json\/wp\/v2\/product\/44724\/revisions"}],"predecessor-version":[{"id":74934,"href":"https:\/\/www.iskreni.net\/trgovina\/wp-json\/wp\/v2\/product\/44724\/revisions\/74934"}],"wp:featuredmedia":[{"embeddable":true,"href":"https:\/\/www.iskreni.net\/trgovina\/wp-json\/wp\/v2\/media\/44726"}],"wp:attachment":[{"href":"https:\/\/www.iskreni.net\/trgovina\/wp-json\/wp\/v2\/media?parent=44724"}],"wp:term":[{"taxonomy":"product_brand","embeddable":true,"href":"https:\/\/www.iskreni.net\/trgovina\/wp-json\/wp\/v2\/product_brand?post=44724"},{"taxonomy":"product_cat","embeddable":true,"href":"https:\/\/www.iskreni.net\/trgovina\/wp-json\/wp\/v2\/product_cat?post=44724"},{"taxonomy":"product_tag","embeddable":true,"href":"https:\/\/www.iskreni.net\/trgovina\/wp-json\/wp\/v2\/product_tag?post=44724"},{"taxonomy":"avtor","embeddable":true,"href":"https:\/\/www.iskreni.net\/trgovina\/wp-json\/wp\/v2\/avtor?post=44724"},{"taxonomy":"zalozba","embeddable":true,"href":"https:\/\/www.iskreni.net\/trgovina\/wp-json\/wp\/v2\/zalozba?post=44724"},{"taxonomy":"vezava","embeddable":true,"href":"https:\/\/www.iskreni.net\/trgovina\/wp-json\/wp\/v2\/vezava?post=44724"}],"curies":[{"name":"wp","href":"https:\/\/api.w.org\/{rel}","templated":true}]}}