{"id":4038,"date":"2018-01-26T13:14:28","date_gmt":"2018-01-26T12:14:28","guid":{"rendered":"https:\/\/www.iskreni.net\/trgovina\/product\/fake-news\/"},"modified":"2023-10-20T10:10:28","modified_gmt":"2023-10-20T08:10:28","slug":"fake-news","status":"publish","type":"product","link":"https:\/\/www.iskreni.net\/trgovina\/product\/fake-news\/","title":{"rendered":"Fake news &#8211; la\u017enive novice"},"content":{"rendered":"<h4>O knjigi Fake news &#8211; la\u017enive novice<\/h4>\n<p>\u00bbV \u010dasu socializma smo v medijih vse napisali po resnici. Celo tisto, kar ni bilo res. A ni bilo veliko druga\u010de, kot je danes \u2026\u00ab<\/p>\n<p>Ta knjiga predstavlja nekatere ve\u010dje manipulacije velikih medijev in njihova ozadja v Sloveniji: zgodbo o Ultri Gregorja Golobi\u010da, o neonacistih Sebastjana Selana, o \u00bbborcu proti korupciji \u00ab Goranu Klemen\u010di\u010du, o domnevnem sinu Franceta Rodeta Petru Stelzerju, o mariborski vede\u017eevalki Franca Kanglerja, o razlogih, da je Delo pisalo, da se je denar iz Patrie namesto pri Janezu Jan\u0161i zna\u0161el na ra\u010dunu SDS, o migrantskih te\u017eavah Mira Cerarja, o farmacevtki in Sto\u017eicah Zorana Jankovi\u0107a, o nastopu v Slaviji Milana Ku\u010dana. Vseh manipulacij v medijih je preve\u010d, da bi jih lahko predstavil.<\/p>\n<p><strong>Peter Jan\u010di\u010d<\/strong> je slovenski novinar, sodelavec mariborskega Ve\u010dera in nato ljubljanskega Dela, ki ga je vodil tudi kot odgovorni urednik v \u010dasu direktorovanja Danila Slivnika. V za\u010detku leta 2017 so ga na Delu odpustili, bojda zaradi poslovnih razlogov \u2026<\/p>\n","protected":false},"excerpt":{"rendered":"<p><strong>\u0160tevilo strani:<\/strong> 227<br \/>\n<strong>Leto izdaje:<\/strong> 2017<br \/>\n<strong>Mere:<\/strong> 160 x 235 mm<\/p>\n<p><em>&#8220;V medijih na Vzhodu je bila vedno zapisana le resnica. Na Zahodu so se v\u010dasih zlagali. Danes smo na svobodnem Zahodu.&#8221;<\/em><\/p>\n","protected":false},"featured_media":4041,"comment_status":"open","ping_status":"closed","template":"","meta":[],"product_brand":[253],"product_cat":[2326,63],"product_tag":[],"avtor":[2520],"zalozba":[2311],"vezava":[2307],"class_list":{"0":"post-4038","1":"product","2":"type-product","3":"status-publish","4":"has-post-thumbnail","6":"product_brand-druzina","7":"product_cat-druzbena-vprasanja-in-humanistika","8":"product_cat-knjige","9":"avtor-peter-jancic","10":"zalozba-druzina","11":"vezava-mehka","13":"first","14":"instock","15":"taxable","16":"shipping-taxable","17":"purchasable","18":"product-type-simple"},"yoast_head":"<!-- This site is optimized with the Yoast SEO plugin v26.3 - https:\/\/yoast.com\/wordpress\/plugins\/seo\/ -->\n<title>Fake news - la\u017enive novice - Zavod Iskreni<\/title>\n<meta name=\"description\" content=\"\u00bbV \u010dasu socializma smo v medijih vse napisali po resnici. Celo tisto, kar ni bilo res. A ni bilo veliko druga\u010de, kot je danes \u2026\u00ab\" \/>\n<meta name=\"robots\" content=\"index, follow, max-snippet:-1, max-image-preview:large, max-video-preview:-1\" \/>\n<link rel=\"canonical\" href=\"https:\/\/www.iskreni.net\/trgovina\/product\/fake-news\/\" \/>\n<meta property=\"og:locale\" content=\"sl_SI\" \/>\n<meta property=\"og:type\" content=\"article\" \/>\n<meta property=\"og:title\" content=\"Fake news - la\u017enive novice - Zavod Iskreni\" \/>\n<meta property=\"og:description\" content=\"\u00bbV \u010dasu socializma smo v medijih vse napisali po resnici. Celo tisto, kar ni bilo res. A ni bilo veliko druga\u010de, kot je danes \u2026\u00ab\" \/>\n<meta property=\"og:url\" content=\"https:\/\/www.iskreni.net\/trgovina\/product\/fake-news\/\" \/>\n<meta property=\"og:site_name\" content=\"Zavod Iskreni\" \/>\n<meta property=\"article:modified_time\" content=\"2023-10-20T08:10:28+00:00\" \/>\n<meta property=\"og:image\" content=\"https:\/\/www.iskreni.net\/trgovina\/wp-content\/uploads\/2018\/01\/rsz_1fake_news.jpg\" \/>\n\t<meta property=\"og:image:width\" content=\"458\" \/>\n\t<meta property=\"og:image:height\" content=\"686\" \/>\n\t<meta property=\"og:image:type\" content=\"image\/jpeg\" \/>\n<meta name=\"twitter:card\" content=\"summary_large_image\" \/>\n<meta name=\"twitter:label1\" content=\"Est. reading time\" \/>\n\t<meta name=\"twitter:data1\" content=\"1 minuta\" \/>\n<script type=\"application\/ld+json\" class=\"yoast-schema-graph\">{\"@context\":\"https:\/\/schema.org\",\"@graph\":[{\"@type\":\"WebPage\",\"@id\":\"https:\/\/www.iskreni.net\/trgovina\/product\/fake-news\/\",\"url\":\"https:\/\/www.iskreni.net\/trgovina\/product\/fake-news\/\",\"name\":\"Fake news - la\u017enive novice - Zavod Iskreni\",\"isPartOf\":{\"@id\":\"https:\/\/www.iskreni.net\/trgovina\/#website\"},\"primaryImageOfPage\":{\"@id\":\"https:\/\/www.iskreni.net\/trgovina\/product\/fake-news\/#primaryimage\"},\"image\":{\"@id\":\"https:\/\/www.iskreni.net\/trgovina\/product\/fake-news\/#primaryimage\"},\"thumbnailUrl\":\"https:\/\/www.iskreni.net\/trgovina\/wp-content\/uploads\/2018\/01\/rsz_1fake_news.jpg\",\"datePublished\":\"2018-01-26T12:14:28+00:00\",\"dateModified\":\"2023-10-20T08:10:28+00:00\",\"description\":\"\u00bbV \u010dasu socializma smo v medijih vse napisali po resnici. Celo tisto, kar ni bilo res. A ni bilo veliko druga\u010de, kot je danes \u2026\u00ab\",\"breadcrumb\":{\"@id\":\"https:\/\/www.iskreni.net\/trgovina\/product\/fake-news\/#breadcrumb\"},\"inLanguage\":\"sl-SI\",\"potentialAction\":[{\"@type\":\"ReadAction\",\"target\":[\"https:\/\/www.iskreni.net\/trgovina\/product\/fake-news\/\"]}]},{\"@type\":\"ImageObject\",\"inLanguage\":\"sl-SI\",\"@id\":\"https:\/\/www.iskreni.net\/trgovina\/product\/fake-news\/#primaryimage\",\"url\":\"https:\/\/www.iskreni.net\/trgovina\/wp-content\/uploads\/2018\/01\/rsz_1fake_news.jpg\",\"contentUrl\":\"https:\/\/www.iskreni.net\/trgovina\/wp-content\/uploads\/2018\/01\/rsz_1fake_news.jpg\",\"width\":458,\"height\":686},{\"@type\":\"BreadcrumbList\",\"@id\":\"https:\/\/www.iskreni.net\/trgovina\/product\/fake-news\/#breadcrumb\",\"itemListElement\":[{\"@type\":\"ListItem\",\"position\":1,\"name\":\"Home\",\"item\":\"https:\/\/www.iskreni.net\/trgovina\/\"},{\"@type\":\"ListItem\",\"position\":2,\"name\":\"Trgovina\",\"item\":\"https:\/\/www.iskreni.net\/trgovina\/trgovina\/\"},{\"@type\":\"ListItem\",\"position\":3,\"name\":\"Fake news &#8211; la\u017enive novice\"}]},{\"@type\":\"WebSite\",\"@id\":\"https:\/\/www.iskreni.net\/trgovina\/#website\",\"url\":\"https:\/\/www.iskreni.net\/trgovina\/\",\"name\":\"Zavod Iskreni\",\"description\":\"trgovina\",\"potentialAction\":[{\"@type\":\"SearchAction\",\"target\":{\"@type\":\"EntryPoint\",\"urlTemplate\":\"https:\/\/www.iskreni.net\/trgovina\/?s={search_term_string}\"},\"query-input\":{\"@type\":\"PropertyValueSpecification\",\"valueRequired\":true,\"valueName\":\"search_term_string\"}}],\"inLanguage\":\"sl-SI\"}]}<\/script>\n<!-- \/ Yoast SEO plugin. -->","yoast_head_json":{"title":"Fake news - la\u017enive novice - Zavod Iskreni","description":"\u00bbV \u010dasu socializma smo v medijih vse napisali po resnici. Celo tisto, kar ni bilo res. A ni bilo veliko druga\u010de, kot je danes \u2026\u00ab","robots":{"index":"index","follow":"follow","max-snippet":"max-snippet:-1","max-image-preview":"max-image-preview:large","max-video-preview":"max-video-preview:-1"},"canonical":"https:\/\/www.iskreni.net\/trgovina\/product\/fake-news\/","og_locale":"sl_SI","og_type":"article","og_title":"Fake news - la\u017enive novice - Zavod Iskreni","og_description":"\u00bbV \u010dasu socializma smo v medijih vse napisali po resnici. Celo tisto, kar ni bilo res. A ni bilo veliko druga\u010de, kot je danes \u2026\u00ab","og_url":"https:\/\/www.iskreni.net\/trgovina\/product\/fake-news\/","og_site_name":"Zavod Iskreni","article_modified_time":"2023-10-20T08:10:28+00:00","og_image":[{"width":458,"height":686,"url":"https:\/\/www.iskreni.net\/trgovina\/wp-content\/uploads\/2018\/01\/rsz_1fake_news.jpg","type":"image\/jpeg"}],"twitter_card":"summary_large_image","twitter_misc":{"Est. reading time":"1 minuta"},"schema":{"@context":"https:\/\/schema.org","@graph":[{"@type":"WebPage","@id":"https:\/\/www.iskreni.net\/trgovina\/product\/fake-news\/","url":"https:\/\/www.iskreni.net\/trgovina\/product\/fake-news\/","name":"Fake news - la\u017enive novice - Zavod Iskreni","isPartOf":{"@id":"https:\/\/www.iskreni.net\/trgovina\/#website"},"primaryImageOfPage":{"@id":"https:\/\/www.iskreni.net\/trgovina\/product\/fake-news\/#primaryimage"},"image":{"@id":"https:\/\/www.iskreni.net\/trgovina\/product\/fake-news\/#primaryimage"},"thumbnailUrl":"https:\/\/www.iskreni.net\/trgovina\/wp-content\/uploads\/2018\/01\/rsz_1fake_news.jpg","datePublished":"2018-01-26T12:14:28+00:00","dateModified":"2023-10-20T08:10:28+00:00","description":"\u00bbV \u010dasu socializma smo v medijih vse napisali po resnici. Celo tisto, kar ni bilo res. A ni bilo veliko druga\u010de, kot je danes \u2026\u00ab","breadcrumb":{"@id":"https:\/\/www.iskreni.net\/trgovina\/product\/fake-news\/#breadcrumb"},"inLanguage":"sl-SI","potentialAction":[{"@type":"ReadAction","target":["https:\/\/www.iskreni.net\/trgovina\/product\/fake-news\/"]}]},{"@type":"ImageObject","inLanguage":"sl-SI","@id":"https:\/\/www.iskreni.net\/trgovina\/product\/fake-news\/#primaryimage","url":"https:\/\/www.iskreni.net\/trgovina\/wp-content\/uploads\/2018\/01\/rsz_1fake_news.jpg","contentUrl":"https:\/\/www.iskreni.net\/trgovina\/wp-content\/uploads\/2018\/01\/rsz_1fake_news.jpg","width":458,"height":686},{"@type":"BreadcrumbList","@id":"https:\/\/www.iskreni.net\/trgovina\/product\/fake-news\/#breadcrumb","itemListElement":[{"@type":"ListItem","position":1,"name":"Home","item":"https:\/\/www.iskreni.net\/trgovina\/"},{"@type":"ListItem","position":2,"name":"Trgovina","item":"https:\/\/www.iskreni.net\/trgovina\/trgovina\/"},{"@type":"ListItem","position":3,"name":"Fake news &#8211; la\u017enive novice"}]},{"@type":"WebSite","@id":"https:\/\/www.iskreni.net\/trgovina\/#website","url":"https:\/\/www.iskreni.net\/trgovina\/","name":"Zavod Iskreni","description":"trgovina","potentialAction":[{"@type":"SearchAction","target":{"@type":"EntryPoint","urlTemplate":"https:\/\/www.iskreni.net\/trgovina\/?s={search_term_string}"},"query-input":{"@type":"PropertyValueSpecification","valueRequired":true,"valueName":"search_term_string"}}],"inLanguage":"sl-SI"}]}},"_links":{"self":[{"href":"https:\/\/www.iskreni.net\/trgovina\/wp-json\/wp\/v2\/product\/4038","targetHints":{"allow":["GET"]}}],"collection":[{"href":"https:\/\/www.iskreni.net\/trgovina\/wp-json\/wp\/v2\/product"}],"about":[{"href":"https:\/\/www.iskreni.net\/trgovina\/wp-json\/wp\/v2\/types\/product"}],"replies":[{"embeddable":true,"href":"https:\/\/www.iskreni.net\/trgovina\/wp-json\/wp\/v2\/comments?post=4038"}],"version-history":[{"count":3,"href":"https:\/\/www.iskreni.net\/trgovina\/wp-json\/wp\/v2\/product\/4038\/revisions"}],"predecessor-version":[{"id":70165,"href":"https:\/\/www.iskreni.net\/trgovina\/wp-json\/wp\/v2\/product\/4038\/revisions\/70165"}],"wp:featuredmedia":[{"embeddable":true,"href":"https:\/\/www.iskreni.net\/trgovina\/wp-json\/wp\/v2\/media\/4041"}],"wp:attachment":[{"href":"https:\/\/www.iskreni.net\/trgovina\/wp-json\/wp\/v2\/media?parent=4038"}],"wp:term":[{"taxonomy":"product_brand","embeddable":true,"href":"https:\/\/www.iskreni.net\/trgovina\/wp-json\/wp\/v2\/product_brand?post=4038"},{"taxonomy":"product_cat","embeddable":true,"href":"https:\/\/www.iskreni.net\/trgovina\/wp-json\/wp\/v2\/product_cat?post=4038"},{"taxonomy":"product_tag","embeddable":true,"href":"https:\/\/www.iskreni.net\/trgovina\/wp-json\/wp\/v2\/product_tag?post=4038"},{"taxonomy":"avtor","embeddable":true,"href":"https:\/\/www.iskreni.net\/trgovina\/wp-json\/wp\/v2\/avtor?post=4038"},{"taxonomy":"zalozba","embeddable":true,"href":"https:\/\/www.iskreni.net\/trgovina\/wp-json\/wp\/v2\/zalozba?post=4038"},{"taxonomy":"vezava","embeddable":true,"href":"https:\/\/www.iskreni.net\/trgovina\/wp-json\/wp\/v2\/vezava?post=4038"}],"curies":[{"name":"wp","href":"https:\/\/api.w.org\/{rel}","templated":true}]}}