{"id":39908,"date":"2021-03-24T13:36:48","date_gmt":"2021-03-24T12:36:48","guid":{"rendered":"https:\/\/www.iskreni.net\/trgovina\/?post_type=product&#038;p=39908"},"modified":"2023-10-19T10:58:42","modified_gmt":"2023-10-19T08:58:42","slug":"moja-priprava-na-veliko-noc-delovni-zvezek","status":"publish","type":"product","link":"https:\/\/www.iskreni.net\/trgovina\/product\/moja-priprava-na-veliko-noc-delovni-zvezek\/","title":{"rendered":"Moja priprava na veliko no\u010d, delovni zvezek"},"content":{"rendered":"<p>Delovni zvezek vabi otroka k aktivni pripravi na praznik velike no\u010di. Besedila z vrzelmi bo dopolnjeval z nalepkami, sli\u010dice bo bodisi ustvaril s povezovanjem od pike do pike bodisi jih narisal, pobarval, iskal razlike med njimi itn. Ob vsem tem bo do\u017eiveto spoznaval\u00a0velikono\u010dno zgodbo.<\/p>\n<p>Ve\u010dina otrok ve, da za veliko no\u010d barvamo pirhe.\u00a0Kak\u0161ni so \u0161e drugi obi\u010daji in od kod izvirajo, bodo na\u00a0igriv na\u010din izvedeli ob izpolnjevanju delovnega zvezka\u00a0<em>Moja priprava na veliko no\u010d<\/em>. Ta jih vodi tudi skozi\u00a0Jezusovo zgodbo velikono\u010dnega tridnevja, osrednje\u00a0skrivnosti na\u0161e vere. In, kdo ve, morda bodo mali\u00a0ustvarjalci tokrat poskrbeli za posebej lepo okra\u0161eno\u00a0\u017eegnanjsko mizo \u2026<\/p>\n<h4>O avtorici<\/h4>\n<p>No\u00e9lie Viallet je sodelavka francoske katoli\u0161ke revije za otroke <em>Filot\u00e9o<\/em>. Otrokom na razumljiv in igriv na\u010din pribli\u017ea verske t\u00e9me.<\/p>\n<h4>O ilustratorki<\/h4>\n<p>Anne-Sophie Lanquetin je otro\u0161ka in mladinska ilustratorka knji\u017enih in periodi\u010dnih izdaj. Od leta 2015 vodi tudi stripovsko delavnico za mlade.<\/p>\n","protected":false},"excerpt":{"rendered":"<p><strong>Ilustracije: <\/strong>Anne-Sophie Lanquetin<strong><br \/>\n<\/strong><strong>Prevod:<\/strong> Tadeja Petrov\u010di\u010d Jerina<br \/>\n<strong>\u0160tevilo strani:<\/strong> 16<br \/>\n<strong>Velikost:<\/strong> 190 mm x 260 mm<br \/>\n<strong>Leto izdaje:<\/strong> 2017<\/p>\n","protected":false},"featured_media":39916,"comment_status":"open","ping_status":"closed","template":"","meta":[],"product_brand":[],"product_cat":[63,135],"product_tag":[715,1411],"avtor":[2476],"zalozba":[2337],"vezava":[2307],"class_list":{"0":"post-39908","1":"product","2":"type-product","3":"status-publish","4":"has-post-thumbnail","6":"product_cat-knjige","7":"product_cat-za-otroke","8":"product_tag-delovni-zvezek","9":"product_tag-velika-noc","10":"avtor-noelie-viallet","11":"zalozba-celjska-mohorjeva-druzba","12":"vezava-mehka","14":"first","15":"instock","16":"taxable","17":"shipping-taxable","18":"purchasable","19":"product-type-simple"},"yoast_head":"<!-- This site is optimized with the Yoast SEO plugin v26.3 - https:\/\/yoast.com\/wordpress\/plugins\/seo\/ -->\n<title>Moja priprava na Veliko no\u010d - delovni zvezek z nalepkami in nalogami - Iskreni<\/title>\n<meta name=\"description\" content=\"Delovni zvezek z nalepkami, pobarvankami in drugimi nalogami, s pomo\u010djo katerih najmlaj\u0161i otroci do\u017eiveto spoznavajo velikono\u010dno zgodbo.\" \/>\n<meta name=\"robots\" content=\"index, follow, max-snippet:-1, max-image-preview:large, max-video-preview:-1\" \/>\n<link rel=\"canonical\" href=\"https:\/\/www.iskreni.net\/trgovina\/product\/moja-priprava-na-veliko-noc-delovni-zvezek\/\" \/>\n<meta property=\"og:locale\" content=\"sl_SI\" \/>\n<meta property=\"og:type\" content=\"article\" \/>\n<meta property=\"og:title\" content=\"Moja priprava na Veliko no\u010d - delovni zvezek z nalepkami in nalogami - Iskreni\" \/>\n<meta property=\"og:description\" content=\"Delovni zvezek z nalepkami, pobarvankami in drugimi nalogami, s pomo\u010djo katerih najmlaj\u0161i otroci do\u017eiveto spoznavajo velikono\u010dno zgodbo.\" \/>\n<meta property=\"og:url\" content=\"https:\/\/www.iskreni.net\/trgovina\/product\/moja-priprava-na-veliko-noc-delovni-zvezek\/\" \/>\n<meta property=\"og:site_name\" content=\"Zavod Iskreni\" \/>\n<meta property=\"article:modified_time\" content=\"2023-10-19T08:58:42+00:00\" \/>\n<meta property=\"og:image\" content=\"https:\/\/www.iskreni.net\/trgovina\/wp-content\/uploads\/2021\/03\/Izdelek-brez-naslova-2.jpg\" \/>\n\t<meta property=\"og:image:width\" content=\"600\" \/>\n\t<meta property=\"og:image:height\" content=\"600\" \/>\n\t<meta property=\"og:image:type\" content=\"image\/jpeg\" \/>\n<meta name=\"twitter:card\" content=\"summary_large_image\" \/>\n<meta name=\"twitter:label1\" content=\"Est. reading time\" \/>\n\t<meta name=\"twitter:data1\" content=\"1 minuta\" \/>\n<script type=\"application\/ld+json\" class=\"yoast-schema-graph\">{\"@context\":\"https:\/\/schema.org\",\"@graph\":[{\"@type\":\"WebPage\",\"@id\":\"https:\/\/www.iskreni.net\/trgovina\/product\/moja-priprava-na-veliko-noc-delovni-zvezek\/\",\"url\":\"https:\/\/www.iskreni.net\/trgovina\/product\/moja-priprava-na-veliko-noc-delovni-zvezek\/\",\"name\":\"Moja priprava na Veliko no\u010d - delovni zvezek z nalepkami in nalogami - Iskreni\",\"isPartOf\":{\"@id\":\"https:\/\/www.iskreni.net\/trgovina\/#website\"},\"primaryImageOfPage\":{\"@id\":\"https:\/\/www.iskreni.net\/trgovina\/product\/moja-priprava-na-veliko-noc-delovni-zvezek\/#primaryimage\"},\"image\":{\"@id\":\"https:\/\/www.iskreni.net\/trgovina\/product\/moja-priprava-na-veliko-noc-delovni-zvezek\/#primaryimage\"},\"thumbnailUrl\":\"https:\/\/www.iskreni.net\/trgovina\/wp-content\/uploads\/2021\/03\/Izdelek-brez-naslova-2.jpg\",\"datePublished\":\"2021-03-24T12:36:48+00:00\",\"dateModified\":\"2023-10-19T08:58:42+00:00\",\"description\":\"Delovni zvezek z nalepkami, pobarvankami in drugimi nalogami, s pomo\u010djo katerih najmlaj\u0161i otroci do\u017eiveto spoznavajo velikono\u010dno zgodbo.\",\"breadcrumb\":{\"@id\":\"https:\/\/www.iskreni.net\/trgovina\/product\/moja-priprava-na-veliko-noc-delovni-zvezek\/#breadcrumb\"},\"inLanguage\":\"sl-SI\",\"potentialAction\":[{\"@type\":\"ReadAction\",\"target\":[\"https:\/\/www.iskreni.net\/trgovina\/product\/moja-priprava-na-veliko-noc-delovni-zvezek\/\"]}]},{\"@type\":\"ImageObject\",\"inLanguage\":\"sl-SI\",\"@id\":\"https:\/\/www.iskreni.net\/trgovina\/product\/moja-priprava-na-veliko-noc-delovni-zvezek\/#primaryimage\",\"url\":\"https:\/\/www.iskreni.net\/trgovina\/wp-content\/uploads\/2021\/03\/Izdelek-brez-naslova-2.jpg\",\"contentUrl\":\"https:\/\/www.iskreni.net\/trgovina\/wp-content\/uploads\/2021\/03\/Izdelek-brez-naslova-2.jpg\",\"width\":600,\"height\":600},{\"@type\":\"BreadcrumbList\",\"@id\":\"https:\/\/www.iskreni.net\/trgovina\/product\/moja-priprava-na-veliko-noc-delovni-zvezek\/#breadcrumb\",\"itemListElement\":[{\"@type\":\"ListItem\",\"position\":1,\"name\":\"Home\",\"item\":\"https:\/\/www.iskreni.net\/trgovina\/\"},{\"@type\":\"ListItem\",\"position\":2,\"name\":\"Trgovina\",\"item\":\"https:\/\/www.iskreni.net\/trgovina\/trgovina\/\"},{\"@type\":\"ListItem\",\"position\":3,\"name\":\"Moja priprava na veliko no\u010d, delovni zvezek\"}]},{\"@type\":\"WebSite\",\"@id\":\"https:\/\/www.iskreni.net\/trgovina\/#website\",\"url\":\"https:\/\/www.iskreni.net\/trgovina\/\",\"name\":\"Zavod Iskreni\",\"description\":\"trgovina\",\"potentialAction\":[{\"@type\":\"SearchAction\",\"target\":{\"@type\":\"EntryPoint\",\"urlTemplate\":\"https:\/\/www.iskreni.net\/trgovina\/?s={search_term_string}\"},\"query-input\":{\"@type\":\"PropertyValueSpecification\",\"valueRequired\":true,\"valueName\":\"search_term_string\"}}],\"inLanguage\":\"sl-SI\"}]}<\/script>\n<!-- \/ Yoast SEO plugin. -->","yoast_head_json":{"title":"Moja priprava na Veliko no\u010d - delovni zvezek z nalepkami in nalogami - Iskreni","description":"Delovni zvezek z nalepkami, pobarvankami in drugimi nalogami, s pomo\u010djo katerih najmlaj\u0161i otroci do\u017eiveto spoznavajo velikono\u010dno zgodbo.","robots":{"index":"index","follow":"follow","max-snippet":"max-snippet:-1","max-image-preview":"max-image-preview:large","max-video-preview":"max-video-preview:-1"},"canonical":"https:\/\/www.iskreni.net\/trgovina\/product\/moja-priprava-na-veliko-noc-delovni-zvezek\/","og_locale":"sl_SI","og_type":"article","og_title":"Moja priprava na Veliko no\u010d - delovni zvezek z nalepkami in nalogami - Iskreni","og_description":"Delovni zvezek z nalepkami, pobarvankami in drugimi nalogami, s pomo\u010djo katerih najmlaj\u0161i otroci do\u017eiveto spoznavajo velikono\u010dno zgodbo.","og_url":"https:\/\/www.iskreni.net\/trgovina\/product\/moja-priprava-na-veliko-noc-delovni-zvezek\/","og_site_name":"Zavod Iskreni","article_modified_time":"2023-10-19T08:58:42+00:00","og_image":[{"width":600,"height":600,"url":"https:\/\/www.iskreni.net\/trgovina\/wp-content\/uploads\/2021\/03\/Izdelek-brez-naslova-2.jpg","type":"image\/jpeg"}],"twitter_card":"summary_large_image","twitter_misc":{"Est. reading time":"1 minuta"},"schema":{"@context":"https:\/\/schema.org","@graph":[{"@type":"WebPage","@id":"https:\/\/www.iskreni.net\/trgovina\/product\/moja-priprava-na-veliko-noc-delovni-zvezek\/","url":"https:\/\/www.iskreni.net\/trgovina\/product\/moja-priprava-na-veliko-noc-delovni-zvezek\/","name":"Moja priprava na Veliko no\u010d - delovni zvezek z nalepkami in nalogami - Iskreni","isPartOf":{"@id":"https:\/\/www.iskreni.net\/trgovina\/#website"},"primaryImageOfPage":{"@id":"https:\/\/www.iskreni.net\/trgovina\/product\/moja-priprava-na-veliko-noc-delovni-zvezek\/#primaryimage"},"image":{"@id":"https:\/\/www.iskreni.net\/trgovina\/product\/moja-priprava-na-veliko-noc-delovni-zvezek\/#primaryimage"},"thumbnailUrl":"https:\/\/www.iskreni.net\/trgovina\/wp-content\/uploads\/2021\/03\/Izdelek-brez-naslova-2.jpg","datePublished":"2021-03-24T12:36:48+00:00","dateModified":"2023-10-19T08:58:42+00:00","description":"Delovni zvezek z nalepkami, pobarvankami in drugimi nalogami, s pomo\u010djo katerih najmlaj\u0161i otroci do\u017eiveto spoznavajo velikono\u010dno zgodbo.","breadcrumb":{"@id":"https:\/\/www.iskreni.net\/trgovina\/product\/moja-priprava-na-veliko-noc-delovni-zvezek\/#breadcrumb"},"inLanguage":"sl-SI","potentialAction":[{"@type":"ReadAction","target":["https:\/\/www.iskreni.net\/trgovina\/product\/moja-priprava-na-veliko-noc-delovni-zvezek\/"]}]},{"@type":"ImageObject","inLanguage":"sl-SI","@id":"https:\/\/www.iskreni.net\/trgovina\/product\/moja-priprava-na-veliko-noc-delovni-zvezek\/#primaryimage","url":"https:\/\/www.iskreni.net\/trgovina\/wp-content\/uploads\/2021\/03\/Izdelek-brez-naslova-2.jpg","contentUrl":"https:\/\/www.iskreni.net\/trgovina\/wp-content\/uploads\/2021\/03\/Izdelek-brez-naslova-2.jpg","width":600,"height":600},{"@type":"BreadcrumbList","@id":"https:\/\/www.iskreni.net\/trgovina\/product\/moja-priprava-na-veliko-noc-delovni-zvezek\/#breadcrumb","itemListElement":[{"@type":"ListItem","position":1,"name":"Home","item":"https:\/\/www.iskreni.net\/trgovina\/"},{"@type":"ListItem","position":2,"name":"Trgovina","item":"https:\/\/www.iskreni.net\/trgovina\/trgovina\/"},{"@type":"ListItem","position":3,"name":"Moja priprava na veliko no\u010d, delovni zvezek"}]},{"@type":"WebSite","@id":"https:\/\/www.iskreni.net\/trgovina\/#website","url":"https:\/\/www.iskreni.net\/trgovina\/","name":"Zavod Iskreni","description":"trgovina","potentialAction":[{"@type":"SearchAction","target":{"@type":"EntryPoint","urlTemplate":"https:\/\/www.iskreni.net\/trgovina\/?s={search_term_string}"},"query-input":{"@type":"PropertyValueSpecification","valueRequired":true,"valueName":"search_term_string"}}],"inLanguage":"sl-SI"}]}},"_links":{"self":[{"href":"https:\/\/www.iskreni.net\/trgovina\/wp-json\/wp\/v2\/product\/39908","targetHints":{"allow":["GET"]}}],"collection":[{"href":"https:\/\/www.iskreni.net\/trgovina\/wp-json\/wp\/v2\/product"}],"about":[{"href":"https:\/\/www.iskreni.net\/trgovina\/wp-json\/wp\/v2\/types\/product"}],"replies":[{"embeddable":true,"href":"https:\/\/www.iskreni.net\/trgovina\/wp-json\/wp\/v2\/comments?post=39908"}],"version-history":[{"count":8,"href":"https:\/\/www.iskreni.net\/trgovina\/wp-json\/wp\/v2\/product\/39908\/revisions"}],"predecessor-version":[{"id":70073,"href":"https:\/\/www.iskreni.net\/trgovina\/wp-json\/wp\/v2\/product\/39908\/revisions\/70073"}],"wp:featuredmedia":[{"embeddable":true,"href":"https:\/\/www.iskreni.net\/trgovina\/wp-json\/wp\/v2\/media\/39916"}],"wp:attachment":[{"href":"https:\/\/www.iskreni.net\/trgovina\/wp-json\/wp\/v2\/media?parent=39908"}],"wp:term":[{"taxonomy":"product_brand","embeddable":true,"href":"https:\/\/www.iskreni.net\/trgovina\/wp-json\/wp\/v2\/product_brand?post=39908"},{"taxonomy":"product_cat","embeddable":true,"href":"https:\/\/www.iskreni.net\/trgovina\/wp-json\/wp\/v2\/product_cat?post=39908"},{"taxonomy":"product_tag","embeddable":true,"href":"https:\/\/www.iskreni.net\/trgovina\/wp-json\/wp\/v2\/product_tag?post=39908"},{"taxonomy":"avtor","embeddable":true,"href":"https:\/\/www.iskreni.net\/trgovina\/wp-json\/wp\/v2\/avtor?post=39908"},{"taxonomy":"zalozba","embeddable":true,"href":"https:\/\/www.iskreni.net\/trgovina\/wp-json\/wp\/v2\/zalozba?post=39908"},{"taxonomy":"vezava","embeddable":true,"href":"https:\/\/www.iskreni.net\/trgovina\/wp-json\/wp\/v2\/vezava?post=39908"}],"curies":[{"name":"wp","href":"https:\/\/api.w.org\/{rel}","templated":true}]}}