{"id":3814,"date":"2017-11-23T14:13:51","date_gmt":"2017-11-23T13:13:51","guid":{"rendered":"https:\/\/www.iskreni.net\/trgovina\/product\/jozefov-bozic\/"},"modified":"2023-10-18T14:20:02","modified_gmt":"2023-10-18T12:20:02","slug":"jozefov-bozic","status":"publish","type":"product","link":"https:\/\/www.iskreni.net\/trgovina\/product\/jozefov-bozic\/","title":{"rendered":"Jo\u017eefov bo\u017ei\u010d"},"content":{"rendered":"<h4>O knjigi\u00a0<em>Jo\u017eefov bo\u017ei\u010d:<\/em><\/h4>\n<p><em>Sveti Jo\u017eef je tihi svetnik. V dovr\u0161eno ilustrirani slikanici je\u00a0predstavljena bo\u017ei\u010dna zgodba, kot jo je do\u017eivljal on: Marijin\u00a0mo\u017e, Jezusov varuh, dober in pravi\u010den mo\u017e, ki je spolnjeval\u00a0<\/em><em>Bo\u017ejo voljo.<\/em><\/p>\n<p>Avtorica nas vabi na popotovanje v Jo\u017eefovo de\u017eelo: v\u00a0do\u017eivljanje njegovega otro\u0161tva, odra\u0161\u010danja in \u010dasa, ko mu\u00a0je Bog zaupal posebno nalogo. Vabi nas, da odkrijemo\u00a0zgodbo vere in zaupanja: Jo\u017eefovo zgodbo \u2013 zgodba tihega\u00a0svetnika, ki je zaupal Bogu in ga je poslu\u0161al, tudi kadar je\u00a0bilo to te\u017eko. Hkrati pa je to seveda tudi zgodba o bo\u017ei\u010du,\u00a0o Jezusu \u2013 detetu v jaslih.<\/p>\n<p>&nbsp;<\/p>\n<p>&nbsp;<\/p>\n","protected":false},"excerpt":{"rendered":"<p><strong>Ilustracije: <\/strong>Maria Cristina Lo Cascio<br \/>\n<strong>Prevod:<\/strong> Tadeja Petrov\u010di\u010d Jerina<br \/>\n<strong>Leto izdaje:<\/strong> 2017<br \/>\n<strong>\u0160tevilo strani:<\/strong> 32<\/p>\n","protected":false},"featured_media":3815,"comment_status":"open","ping_status":"closed","template":"","meta":[],"product_brand":[247],"product_cat":[63,135],"product_tag":[1425,1619],"avtor":[2466],"zalozba":[2337],"vezava":[2306],"class_list":{"0":"post-3814","1":"product","2":"type-product","3":"status-publish","4":"has-post-thumbnail","6":"product_brand-mohorjeva-druzba","7":"product_cat-knjige","8":"product_cat-za-otroke","9":"product_tag-sveti-jozef","10":"product_tag-svetniki","11":"avtor-geraldine-guadagno","12":"zalozba-celjska-mohorjeva-druzba","13":"vezava-trda","15":"first","16":"instock","17":"taxable","18":"shipping-taxable","19":"purchasable","20":"product-type-simple"},"yoast_head":"<!-- This site is optimized with the Yoast SEO plugin v26.3 - https:\/\/yoast.com\/wordpress\/plugins\/seo\/ -->\n<title>Jo\u017eefov bo\u017ei\u010d - trgovina Iskreni<\/title>\n<meta name=\"description\" content=\"Jo\u017eefov bo\u017ei\u010d je dovr\u0161eno ilustrirana slikanica, ki nam bo\u017ei\u010dno zgodbo prika\u017ee, kot jo je do\u017eivljal on: Marijin mo\u017e in Jezusov varuh.\" \/>\n<meta name=\"robots\" content=\"index, follow, max-snippet:-1, max-image-preview:large, max-video-preview:-1\" \/>\n<link rel=\"canonical\" href=\"https:\/\/www.iskreni.net\/trgovina\/product\/jozefov-bozic\/\" \/>\n<meta property=\"og:locale\" content=\"sl_SI\" \/>\n<meta property=\"og:type\" content=\"article\" \/>\n<meta property=\"og:title\" content=\"Jo\u017eefov bo\u017ei\u010d\" \/>\n<meta property=\"og:description\" content=\"Jo\u017eefov bo\u017ei\u010d je dovr\u0161eno ilustrirana slikanica, ki nam bo\u017ei\u010dno zgodbo prika\u017ee, kot jo je do\u017eivljal on: Marijin mo\u017e in Jezusov varuh.\" \/>\n<meta property=\"og:url\" content=\"https:\/\/www.iskreni.net\/trgovina\/product\/jozefov-bozic\/\" \/>\n<meta property=\"og:site_name\" content=\"Zavod Iskreni\" \/>\n<meta property=\"article:modified_time\" content=\"2023-10-18T12:20:02+00:00\" \/>\n<meta property=\"og:image\" content=\"https:\/\/www.iskreni.net\/trgovina\/wp-content\/uploads\/2017\/11\/jozefov-bozic.jpg\" \/>\n\t<meta property=\"og:image:width\" content=\"1500\" \/>\n\t<meta property=\"og:image:height\" content=\"1673\" \/>\n\t<meta property=\"og:image:type\" content=\"image\/jpeg\" \/>\n<meta name=\"twitter:card\" content=\"summary_large_image\" \/>\n<meta name=\"twitter:label1\" content=\"Est. reading time\" \/>\n\t<meta name=\"twitter:data1\" content=\"1 minuta\" \/>\n<script type=\"application\/ld+json\" class=\"yoast-schema-graph\">{\"@context\":\"https:\/\/schema.org\",\"@graph\":[{\"@type\":\"WebPage\",\"@id\":\"https:\/\/www.iskreni.net\/trgovina\/product\/jozefov-bozic\/\",\"url\":\"https:\/\/www.iskreni.net\/trgovina\/product\/jozefov-bozic\/\",\"name\":\"Jo\u017eefov bo\u017ei\u010d - trgovina Iskreni\",\"isPartOf\":{\"@id\":\"https:\/\/www.iskreni.net\/trgovina\/#website\"},\"primaryImageOfPage\":{\"@id\":\"https:\/\/www.iskreni.net\/trgovina\/product\/jozefov-bozic\/#primaryimage\"},\"image\":{\"@id\":\"https:\/\/www.iskreni.net\/trgovina\/product\/jozefov-bozic\/#primaryimage\"},\"thumbnailUrl\":\"https:\/\/www.iskreni.net\/trgovina\/wp-content\/uploads\/2017\/11\/jozefov-bozic.jpg\",\"datePublished\":\"2017-11-23T13:13:51+00:00\",\"dateModified\":\"2023-10-18T12:20:02+00:00\",\"description\":\"Jo\u017eefov bo\u017ei\u010d je dovr\u0161eno ilustrirana slikanica, ki nam bo\u017ei\u010dno zgodbo prika\u017ee, kot jo je do\u017eivljal on: Marijin mo\u017e in Jezusov varuh.\",\"breadcrumb\":{\"@id\":\"https:\/\/www.iskreni.net\/trgovina\/product\/jozefov-bozic\/#breadcrumb\"},\"inLanguage\":\"sl-SI\",\"potentialAction\":[{\"@type\":\"ReadAction\",\"target\":[\"https:\/\/www.iskreni.net\/trgovina\/product\/jozefov-bozic\/\"]}]},{\"@type\":\"ImageObject\",\"inLanguage\":\"sl-SI\",\"@id\":\"https:\/\/www.iskreni.net\/trgovina\/product\/jozefov-bozic\/#primaryimage\",\"url\":\"https:\/\/www.iskreni.net\/trgovina\/wp-content\/uploads\/2017\/11\/jozefov-bozic.jpg\",\"contentUrl\":\"https:\/\/www.iskreni.net\/trgovina\/wp-content\/uploads\/2017\/11\/jozefov-bozic.jpg\",\"width\":1500,\"height\":1673},{\"@type\":\"BreadcrumbList\",\"@id\":\"https:\/\/www.iskreni.net\/trgovina\/product\/jozefov-bozic\/#breadcrumb\",\"itemListElement\":[{\"@type\":\"ListItem\",\"position\":1,\"name\":\"Home\",\"item\":\"https:\/\/www.iskreni.net\/trgovina\/\"},{\"@type\":\"ListItem\",\"position\":2,\"name\":\"Trgovina\",\"item\":\"https:\/\/www.iskreni.net\/trgovina\/trgovina\/\"},{\"@type\":\"ListItem\",\"position\":3,\"name\":\"Jo\u017eefov bo\u017ei\u010d\"}]},{\"@type\":\"WebSite\",\"@id\":\"https:\/\/www.iskreni.net\/trgovina\/#website\",\"url\":\"https:\/\/www.iskreni.net\/trgovina\/\",\"name\":\"Zavod Iskreni\",\"description\":\"trgovina\",\"potentialAction\":[{\"@type\":\"SearchAction\",\"target\":{\"@type\":\"EntryPoint\",\"urlTemplate\":\"https:\/\/www.iskreni.net\/trgovina\/?s={search_term_string}\"},\"query-input\":{\"@type\":\"PropertyValueSpecification\",\"valueRequired\":true,\"valueName\":\"search_term_string\"}}],\"inLanguage\":\"sl-SI\"}]}<\/script>\n<!-- \/ Yoast SEO plugin. -->","yoast_head_json":{"title":"Jo\u017eefov bo\u017ei\u010d - trgovina Iskreni","description":"Jo\u017eefov bo\u017ei\u010d je dovr\u0161eno ilustrirana slikanica, ki nam bo\u017ei\u010dno zgodbo prika\u017ee, kot jo je do\u017eivljal on: Marijin mo\u017e in Jezusov varuh.","robots":{"index":"index","follow":"follow","max-snippet":"max-snippet:-1","max-image-preview":"max-image-preview:large","max-video-preview":"max-video-preview:-1"},"canonical":"https:\/\/www.iskreni.net\/trgovina\/product\/jozefov-bozic\/","og_locale":"sl_SI","og_type":"article","og_title":"Jo\u017eefov bo\u017ei\u010d","og_description":"Jo\u017eefov bo\u017ei\u010d je dovr\u0161eno ilustrirana slikanica, ki nam bo\u017ei\u010dno zgodbo prika\u017ee, kot jo je do\u017eivljal on: Marijin mo\u017e in Jezusov varuh.","og_url":"https:\/\/www.iskreni.net\/trgovina\/product\/jozefov-bozic\/","og_site_name":"Zavod Iskreni","article_modified_time":"2023-10-18T12:20:02+00:00","og_image":[{"width":1500,"height":1673,"url":"https:\/\/www.iskreni.net\/trgovina\/wp-content\/uploads\/2017\/11\/jozefov-bozic.jpg","type":"image\/jpeg"}],"twitter_card":"summary_large_image","twitter_misc":{"Est. reading time":"1 minuta"},"schema":{"@context":"https:\/\/schema.org","@graph":[{"@type":"WebPage","@id":"https:\/\/www.iskreni.net\/trgovina\/product\/jozefov-bozic\/","url":"https:\/\/www.iskreni.net\/trgovina\/product\/jozefov-bozic\/","name":"Jo\u017eefov bo\u017ei\u010d - trgovina Iskreni","isPartOf":{"@id":"https:\/\/www.iskreni.net\/trgovina\/#website"},"primaryImageOfPage":{"@id":"https:\/\/www.iskreni.net\/trgovina\/product\/jozefov-bozic\/#primaryimage"},"image":{"@id":"https:\/\/www.iskreni.net\/trgovina\/product\/jozefov-bozic\/#primaryimage"},"thumbnailUrl":"https:\/\/www.iskreni.net\/trgovina\/wp-content\/uploads\/2017\/11\/jozefov-bozic.jpg","datePublished":"2017-11-23T13:13:51+00:00","dateModified":"2023-10-18T12:20:02+00:00","description":"Jo\u017eefov bo\u017ei\u010d je dovr\u0161eno ilustrirana slikanica, ki nam bo\u017ei\u010dno zgodbo prika\u017ee, kot jo je do\u017eivljal on: Marijin mo\u017e in Jezusov varuh.","breadcrumb":{"@id":"https:\/\/www.iskreni.net\/trgovina\/product\/jozefov-bozic\/#breadcrumb"},"inLanguage":"sl-SI","potentialAction":[{"@type":"ReadAction","target":["https:\/\/www.iskreni.net\/trgovina\/product\/jozefov-bozic\/"]}]},{"@type":"ImageObject","inLanguage":"sl-SI","@id":"https:\/\/www.iskreni.net\/trgovina\/product\/jozefov-bozic\/#primaryimage","url":"https:\/\/www.iskreni.net\/trgovina\/wp-content\/uploads\/2017\/11\/jozefov-bozic.jpg","contentUrl":"https:\/\/www.iskreni.net\/trgovina\/wp-content\/uploads\/2017\/11\/jozefov-bozic.jpg","width":1500,"height":1673},{"@type":"BreadcrumbList","@id":"https:\/\/www.iskreni.net\/trgovina\/product\/jozefov-bozic\/#breadcrumb","itemListElement":[{"@type":"ListItem","position":1,"name":"Home","item":"https:\/\/www.iskreni.net\/trgovina\/"},{"@type":"ListItem","position":2,"name":"Trgovina","item":"https:\/\/www.iskreni.net\/trgovina\/trgovina\/"},{"@type":"ListItem","position":3,"name":"Jo\u017eefov bo\u017ei\u010d"}]},{"@type":"WebSite","@id":"https:\/\/www.iskreni.net\/trgovina\/#website","url":"https:\/\/www.iskreni.net\/trgovina\/","name":"Zavod Iskreni","description":"trgovina","potentialAction":[{"@type":"SearchAction","target":{"@type":"EntryPoint","urlTemplate":"https:\/\/www.iskreni.net\/trgovina\/?s={search_term_string}"},"query-input":{"@type":"PropertyValueSpecification","valueRequired":true,"valueName":"search_term_string"}}],"inLanguage":"sl-SI"}]}},"_links":{"self":[{"href":"https:\/\/www.iskreni.net\/trgovina\/wp-json\/wp\/v2\/product\/3814","targetHints":{"allow":["GET"]}}],"collection":[{"href":"https:\/\/www.iskreni.net\/trgovina\/wp-json\/wp\/v2\/product"}],"about":[{"href":"https:\/\/www.iskreni.net\/trgovina\/wp-json\/wp\/v2\/types\/product"}],"replies":[{"embeddable":true,"href":"https:\/\/www.iskreni.net\/trgovina\/wp-json\/wp\/v2\/comments?post=3814"}],"version-history":[{"count":4,"href":"https:\/\/www.iskreni.net\/trgovina\/wp-json\/wp\/v2\/product\/3814\/revisions"}],"predecessor-version":[{"id":70050,"href":"https:\/\/www.iskreni.net\/trgovina\/wp-json\/wp\/v2\/product\/3814\/revisions\/70050"}],"wp:featuredmedia":[{"embeddable":true,"href":"https:\/\/www.iskreni.net\/trgovina\/wp-json\/wp\/v2\/media\/3815"}],"wp:attachment":[{"href":"https:\/\/www.iskreni.net\/trgovina\/wp-json\/wp\/v2\/media?parent=3814"}],"wp:term":[{"taxonomy":"product_brand","embeddable":true,"href":"https:\/\/www.iskreni.net\/trgovina\/wp-json\/wp\/v2\/product_brand?post=3814"},{"taxonomy":"product_cat","embeddable":true,"href":"https:\/\/www.iskreni.net\/trgovina\/wp-json\/wp\/v2\/product_cat?post=3814"},{"taxonomy":"product_tag","embeddable":true,"href":"https:\/\/www.iskreni.net\/trgovina\/wp-json\/wp\/v2\/product_tag?post=3814"},{"taxonomy":"avtor","embeddable":true,"href":"https:\/\/www.iskreni.net\/trgovina\/wp-json\/wp\/v2\/avtor?post=3814"},{"taxonomy":"zalozba","embeddable":true,"href":"https:\/\/www.iskreni.net\/trgovina\/wp-json\/wp\/v2\/zalozba?post=3814"},{"taxonomy":"vezava","embeddable":true,"href":"https:\/\/www.iskreni.net\/trgovina\/wp-json\/wp\/v2\/vezava?post=3814"}],"curies":[{"name":"wp","href":"https:\/\/api.w.org\/{rel}","templated":true}]}}