{"id":36830,"date":"2020-12-15T06:55:25","date_gmt":"2020-12-15T05:55:25","guid":{"rendered":"https:\/\/www.iskreni.net\/trgovina\/?post_type=product&#038;p=36830"},"modified":"2023-10-19T10:58:12","modified_gmt":"2023-10-19T08:58:12","slug":"10-korakov-do-boljsega-custvenega-zivljenja","status":"publish","type":"product","link":"https:\/\/www.iskreni.net\/trgovina\/product\/10-korakov-do-boljsega-custvenega-zivljenja\/","title":{"rendered":"10 korakov do bolj\u0161ega \u010dustvenega \u017eivljenja"},"content":{"rendered":"<h4>O knjigi:<\/h4>\n<p>Mladi (in malo manj mladi) se zelo slabo poznajo in se nimajo radi. Zelo malo ljudi se zaveda svoje resni\u010dne svobode. Premalo se jih zaveda lastnega dostojanstva in spo\u0161tovanja, ki si ga zaslu\u017eijo. Kdor se \u017eeli zares razviti in zrasti, mora vedeti, kaj lahko pri sebi ovrednoti ali izpopolni in kaj ga bo dovolj motiviralo, da bo v \u017eivljenju napredoval. Avtorica, ugledna francoska psihoterapevtka, je pri pisanju izhajala iz bogatih terenskih izku\u0161enj dela z mladimi. Knjiga, ki bo razveselila najstnike in njihove star\u0161e \u2013 a ne samo njih!<\/p>\n<p>Knji\u017eica je se\u017eetek temeljnih vpra\u0161anj, ki si jih mora zastaviti vsak, kdor bi svoja \u010dustva rad uporabil za zadovoljno in uspe\u0161no \u017eivljenje \u2013 sebi in drugim v prid!<\/p>\n<p>\u00bbSvet \u017eeja po ljubezni.\u00ab Ta ugotovitev je Anne-Sixtine P\u00e9rardel spodbudila, da se je posvetila \u010dustveni in spolni vzgoji. Svoje strokovno delo posve\u010da novi generaciji mladih, ki jih \u017eeja po smislu. Prav hrepenenje po smislu jo povezuje z ve\u010d tiso\u010d mladostniki, ki jih je doslej sre\u010dala na svojih predavanjih in te\u010dajih osebne rasti. Na to temeljno \u010dlove\u0161ko hrepenenje odgovarja po sokratskem na\u010delu: \u00bbSpoznaj samega sebe\u00ab in mlade usmerja k razvoju v celovite, svobodne in odgovorne osebe.<\/p>\n<p>V desetih korakih je povzela osnove, na katerih lahko vsak razvije \u010dustveno zadovoljno, izpolnjeno in sijo\u010de \u017eivljenje. Vaje, zasnovane na troj\u010dku dobrega poznavanja sebe, ljubezni do sebe in zaupanja vase, vsakogar spodbujajo, naj raste v \u00bbsvobodi, da lahko ljubi\u00ab. Avtorica je prepri\u010dana, da si mora vsak, kdor \u017eeli biti sre\u010den, vzeti \u010das za to, da se dobro spozna. Tako si bo pridobil najbolj\u0161e izhodi\u0161\u010de za to, da se bo v \u017eivljenju lahko dobro odlo\u010dal.<\/p>\n<h4>Iz knjige:<\/h4>\n<p><em>Kot svetovalka za \u010dustveno \u017eivljenje in spolnost prepogosto ugotavljam, da se mladi (in malo manj mladi) zelo slabo poznajo in se nimajo radi. Zelo malo ljudi, ki sem jih spoznala, se zaveda, da so izjemni in neizmerno ljubljeni. Premalo se jih zaveda lastnega dostojanstva in spo\u0161tovanja, ki si ga zaslu\u017eijo. \u0160e manj je tistih, ki se \u017eelijo zares razviti in zrasti, a ne vedo niti tega, kaj bi morali pri sebi ceniti ali izpopolniti in kaj bi jih globoko motiviralo, da bi v \u017eivljenju napredovali. Preprosto in nedejavno dopu\u0161\u010dajo, da jih oblikujejo okoli\u0161\u010dine. Ta na\u010din sam zase ni slab. Vendar je stra\u0161ansko omejen! \u010clovek zaradi tega postane popolnoma odvisen od vsakdanjih naklju\u010dij.\u00a0[\u2026]<\/em><\/p>\n<p><em>\u010ce drugi ali dogodki namesto mene odgovarjajo na vpra\u0161anji: \u00bbKdo sem? Kaj si v \u017eivljenju \u017eelim?\u00ab, potem ta pot nikakor ne vodi do sre\u010de. \u010cas je, da za\u010dne\u0161 slediti globljim \u017eeljam in izbirati to, kar ti odgovarja in te zares izpolnjuje.<\/em><\/p>\n<p><em>Ne obstaja neskon\u010dno re\u0161itev za to, kako lahko pridobi\u0161 sposobnost, da \u017eivljenje vzame\u0161 v svoje roke. Najpomembnej\u0161a je najpreprostej\u0161a: da se spozna\u0161. Da izve\u0161, kaj si v vseh svojih razse\u017enostih. Vklju\u010dno s tem, da si mo\u0161ki\/\u017eenska s telesom, osebnostjo, odlikami (in slabostmi), \u017eeljami, stremljenji, v\u010dasih tudi vero, dru\u017eino, preteklostjo, sedanjostjo, prihodnostjo, \u017ealostjo, veseljem \u2026 To je odvisno od tebe. Seznam lahko dopolni\u0161 z ducati kategorij, od katerih bo vsaka povedala nekaj malega o tebi kot \u010dloveku, o tem, kdo SI.\u00a0[\u2026]<\/em><\/p>\n","protected":false},"excerpt":{"rendered":"<p><strong>Ilustracije: <\/strong>Gr\u00e9goire Berquin<strong><br \/>\nPrevod: <\/strong>\u0160pela \u017dakelj <strong><br \/>\n<\/strong><strong>\u0160tevilo strani:<\/strong> 152<br \/>\n<strong>Leto izdaje:<\/strong> 2020<br \/>\n<strong>Format:<\/strong> 15 x 21 cm<\/p>\n<p>10 korakov, da \u2026 se spoznamo, se vzljubimo in zaupamo vase!<\/p>\n","protected":false},"featured_media":36873,"comment_status":"open","ping_status":"closed","template":"","meta":[],"product_brand":[],"product_cat":[2324,2327,63],"product_tag":[],"avtor":[2475],"zalozba":[2337],"vezava":[2307],"class_list":{"0":"post-36830","1":"product","2":"type-product","3":"status-publish","4":"has-post-thumbnail","6":"product_cat-duhovnost-in-osebna-rast","7":"product_cat-prirocniki-in-vodniki","8":"product_cat-knjige","9":"avtor-anne-sixtine-perardel","10":"zalozba-celjska-mohorjeva-druzba","11":"vezava-mehka","13":"first","14":"instock","15":"taxable","16":"shipping-taxable","17":"purchasable","18":"product-type-simple"},"yoast_head":"<!-- This site is optimized with the Yoast SEO plugin v26.3 - https:\/\/yoast.com\/wordpress\/plugins\/seo\/ -->\n<title>10 korakov do bolj\u0161ega \u010dustvenega \u017eivljenja - Iskreni<\/title>\n<meta name=\"description\" content=\"V desetih korakih povzete osnove, na katerih lahko vsak razvije \u010dustveno zadovoljno, izpolnjeno in sijo\u010de \u017eivljenje.\" \/>\n<meta name=\"robots\" content=\"index, follow, max-snippet:-1, max-image-preview:large, max-video-preview:-1\" \/>\n<link rel=\"canonical\" href=\"https:\/\/www.iskreni.net\/trgovina\/product\/10-korakov-do-boljsega-custvenega-zivljenja\/\" \/>\n<meta property=\"og:locale\" content=\"sl_SI\" \/>\n<meta property=\"og:type\" content=\"article\" \/>\n<meta property=\"og:title\" content=\"10 korakov do bolj\u0161ega \u010dustvenega \u017eivljenja - Iskreni\" \/>\n<meta property=\"og:description\" content=\"V desetih korakih povzete osnove, na katerih lahko vsak razvije \u010dustveno zadovoljno, izpolnjeno in sijo\u010de \u017eivljenje.\" \/>\n<meta property=\"og:url\" content=\"https:\/\/www.iskreni.net\/trgovina\/product\/10-korakov-do-boljsega-custvenega-zivljenja\/\" \/>\n<meta property=\"og:site_name\" content=\"Zavod Iskreni\" \/>\n<meta property=\"article:modified_time\" content=\"2023-10-19T08:58:12+00:00\" \/>\n<meta property=\"og:image\" content=\"https:\/\/www.iskreni.net\/trgovina\/wp-content\/uploads\/2020\/12\/10-korakov.jpg\" \/>\n\t<meta property=\"og:image:width\" content=\"680\" \/>\n\t<meta property=\"og:image:height\" content=\"682\" \/>\n\t<meta property=\"og:image:type\" content=\"image\/jpeg\" \/>\n<meta name=\"twitter:card\" content=\"summary_large_image\" \/>\n<meta name=\"twitter:label1\" content=\"Est. reading time\" \/>\n\t<meta name=\"twitter:data1\" content=\"3 minute\" \/>\n<script type=\"application\/ld+json\" class=\"yoast-schema-graph\">{\"@context\":\"https:\/\/schema.org\",\"@graph\":[{\"@type\":\"WebPage\",\"@id\":\"https:\/\/www.iskreni.net\/trgovina\/product\/10-korakov-do-boljsega-custvenega-zivljenja\/\",\"url\":\"https:\/\/www.iskreni.net\/trgovina\/product\/10-korakov-do-boljsega-custvenega-zivljenja\/\",\"name\":\"10 korakov do bolj\u0161ega \u010dustvenega \u017eivljenja - Iskreni\",\"isPartOf\":{\"@id\":\"https:\/\/www.iskreni.net\/trgovina\/#website\"},\"primaryImageOfPage\":{\"@id\":\"https:\/\/www.iskreni.net\/trgovina\/product\/10-korakov-do-boljsega-custvenega-zivljenja\/#primaryimage\"},\"image\":{\"@id\":\"https:\/\/www.iskreni.net\/trgovina\/product\/10-korakov-do-boljsega-custvenega-zivljenja\/#primaryimage\"},\"thumbnailUrl\":\"https:\/\/www.iskreni.net\/trgovina\/wp-content\/uploads\/2020\/12\/10-korakov.jpg\",\"datePublished\":\"2020-12-15T05:55:25+00:00\",\"dateModified\":\"2023-10-19T08:58:12+00:00\",\"description\":\"V desetih korakih povzete osnove, na katerih lahko vsak razvije \u010dustveno zadovoljno, izpolnjeno in sijo\u010de \u017eivljenje.\",\"breadcrumb\":{\"@id\":\"https:\/\/www.iskreni.net\/trgovina\/product\/10-korakov-do-boljsega-custvenega-zivljenja\/#breadcrumb\"},\"inLanguage\":\"sl-SI\",\"potentialAction\":[{\"@type\":\"ReadAction\",\"target\":[\"https:\/\/www.iskreni.net\/trgovina\/product\/10-korakov-do-boljsega-custvenega-zivljenja\/\"]}]},{\"@type\":\"ImageObject\",\"inLanguage\":\"sl-SI\",\"@id\":\"https:\/\/www.iskreni.net\/trgovina\/product\/10-korakov-do-boljsega-custvenega-zivljenja\/#primaryimage\",\"url\":\"https:\/\/www.iskreni.net\/trgovina\/wp-content\/uploads\/2020\/12\/10-korakov.jpg\",\"contentUrl\":\"https:\/\/www.iskreni.net\/trgovina\/wp-content\/uploads\/2020\/12\/10-korakov.jpg\",\"width\":680,\"height\":682},{\"@type\":\"BreadcrumbList\",\"@id\":\"https:\/\/www.iskreni.net\/trgovina\/product\/10-korakov-do-boljsega-custvenega-zivljenja\/#breadcrumb\",\"itemListElement\":[{\"@type\":\"ListItem\",\"position\":1,\"name\":\"Home\",\"item\":\"https:\/\/www.iskreni.net\/trgovina\/\"},{\"@type\":\"ListItem\",\"position\":2,\"name\":\"Trgovina\",\"item\":\"https:\/\/www.iskreni.net\/trgovina\/trgovina\/\"},{\"@type\":\"ListItem\",\"position\":3,\"name\":\"10 korakov do bolj\u0161ega \u010dustvenega \u017eivljenja\"}]},{\"@type\":\"WebSite\",\"@id\":\"https:\/\/www.iskreni.net\/trgovina\/#website\",\"url\":\"https:\/\/www.iskreni.net\/trgovina\/\",\"name\":\"Zavod Iskreni\",\"description\":\"trgovina\",\"potentialAction\":[{\"@type\":\"SearchAction\",\"target\":{\"@type\":\"EntryPoint\",\"urlTemplate\":\"https:\/\/www.iskreni.net\/trgovina\/?s={search_term_string}\"},\"query-input\":{\"@type\":\"PropertyValueSpecification\",\"valueRequired\":true,\"valueName\":\"search_term_string\"}}],\"inLanguage\":\"sl-SI\"}]}<\/script>\n<!-- \/ Yoast SEO plugin. -->","yoast_head_json":{"title":"10 korakov do bolj\u0161ega \u010dustvenega \u017eivljenja - Iskreni","description":"V desetih korakih povzete osnove, na katerih lahko vsak razvije \u010dustveno zadovoljno, izpolnjeno in sijo\u010de \u017eivljenje.","robots":{"index":"index","follow":"follow","max-snippet":"max-snippet:-1","max-image-preview":"max-image-preview:large","max-video-preview":"max-video-preview:-1"},"canonical":"https:\/\/www.iskreni.net\/trgovina\/product\/10-korakov-do-boljsega-custvenega-zivljenja\/","og_locale":"sl_SI","og_type":"article","og_title":"10 korakov do bolj\u0161ega \u010dustvenega \u017eivljenja - Iskreni","og_description":"V desetih korakih povzete osnove, na katerih lahko vsak razvije \u010dustveno zadovoljno, izpolnjeno in sijo\u010de \u017eivljenje.","og_url":"https:\/\/www.iskreni.net\/trgovina\/product\/10-korakov-do-boljsega-custvenega-zivljenja\/","og_site_name":"Zavod Iskreni","article_modified_time":"2023-10-19T08:58:12+00:00","og_image":[{"width":680,"height":682,"url":"https:\/\/www.iskreni.net\/trgovina\/wp-content\/uploads\/2020\/12\/10-korakov.jpg","type":"image\/jpeg"}],"twitter_card":"summary_large_image","twitter_misc":{"Est. reading time":"3 minute"},"schema":{"@context":"https:\/\/schema.org","@graph":[{"@type":"WebPage","@id":"https:\/\/www.iskreni.net\/trgovina\/product\/10-korakov-do-boljsega-custvenega-zivljenja\/","url":"https:\/\/www.iskreni.net\/trgovina\/product\/10-korakov-do-boljsega-custvenega-zivljenja\/","name":"10 korakov do bolj\u0161ega \u010dustvenega \u017eivljenja - Iskreni","isPartOf":{"@id":"https:\/\/www.iskreni.net\/trgovina\/#website"},"primaryImageOfPage":{"@id":"https:\/\/www.iskreni.net\/trgovina\/product\/10-korakov-do-boljsega-custvenega-zivljenja\/#primaryimage"},"image":{"@id":"https:\/\/www.iskreni.net\/trgovina\/product\/10-korakov-do-boljsega-custvenega-zivljenja\/#primaryimage"},"thumbnailUrl":"https:\/\/www.iskreni.net\/trgovina\/wp-content\/uploads\/2020\/12\/10-korakov.jpg","datePublished":"2020-12-15T05:55:25+00:00","dateModified":"2023-10-19T08:58:12+00:00","description":"V desetih korakih povzete osnove, na katerih lahko vsak razvije \u010dustveno zadovoljno, izpolnjeno in sijo\u010de \u017eivljenje.","breadcrumb":{"@id":"https:\/\/www.iskreni.net\/trgovina\/product\/10-korakov-do-boljsega-custvenega-zivljenja\/#breadcrumb"},"inLanguage":"sl-SI","potentialAction":[{"@type":"ReadAction","target":["https:\/\/www.iskreni.net\/trgovina\/product\/10-korakov-do-boljsega-custvenega-zivljenja\/"]}]},{"@type":"ImageObject","inLanguage":"sl-SI","@id":"https:\/\/www.iskreni.net\/trgovina\/product\/10-korakov-do-boljsega-custvenega-zivljenja\/#primaryimage","url":"https:\/\/www.iskreni.net\/trgovina\/wp-content\/uploads\/2020\/12\/10-korakov.jpg","contentUrl":"https:\/\/www.iskreni.net\/trgovina\/wp-content\/uploads\/2020\/12\/10-korakov.jpg","width":680,"height":682},{"@type":"BreadcrumbList","@id":"https:\/\/www.iskreni.net\/trgovina\/product\/10-korakov-do-boljsega-custvenega-zivljenja\/#breadcrumb","itemListElement":[{"@type":"ListItem","position":1,"name":"Home","item":"https:\/\/www.iskreni.net\/trgovina\/"},{"@type":"ListItem","position":2,"name":"Trgovina","item":"https:\/\/www.iskreni.net\/trgovina\/trgovina\/"},{"@type":"ListItem","position":3,"name":"10 korakov do bolj\u0161ega \u010dustvenega \u017eivljenja"}]},{"@type":"WebSite","@id":"https:\/\/www.iskreni.net\/trgovina\/#website","url":"https:\/\/www.iskreni.net\/trgovina\/","name":"Zavod Iskreni","description":"trgovina","potentialAction":[{"@type":"SearchAction","target":{"@type":"EntryPoint","urlTemplate":"https:\/\/www.iskreni.net\/trgovina\/?s={search_term_string}"},"query-input":{"@type":"PropertyValueSpecification","valueRequired":true,"valueName":"search_term_string"}}],"inLanguage":"sl-SI"}]}},"_links":{"self":[{"href":"https:\/\/www.iskreni.net\/trgovina\/wp-json\/wp\/v2\/product\/36830","targetHints":{"allow":["GET"]}}],"collection":[{"href":"https:\/\/www.iskreni.net\/trgovina\/wp-json\/wp\/v2\/product"}],"about":[{"href":"https:\/\/www.iskreni.net\/trgovina\/wp-json\/wp\/v2\/types\/product"}],"replies":[{"embeddable":true,"href":"https:\/\/www.iskreni.net\/trgovina\/wp-json\/wp\/v2\/comments?post=36830"}],"version-history":[{"count":3,"href":"https:\/\/www.iskreni.net\/trgovina\/wp-json\/wp\/v2\/product\/36830\/revisions"}],"predecessor-version":[{"id":70072,"href":"https:\/\/www.iskreni.net\/trgovina\/wp-json\/wp\/v2\/product\/36830\/revisions\/70072"}],"wp:featuredmedia":[{"embeddable":true,"href":"https:\/\/www.iskreni.net\/trgovina\/wp-json\/wp\/v2\/media\/36873"}],"wp:attachment":[{"href":"https:\/\/www.iskreni.net\/trgovina\/wp-json\/wp\/v2\/media?parent=36830"}],"wp:term":[{"taxonomy":"product_brand","embeddable":true,"href":"https:\/\/www.iskreni.net\/trgovina\/wp-json\/wp\/v2\/product_brand?post=36830"},{"taxonomy":"product_cat","embeddable":true,"href":"https:\/\/www.iskreni.net\/trgovina\/wp-json\/wp\/v2\/product_cat?post=36830"},{"taxonomy":"product_tag","embeddable":true,"href":"https:\/\/www.iskreni.net\/trgovina\/wp-json\/wp\/v2\/product_tag?post=36830"},{"taxonomy":"avtor","embeddable":true,"href":"https:\/\/www.iskreni.net\/trgovina\/wp-json\/wp\/v2\/avtor?post=36830"},{"taxonomy":"zalozba","embeddable":true,"href":"https:\/\/www.iskreni.net\/trgovina\/wp-json\/wp\/v2\/zalozba?post=36830"},{"taxonomy":"vezava","embeddable":true,"href":"https:\/\/www.iskreni.net\/trgovina\/wp-json\/wp\/v2\/vezava?post=36830"}],"curies":[{"name":"wp","href":"https:\/\/api.w.org\/{rel}","templated":true}]}}