{"id":36730,"date":"2020-12-14T08:08:13","date_gmt":"2020-12-14T07:08:13","guid":{"rendered":"https:\/\/www.iskreni.net\/trgovina\/?post_type=product&#038;p=36730"},"modified":"2026-02-23T13:50:13","modified_gmt":"2026-02-23T12:50:13","slug":"skrivnost-otrostva-knjiga-za-starse-in-ucitelje","status":"publish","type":"product","link":"https:\/\/www.iskreni.net\/trgovina\/product\/skrivnost-otrostva-knjiga-za-starse-in-ucitelje\/","title":{"rendered":"Skrivnost otro\u0161tva: knjiga za star\u0161e in u\u010ditelje"},"content":{"rendered":"<h4>O knjigi:<\/h4>\n<p><em>\u00bbDo novorojen\u010dka ne bi smeli pristopati z ob\u010dutkom so\u010dutja, ki ga imamo do bolnika, ampak s svetim spo\u0161tovanjem in ob\u010dudovanjem do skrivnosti stvarjenja,\u00ab<\/em> lahko preberemo \u017ee v prvem poglavju knjige Skrivnost otro\u0161tva, ki govori o du\u0161evnem zarodku. To nam ve\u010dinoma kar uspeva pri dojen\u010dkih, ki jih znamo ob\u010dudovati. V malem otroku, ki se trma, ki je poreden, pa pogosto ne vidimo ve\u010d bitja z neslutenimi mo\u017enostmi razvoja; bitja, ki nam ho\u010de nekaj sporo\u010diti, nas na dolo\u010denem podro\u010dju prebuditi; bitja, ki nas neskon\u010dno ljubi. Zazrti v svoje potrebe ga \u017eelimo spremeniti, uti\u0161ati; no\u010demo, da nam poru\u0161i na\u0161 ritem. Nimamo \u010dasa, da bi ga opazovali in morda tudi ne dovolj potrpe\u017eljivosti, da bi lahko pri\u0161li do novih spoznanj o sebi in o otroku.<\/p>\n<p>Porednost je izraz notranjega nemira in motnje, neizpolnjene potrebe, stanja napetosti. Maria Montessori si je ta potrebni \u010das za opazovanje o\u010ditno zmogla in znala vzeti. <em>\u00bbPorednost je izraz notranjega nemira in motnje, neizpolnjene potrebe, stanja napetosti. Otrokova du\u0161a joka in prosi za to, kar potrebuje, rada bi se branila,\u00ab<\/em> je zapisala. Ji verjamete?<\/p>\n<p><em>\u00bbPri delu z otroki s posebnimi potrebami je razvila tako imenovane \u010dutne pripomo\u010dke, s katerimi so se otroci u\u010dili prek vseh \u010dutov. Razvila je pou\u010devanje z matemati\u010dnimi in geometrijskimi oblikami, nenavadnimi vonji ter tipanjem grobih in ne\u017enih povr\u0161in,\u00ab<\/em> o Marii Montessori lahko preberemo na Wikipediji. Opazila je, da so se otroci s pomo\u010djo njenih pripomo\u010dkov nau\u010dili ve\u010d, kot se je od njih pri\u010dakovalo. Osrednjo vlogo je pripisala skrbno pripravljenem okolju, ki omogo\u010da, da otrok razvije \u010dudovite mo\u017enosti, s katerimi pride na ta svet. <em>\u00bbZanimanje in koncentracija se bosta pojavila takrat, ko bomo iz okolja odstranili zmedo in vse, kar je v njem odve\u010dnega,\u00ab<\/em> je ugotovila Maria Montessori.<\/p>\n<h4>O avtorici:<\/h4>\n<p>Maria Tecla Artemisia Montessori je bila italijanska zdravnica, u\u010diteljica, filozofinja in dobrodelnica. Najbolj je\u00a0prepoznavna po svoji <em>Montessori metodi pou\u010devanja otrok od rojstva do mladostni\u0161tva<\/em>. Njena metoda se \u0161e dandanes uveljavlja v \u0161olah po vsem svetu.<\/p>\n<p>Metoda Montessori je nastala iz opazovanja otrok. Spontano po\u010detje otrok jo je pripeljalo do novih spoznanj o otro\u0161kem vedenju in u\u010denju. Ugotovila je, da otroci \u010dutijo potrebo po ponavljanju, saj jim daje ob\u010dutek varnosti. Otrok v \u0161oli Montessori ima potrebo po redu in \u010disto\u010di, saj predmet, ki ga je uporabljal, lepo pospravi na svoje mesto na polici. V u\u010dilnici torej vladata red in mir.<\/p>\n<p><i>\u00bbPomagaj mi, da naredim sam\u00ab<\/i>\u00a0je glavni in vodilni motiv pedagogike Montessori.<\/p>\n<h4>Iz knjige:<\/h4>\n<p><em>\u201cNe gre za to, da bi videli metodo. Gre za to, da vidimo otroka. Da vidimo otrokovo du\u0161o, ki je ni\u010d ve\u010d ne ovira in zato lahko deluje v skladu s svojo naravo. Otrokove lastnosti, ki smo jih za hip uzrli, so preprosto del \u017eivljenja, podobno kot pisane barve ptic ali di\u0161ave ro\u017e. Te lastnosti niso rezultat nobene \u2018izobra\u017eevalne metode\u2019. Seveda pa je o\u010ditno, da z vzgojo lahko vplivamo nanje.\u201d<\/em><\/p>\n","protected":false},"excerpt":{"rendered":"<p><em>&#8220;Ne gre za to, da bi videli metodo. Gre za to, da vidimo otroka. Da vidimo otrokovo du\u0161o, ki je ni\u010d ve\u010d ne ovira in zato lahko deluje v skladu s svojo naravo.&#8221;<\/em><\/p>\n<p><strong>Avtor: <\/strong>Maria Montessori<br \/>\n<strong>Zalo\u017eba: <\/strong>Ur\u0161ulinski zavod<br \/>\n<strong>\u0160tevilo strani:<\/strong> 214<br \/>\n<strong>Leto izdaje:<\/strong> 2009<\/p>\n","protected":false},"featured_media":36889,"comment_status":"open","ping_status":"closed","template":"","meta":[],"product_brand":[],"product_cat":[2323,63],"product_tag":[2386],"avtor":[2375],"zalozba":[],"vezava":[2307],"class_list":{"0":"post-36730","1":"product","2":"type-product","3":"status-publish","4":"has-post-thumbnail","6":"product_cat-vzgoja","7":"product_cat-knjige","8":"product_tag-ocetovstvo","9":"avtor-maria-montessori","10":"vezava-mehka","12":"first","13":"outofstock","14":"taxable","15":"shipping-taxable","16":"purchasable","17":"product-type-simple"},"yoast_head":"<!-- This site is optimized with the Yoast SEO plugin v26.3 - https:\/\/yoast.com\/wordpress\/plugins\/seo\/ -->\n<title>Skrivnost otro\u0161tva - knjiga za star\u0161e in u\u010ditelje - trgovina iskreni.net<\/title>\n<meta name=\"description\" content=\"Knjiga o tem, kako lahko s pomo\u010djo montessori pedagogike vzpodbudimo otroka k samostojnosti in samozavesti.\" \/>\n<meta name=\"robots\" content=\"index, follow, max-snippet:-1, max-image-preview:large, max-video-preview:-1\" \/>\n<link rel=\"canonical\" href=\"https:\/\/www.iskreni.net\/trgovina\/product\/skrivnost-otrostva-knjiga-za-starse-in-ucitelje\/\" \/>\n<meta property=\"og:locale\" content=\"sl_SI\" \/>\n<meta property=\"og:type\" content=\"article\" \/>\n<meta property=\"og:title\" content=\"Skrivnost otro\u0161tva - knjiga za star\u0161e in u\u010ditelje - trgovina iskreni.net\" \/>\n<meta property=\"og:description\" content=\"Knjiga o tem, kako lahko s pomo\u010djo montessori pedagogike vzpodbudimo otroka k samostojnosti in samozavesti.\" \/>\n<meta property=\"og:url\" content=\"https:\/\/www.iskreni.net\/trgovina\/product\/skrivnost-otrostva-knjiga-za-starse-in-ucitelje\/\" \/>\n<meta property=\"og:site_name\" content=\"Zavod Iskreni\" \/>\n<meta property=\"article:modified_time\" content=\"2026-02-23T12:50:13+00:00\" \/>\n<meta property=\"og:image\" content=\"https:\/\/www.iskreni.net\/trgovina\/wp-content\/uploads\/2020\/12\/Skrivnost-otrostva.jpg\" \/>\n\t<meta property=\"og:image:width\" content=\"614\" \/>\n\t<meta property=\"og:image:height\" content=\"617\" \/>\n\t<meta property=\"og:image:type\" content=\"image\/jpeg\" \/>\n<meta name=\"twitter:card\" content=\"summary_large_image\" \/>\n<meta name=\"twitter:label1\" content=\"Est. reading time\" \/>\n\t<meta name=\"twitter:data1\" content=\"3 minute\" \/>\n<script type=\"application\/ld+json\" class=\"yoast-schema-graph\">{\"@context\":\"https:\/\/schema.org\",\"@graph\":[{\"@type\":\"WebPage\",\"@id\":\"https:\/\/www.iskreni.net\/trgovina\/product\/skrivnost-otrostva-knjiga-za-starse-in-ucitelje\/\",\"url\":\"https:\/\/www.iskreni.net\/trgovina\/product\/skrivnost-otrostva-knjiga-za-starse-in-ucitelje\/\",\"name\":\"Skrivnost otro\u0161tva - knjiga za star\u0161e in u\u010ditelje - trgovina iskreni.net\",\"isPartOf\":{\"@id\":\"https:\/\/www.iskreni.net\/trgovina\/#website\"},\"primaryImageOfPage\":{\"@id\":\"https:\/\/www.iskreni.net\/trgovina\/product\/skrivnost-otrostva-knjiga-za-starse-in-ucitelje\/#primaryimage\"},\"image\":{\"@id\":\"https:\/\/www.iskreni.net\/trgovina\/product\/skrivnost-otrostva-knjiga-za-starse-in-ucitelje\/#primaryimage\"},\"thumbnailUrl\":\"https:\/\/www.iskreni.net\/trgovina\/wp-content\/uploads\/2020\/12\/Skrivnost-otrostva.jpg\",\"datePublished\":\"2020-12-14T07:08:13+00:00\",\"dateModified\":\"2026-02-23T12:50:13+00:00\",\"description\":\"Knjiga o tem, kako lahko s pomo\u010djo montessori pedagogike vzpodbudimo otroka k samostojnosti in samozavesti.\",\"breadcrumb\":{\"@id\":\"https:\/\/www.iskreni.net\/trgovina\/product\/skrivnost-otrostva-knjiga-za-starse-in-ucitelje\/#breadcrumb\"},\"inLanguage\":\"sl-SI\",\"potentialAction\":[{\"@type\":\"ReadAction\",\"target\":[\"https:\/\/www.iskreni.net\/trgovina\/product\/skrivnost-otrostva-knjiga-za-starse-in-ucitelje\/\"]}]},{\"@type\":\"ImageObject\",\"inLanguage\":\"sl-SI\",\"@id\":\"https:\/\/www.iskreni.net\/trgovina\/product\/skrivnost-otrostva-knjiga-za-starse-in-ucitelje\/#primaryimage\",\"url\":\"https:\/\/www.iskreni.net\/trgovina\/wp-content\/uploads\/2020\/12\/Skrivnost-otrostva.jpg\",\"contentUrl\":\"https:\/\/www.iskreni.net\/trgovina\/wp-content\/uploads\/2020\/12\/Skrivnost-otrostva.jpg\",\"width\":614,\"height\":617},{\"@type\":\"BreadcrumbList\",\"@id\":\"https:\/\/www.iskreni.net\/trgovina\/product\/skrivnost-otrostva-knjiga-za-starse-in-ucitelje\/#breadcrumb\",\"itemListElement\":[{\"@type\":\"ListItem\",\"position\":1,\"name\":\"Home\",\"item\":\"https:\/\/www.iskreni.net\/trgovina\/\"},{\"@type\":\"ListItem\",\"position\":2,\"name\":\"Trgovina\",\"item\":\"https:\/\/www.iskreni.net\/trgovina\/trgovina\/\"},{\"@type\":\"ListItem\",\"position\":3,\"name\":\"Skrivnost otro\u0161tva: knjiga za star\u0161e in u\u010ditelje\"}]},{\"@type\":\"WebSite\",\"@id\":\"https:\/\/www.iskreni.net\/trgovina\/#website\",\"url\":\"https:\/\/www.iskreni.net\/trgovina\/\",\"name\":\"Zavod Iskreni\",\"description\":\"trgovina\",\"potentialAction\":[{\"@type\":\"SearchAction\",\"target\":{\"@type\":\"EntryPoint\",\"urlTemplate\":\"https:\/\/www.iskreni.net\/trgovina\/?s={search_term_string}\"},\"query-input\":{\"@type\":\"PropertyValueSpecification\",\"valueRequired\":true,\"valueName\":\"search_term_string\"}}],\"inLanguage\":\"sl-SI\"}]}<\/script>\n<!-- \/ Yoast SEO plugin. -->","yoast_head_json":{"title":"Skrivnost otro\u0161tva - knjiga za star\u0161e in u\u010ditelje - trgovina iskreni.net","description":"Knjiga o tem, kako lahko s pomo\u010djo montessori pedagogike vzpodbudimo otroka k samostojnosti in samozavesti.","robots":{"index":"index","follow":"follow","max-snippet":"max-snippet:-1","max-image-preview":"max-image-preview:large","max-video-preview":"max-video-preview:-1"},"canonical":"https:\/\/www.iskreni.net\/trgovina\/product\/skrivnost-otrostva-knjiga-za-starse-in-ucitelje\/","og_locale":"sl_SI","og_type":"article","og_title":"Skrivnost otro\u0161tva - knjiga za star\u0161e in u\u010ditelje - trgovina iskreni.net","og_description":"Knjiga o tem, kako lahko s pomo\u010djo montessori pedagogike vzpodbudimo otroka k samostojnosti in samozavesti.","og_url":"https:\/\/www.iskreni.net\/trgovina\/product\/skrivnost-otrostva-knjiga-za-starse-in-ucitelje\/","og_site_name":"Zavod Iskreni","article_modified_time":"2026-02-23T12:50:13+00:00","og_image":[{"width":614,"height":617,"url":"https:\/\/www.iskreni.net\/trgovina\/wp-content\/uploads\/2020\/12\/Skrivnost-otrostva.jpg","type":"image\/jpeg"}],"twitter_card":"summary_large_image","twitter_misc":{"Est. reading time":"3 minute"},"schema":{"@context":"https:\/\/schema.org","@graph":[{"@type":"WebPage","@id":"https:\/\/www.iskreni.net\/trgovina\/product\/skrivnost-otrostva-knjiga-za-starse-in-ucitelje\/","url":"https:\/\/www.iskreni.net\/trgovina\/product\/skrivnost-otrostva-knjiga-za-starse-in-ucitelje\/","name":"Skrivnost otro\u0161tva - knjiga za star\u0161e in u\u010ditelje - trgovina iskreni.net","isPartOf":{"@id":"https:\/\/www.iskreni.net\/trgovina\/#website"},"primaryImageOfPage":{"@id":"https:\/\/www.iskreni.net\/trgovina\/product\/skrivnost-otrostva-knjiga-za-starse-in-ucitelje\/#primaryimage"},"image":{"@id":"https:\/\/www.iskreni.net\/trgovina\/product\/skrivnost-otrostva-knjiga-za-starse-in-ucitelje\/#primaryimage"},"thumbnailUrl":"https:\/\/www.iskreni.net\/trgovina\/wp-content\/uploads\/2020\/12\/Skrivnost-otrostva.jpg","datePublished":"2020-12-14T07:08:13+00:00","dateModified":"2026-02-23T12:50:13+00:00","description":"Knjiga o tem, kako lahko s pomo\u010djo montessori pedagogike vzpodbudimo otroka k samostojnosti in samozavesti.","breadcrumb":{"@id":"https:\/\/www.iskreni.net\/trgovina\/product\/skrivnost-otrostva-knjiga-za-starse-in-ucitelje\/#breadcrumb"},"inLanguage":"sl-SI","potentialAction":[{"@type":"ReadAction","target":["https:\/\/www.iskreni.net\/trgovina\/product\/skrivnost-otrostva-knjiga-za-starse-in-ucitelje\/"]}]},{"@type":"ImageObject","inLanguage":"sl-SI","@id":"https:\/\/www.iskreni.net\/trgovina\/product\/skrivnost-otrostva-knjiga-za-starse-in-ucitelje\/#primaryimage","url":"https:\/\/www.iskreni.net\/trgovina\/wp-content\/uploads\/2020\/12\/Skrivnost-otrostva.jpg","contentUrl":"https:\/\/www.iskreni.net\/trgovina\/wp-content\/uploads\/2020\/12\/Skrivnost-otrostva.jpg","width":614,"height":617},{"@type":"BreadcrumbList","@id":"https:\/\/www.iskreni.net\/trgovina\/product\/skrivnost-otrostva-knjiga-za-starse-in-ucitelje\/#breadcrumb","itemListElement":[{"@type":"ListItem","position":1,"name":"Home","item":"https:\/\/www.iskreni.net\/trgovina\/"},{"@type":"ListItem","position":2,"name":"Trgovina","item":"https:\/\/www.iskreni.net\/trgovina\/trgovina\/"},{"@type":"ListItem","position":3,"name":"Skrivnost otro\u0161tva: knjiga za star\u0161e in u\u010ditelje"}]},{"@type":"WebSite","@id":"https:\/\/www.iskreni.net\/trgovina\/#website","url":"https:\/\/www.iskreni.net\/trgovina\/","name":"Zavod Iskreni","description":"trgovina","potentialAction":[{"@type":"SearchAction","target":{"@type":"EntryPoint","urlTemplate":"https:\/\/www.iskreni.net\/trgovina\/?s={search_term_string}"},"query-input":{"@type":"PropertyValueSpecification","valueRequired":true,"valueName":"search_term_string"}}],"inLanguage":"sl-SI"}]}},"_links":{"self":[{"href":"https:\/\/www.iskreni.net\/trgovina\/wp-json\/wp\/v2\/product\/36730","targetHints":{"allow":["GET"]}}],"collection":[{"href":"https:\/\/www.iskreni.net\/trgovina\/wp-json\/wp\/v2\/product"}],"about":[{"href":"https:\/\/www.iskreni.net\/trgovina\/wp-json\/wp\/v2\/types\/product"}],"replies":[{"embeddable":true,"href":"https:\/\/www.iskreni.net\/trgovina\/wp-json\/wp\/v2\/comments?post=36730"}],"version-history":[{"count":4,"href":"https:\/\/www.iskreni.net\/trgovina\/wp-json\/wp\/v2\/product\/36730\/revisions"}],"predecessor-version":[{"id":53443,"href":"https:\/\/www.iskreni.net\/trgovina\/wp-json\/wp\/v2\/product\/36730\/revisions\/53443"}],"wp:featuredmedia":[{"embeddable":true,"href":"https:\/\/www.iskreni.net\/trgovina\/wp-json\/wp\/v2\/media\/36889"}],"wp:attachment":[{"href":"https:\/\/www.iskreni.net\/trgovina\/wp-json\/wp\/v2\/media?parent=36730"}],"wp:term":[{"taxonomy":"product_brand","embeddable":true,"href":"https:\/\/www.iskreni.net\/trgovina\/wp-json\/wp\/v2\/product_brand?post=36730"},{"taxonomy":"product_cat","embeddable":true,"href":"https:\/\/www.iskreni.net\/trgovina\/wp-json\/wp\/v2\/product_cat?post=36730"},{"taxonomy":"product_tag","embeddable":true,"href":"https:\/\/www.iskreni.net\/trgovina\/wp-json\/wp\/v2\/product_tag?post=36730"},{"taxonomy":"avtor","embeddable":true,"href":"https:\/\/www.iskreni.net\/trgovina\/wp-json\/wp\/v2\/avtor?post=36730"},{"taxonomy":"zalozba","embeddable":true,"href":"https:\/\/www.iskreni.net\/trgovina\/wp-json\/wp\/v2\/zalozba?post=36730"},{"taxonomy":"vezava","embeddable":true,"href":"https:\/\/www.iskreni.net\/trgovina\/wp-json\/wp\/v2\/vezava?post=36730"}],"curies":[{"name":"wp","href":"https:\/\/api.w.org\/{rel}","templated":true}]}}