{"id":36419,"date":"2020-12-07T14:37:43","date_gmt":"2020-12-07T13:37:43","guid":{"rendered":"https:\/\/www.iskreni.net\/trgovina\/?post_type=product&#038;p=36419"},"modified":"2025-07-09T13:07:42","modified_gmt":"2025-07-09T11:07:42","slug":"umirjena-druzina-sedem-sestavin-za-preprosto-zivljenje-z-otroki","status":"publish","type":"product","link":"https:\/\/www.iskreni.net\/trgovina\/product\/umirjena-druzina-sedem-sestavin-za-preprosto-zivljenje-z-otroki\/","title":{"rendered":"Umirjena dru\u017eina: sedem sestavin za preprosto \u017eivljenje z otroki"},"content":{"rendered":"<h4><strong>O knjigi:<\/strong><\/h4>\n<p>Sedem sestavin za preprosto \u017eivljenje z otroki. Knjiga opisuje posamezne sestavine, s katerimi boste lahko sami korak za korakom izstopili iz stresa in naglice ter po na\u010dinu umirjene dru\u017eine skupaj s svojimi otroki za\u017eiveli pristneje, pozorneje ter predvsem mirneje.<\/p>\n<p><em>Hitro \u0161e obesiti perilo, medtem ko si najstarej\u0161i &#8211; upajmo &#8211; \u017ee obuva \u010devlje. Prepozno bova pri\u0161la k telovadbi. Ni\u010d ne pomaga, perilo je treba obesiti, da bo zgodaj zjutraj na voljo, in &#8230; \u00bbAli ga je \u017ee kdo drug? Zakaj moram to vedno storiti jaz?\u00ab Hopla, \u0161e vre\u010do s smetmi nataknem na zapestje in hitro pogledam, ali je \u0161tedilnik izklopljen &#8230;<\/em><\/p>\n<p>Ste se tudi sami zna\u0161li v za\u010daranem krogu nenehnega hitenja, iz\u010drpanosti in stresa, medtem ko v diru krmarite med zahtevami va\u0161ega poklica in dru\u017eine? Se vam dozdeva, da va\u0161e \u017eivljenje v me\u0161anici sodobnega hitenja in skrbi za lastne otroke vse prepogosto te\u010de mimo vas? Si \u017eelite mirnej\u0161ega \u017eivljenja, ne da bi pri tem morali \u017ertvovati nekaj, \u010desar sami ne bi \u017eeleli?<\/p>\n<p>Knjiga ne ponuja nikakr\u0161nih kon\u010dnih receptov, saj so ti vselej odvisni od individualnih potreb vsake dru\u017eine, temve\u010d posamezne sestavine, s katerimi boste lahko sami korak za korakom preobrnili svoje \u017eivljenje in po na\u010dinu umirjene dru\u017eine skupaj s svojimi otroki za\u017eiveli pristneje, pozorneje ter predvsem mirneje.<\/p>\n<h4>Vsebina knjige <em>Umirjena dru\u017eina: sedem sestavin za preprosto \u017eivljenje z otroki<\/em>:<\/h4>\n<ol>\n<li><strong>SEDEM SESTAVIN<\/strong><br \/>\nLjubezen<br \/>\nNaravaPozornostSkupnost<\/p>\n<p>Viri<\/p>\n<p>Znanje<\/p>\n<p>\u010carobnost<\/li>\n<li><strong>UMIRJENA VAS<br \/>\n<\/strong>Sre\u010devanjePoslavljanjeOpro\u0161\u010danje<\/p>\n<p>Pro\u0161nja za pomo\u010d<\/p>\n<p>Zgodba dneva<\/p>\n<p>Skupno \u010di\u0161\u010denje<\/p>\n<p>Povabilo<\/p>\n<p>Anga\u017eiranje<\/p>\n<p>Gojenje odnosov<\/p>\n<p>Ognji\u0161\u010de<\/p>\n<p>Prosti delci<\/p>\n<p>Nakupovanje<\/li>\n<li><strong>UMIRJENA NARAVA<br \/>\n<\/strong>Neko\u010dVeter in vreme\u010cutiti zemljo<\/p>\n<p>Umazanija<\/p>\n<p>\u017divljenjski cikli<\/p>\n<p>Zeli\u0161\u010darstvo<\/p>\n<p>Majhne doma\u010de \u017eivali<\/p>\n<p>Poimenovanja<\/p>\n<p>Zemeljska umetnost<\/p>\n<p>Ogenj<\/p>\n<p>Kruh na palici<\/p>\n<p>Bakle<\/p>\n<p>Pomivanje in igranje z vodo<\/p>\n<p>Sprehodi in igre<\/p>\n<p>Pogovor z \u017eivalmi<\/li>\n<li><strong>UMIRJENO \u017dIVLJENJE Z DRU\u017dINO<br \/>\n<\/strong>Odhod v posteljoUmivanje zobSkupno obedovanje<\/p>\n<p>Kopanje<\/p>\n<p>V vlogi psa<\/p>\n<p>Seznami<\/p>\n<p>Zamuditi avtobus<\/p>\n<p>Biti korak pred drugimi<\/p>\n<p>Prevzemanje odgovornosti<\/p>\n<p>Igre prevzemanja mo\u010di<\/p>\n<p>Postaviti svet na glavo<\/p>\n<p>Tekmovanje v grdih besedah<\/p>\n<p>Brez pritiska ni protipritiska<\/p>\n<p>Vlak obla\u010denja<\/p>\n<p>Umivanje las<\/p>\n<p>Pustiti otroke pri miru<\/p>\n<p>Ve\u010derni in jutranji krog<\/p>\n<p>Potrebno ali ne<\/li>\n<\/ol>\n","protected":false},"excerpt":{"rendered":"<p><strong>\u0160tevilo strani:<\/strong> 182<br \/>\n<strong>Leto izdaje:<\/strong> 2018<br \/>\n<strong>Mere:<\/strong> 230 x 150 mm<\/p>\n<p><em>&#8220;Gre za to, da doumemo govorico otrok in jo vzamemo resno, tudi \u010de to pomeni, da mora odrasli spremeniti svoje ravnanje &#8230;&#8221;<\/em><\/p>\n<p>&nbsp;<\/p>\n","protected":false},"featured_media":36894,"comment_status":"open","ping_status":"closed","template":"","meta":[],"product_brand":[],"product_cat":[2323,63],"product_tag":[460],"avtor":[2681,2682],"zalozba":[2316],"vezava":[2307],"class_list":{"0":"post-36419","1":"product","2":"type-product","3":"status-publish","4":"has-post-thumbnail","6":"product_cat-vzgoja","7":"product_cat-knjige","8":"product_tag-starsevstvo","9":"avtor-julia-dibbern","10":"avtor-nicola-schmidt","11":"zalozba-didakta","12":"vezava-mehka","14":"first","15":"onbackorder","16":"taxable","17":"shipping-taxable","18":"purchasable","19":"product-type-simple"},"yoast_head":"<!-- This site is optimized with the Yoast SEO plugin v26.3 - https:\/\/yoast.com\/wordpress\/plugins\/seo\/ -->\n<title>Umirjena dru\u017eina - sedem sestavin za preprosto \u017eivljenje z otroki - Iskreni<\/title>\n<meta name=\"description\" content=\"Knjiga opisuje, kako izstopiti iz stresa in naglice ter z otroki za\u017eiveli pristneje, pozorneje ter mirneje.\" \/>\n<meta name=\"robots\" content=\"index, follow, max-snippet:-1, max-image-preview:large, max-video-preview:-1\" \/>\n<link rel=\"canonical\" href=\"https:\/\/www.iskreni.net\/trgovina\/product\/umirjena-druzina-sedem-sestavin-za-preprosto-zivljenje-z-otroki\/\" \/>\n<meta property=\"og:locale\" content=\"sl_SI\" \/>\n<meta property=\"og:type\" content=\"article\" \/>\n<meta property=\"og:title\" content=\"Umirjena dru\u017eina - sedem sestavin za preprosto \u017eivljenje z otroki - Iskreni\" \/>\n<meta property=\"og:description\" content=\"Knjiga opisuje, kako izstopiti iz stresa in naglice ter z otroki za\u017eiveli pristneje, pozorneje ter mirneje.\" \/>\n<meta property=\"og:url\" content=\"https:\/\/www.iskreni.net\/trgovina\/product\/umirjena-druzina-sedem-sestavin-za-preprosto-zivljenje-z-otroki\/\" \/>\n<meta property=\"og:site_name\" content=\"Zavod Iskreni\" \/>\n<meta property=\"article:modified_time\" content=\"2025-07-09T11:07:42+00:00\" \/>\n<meta property=\"og:image\" content=\"https:\/\/www.iskreni.net\/trgovina\/wp-content\/uploads\/2020\/12\/Umirjena-druzina.jpg\" \/>\n\t<meta property=\"og:image:width\" content=\"621\" \/>\n\t<meta property=\"og:image:height\" content=\"623\" \/>\n\t<meta property=\"og:image:type\" content=\"image\/jpeg\" \/>\n<meta name=\"twitter:card\" content=\"summary_large_image\" \/>\n<meta name=\"twitter:label1\" content=\"Est. reading time\" \/>\n\t<meta name=\"twitter:data1\" content=\"3 minute\" \/>\n<script type=\"application\/ld+json\" class=\"yoast-schema-graph\">{\"@context\":\"https:\/\/schema.org\",\"@graph\":[{\"@type\":\"WebPage\",\"@id\":\"https:\/\/www.iskreni.net\/trgovina\/product\/umirjena-druzina-sedem-sestavin-za-preprosto-zivljenje-z-otroki\/\",\"url\":\"https:\/\/www.iskreni.net\/trgovina\/product\/umirjena-druzina-sedem-sestavin-za-preprosto-zivljenje-z-otroki\/\",\"name\":\"Umirjena dru\u017eina - sedem sestavin za preprosto \u017eivljenje z otroki - Iskreni\",\"isPartOf\":{\"@id\":\"https:\/\/www.iskreni.net\/trgovina\/#website\"},\"primaryImageOfPage\":{\"@id\":\"https:\/\/www.iskreni.net\/trgovina\/product\/umirjena-druzina-sedem-sestavin-za-preprosto-zivljenje-z-otroki\/#primaryimage\"},\"image\":{\"@id\":\"https:\/\/www.iskreni.net\/trgovina\/product\/umirjena-druzina-sedem-sestavin-za-preprosto-zivljenje-z-otroki\/#primaryimage\"},\"thumbnailUrl\":\"https:\/\/www.iskreni.net\/trgovina\/wp-content\/uploads\/2020\/12\/Umirjena-druzina.jpg\",\"datePublished\":\"2020-12-07T13:37:43+00:00\",\"dateModified\":\"2025-07-09T11:07:42+00:00\",\"description\":\"Knjiga opisuje, kako izstopiti iz stresa in naglice ter z otroki za\u017eiveli pristneje, pozorneje ter mirneje.\",\"breadcrumb\":{\"@id\":\"https:\/\/www.iskreni.net\/trgovina\/product\/umirjena-druzina-sedem-sestavin-za-preprosto-zivljenje-z-otroki\/#breadcrumb\"},\"inLanguage\":\"sl-SI\",\"potentialAction\":[{\"@type\":\"ReadAction\",\"target\":[\"https:\/\/www.iskreni.net\/trgovina\/product\/umirjena-druzina-sedem-sestavin-za-preprosto-zivljenje-z-otroki\/\"]}]},{\"@type\":\"ImageObject\",\"inLanguage\":\"sl-SI\",\"@id\":\"https:\/\/www.iskreni.net\/trgovina\/product\/umirjena-druzina-sedem-sestavin-za-preprosto-zivljenje-z-otroki\/#primaryimage\",\"url\":\"https:\/\/www.iskreni.net\/trgovina\/wp-content\/uploads\/2020\/12\/Umirjena-druzina.jpg\",\"contentUrl\":\"https:\/\/www.iskreni.net\/trgovina\/wp-content\/uploads\/2020\/12\/Umirjena-druzina.jpg\",\"width\":621,\"height\":623},{\"@type\":\"BreadcrumbList\",\"@id\":\"https:\/\/www.iskreni.net\/trgovina\/product\/umirjena-druzina-sedem-sestavin-za-preprosto-zivljenje-z-otroki\/#breadcrumb\",\"itemListElement\":[{\"@type\":\"ListItem\",\"position\":1,\"name\":\"Home\",\"item\":\"https:\/\/www.iskreni.net\/trgovina\/\"},{\"@type\":\"ListItem\",\"position\":2,\"name\":\"Trgovina\",\"item\":\"https:\/\/www.iskreni.net\/trgovina\/trgovina\/\"},{\"@type\":\"ListItem\",\"position\":3,\"name\":\"Umirjena dru\u017eina: sedem sestavin za preprosto \u017eivljenje z otroki\"}]},{\"@type\":\"WebSite\",\"@id\":\"https:\/\/www.iskreni.net\/trgovina\/#website\",\"url\":\"https:\/\/www.iskreni.net\/trgovina\/\",\"name\":\"Zavod Iskreni\",\"description\":\"trgovina\",\"potentialAction\":[{\"@type\":\"SearchAction\",\"target\":{\"@type\":\"EntryPoint\",\"urlTemplate\":\"https:\/\/www.iskreni.net\/trgovina\/?s={search_term_string}\"},\"query-input\":{\"@type\":\"PropertyValueSpecification\",\"valueRequired\":true,\"valueName\":\"search_term_string\"}}],\"inLanguage\":\"sl-SI\"}]}<\/script>\n<!-- \/ Yoast SEO plugin. -->","yoast_head_json":{"title":"Umirjena dru\u017eina - sedem sestavin za preprosto \u017eivljenje z otroki - Iskreni","description":"Knjiga opisuje, kako izstopiti iz stresa in naglice ter z otroki za\u017eiveli pristneje, pozorneje ter mirneje.","robots":{"index":"index","follow":"follow","max-snippet":"max-snippet:-1","max-image-preview":"max-image-preview:large","max-video-preview":"max-video-preview:-1"},"canonical":"https:\/\/www.iskreni.net\/trgovina\/product\/umirjena-druzina-sedem-sestavin-za-preprosto-zivljenje-z-otroki\/","og_locale":"sl_SI","og_type":"article","og_title":"Umirjena dru\u017eina - sedem sestavin za preprosto \u017eivljenje z otroki - Iskreni","og_description":"Knjiga opisuje, kako izstopiti iz stresa in naglice ter z otroki za\u017eiveli pristneje, pozorneje ter mirneje.","og_url":"https:\/\/www.iskreni.net\/trgovina\/product\/umirjena-druzina-sedem-sestavin-za-preprosto-zivljenje-z-otroki\/","og_site_name":"Zavod Iskreni","article_modified_time":"2025-07-09T11:07:42+00:00","og_image":[{"width":621,"height":623,"url":"https:\/\/www.iskreni.net\/trgovina\/wp-content\/uploads\/2020\/12\/Umirjena-druzina.jpg","type":"image\/jpeg"}],"twitter_card":"summary_large_image","twitter_misc":{"Est. reading time":"3 minute"},"schema":{"@context":"https:\/\/schema.org","@graph":[{"@type":"WebPage","@id":"https:\/\/www.iskreni.net\/trgovina\/product\/umirjena-druzina-sedem-sestavin-za-preprosto-zivljenje-z-otroki\/","url":"https:\/\/www.iskreni.net\/trgovina\/product\/umirjena-druzina-sedem-sestavin-za-preprosto-zivljenje-z-otroki\/","name":"Umirjena dru\u017eina - sedem sestavin za preprosto \u017eivljenje z otroki - Iskreni","isPartOf":{"@id":"https:\/\/www.iskreni.net\/trgovina\/#website"},"primaryImageOfPage":{"@id":"https:\/\/www.iskreni.net\/trgovina\/product\/umirjena-druzina-sedem-sestavin-za-preprosto-zivljenje-z-otroki\/#primaryimage"},"image":{"@id":"https:\/\/www.iskreni.net\/trgovina\/product\/umirjena-druzina-sedem-sestavin-za-preprosto-zivljenje-z-otroki\/#primaryimage"},"thumbnailUrl":"https:\/\/www.iskreni.net\/trgovina\/wp-content\/uploads\/2020\/12\/Umirjena-druzina.jpg","datePublished":"2020-12-07T13:37:43+00:00","dateModified":"2025-07-09T11:07:42+00:00","description":"Knjiga opisuje, kako izstopiti iz stresa in naglice ter z otroki za\u017eiveli pristneje, pozorneje ter mirneje.","breadcrumb":{"@id":"https:\/\/www.iskreni.net\/trgovina\/product\/umirjena-druzina-sedem-sestavin-za-preprosto-zivljenje-z-otroki\/#breadcrumb"},"inLanguage":"sl-SI","potentialAction":[{"@type":"ReadAction","target":["https:\/\/www.iskreni.net\/trgovina\/product\/umirjena-druzina-sedem-sestavin-za-preprosto-zivljenje-z-otroki\/"]}]},{"@type":"ImageObject","inLanguage":"sl-SI","@id":"https:\/\/www.iskreni.net\/trgovina\/product\/umirjena-druzina-sedem-sestavin-za-preprosto-zivljenje-z-otroki\/#primaryimage","url":"https:\/\/www.iskreni.net\/trgovina\/wp-content\/uploads\/2020\/12\/Umirjena-druzina.jpg","contentUrl":"https:\/\/www.iskreni.net\/trgovina\/wp-content\/uploads\/2020\/12\/Umirjena-druzina.jpg","width":621,"height":623},{"@type":"BreadcrumbList","@id":"https:\/\/www.iskreni.net\/trgovina\/product\/umirjena-druzina-sedem-sestavin-za-preprosto-zivljenje-z-otroki\/#breadcrumb","itemListElement":[{"@type":"ListItem","position":1,"name":"Home","item":"https:\/\/www.iskreni.net\/trgovina\/"},{"@type":"ListItem","position":2,"name":"Trgovina","item":"https:\/\/www.iskreni.net\/trgovina\/trgovina\/"},{"@type":"ListItem","position":3,"name":"Umirjena dru\u017eina: sedem sestavin za preprosto \u017eivljenje z otroki"}]},{"@type":"WebSite","@id":"https:\/\/www.iskreni.net\/trgovina\/#website","url":"https:\/\/www.iskreni.net\/trgovina\/","name":"Zavod Iskreni","description":"trgovina","potentialAction":[{"@type":"SearchAction","target":{"@type":"EntryPoint","urlTemplate":"https:\/\/www.iskreni.net\/trgovina\/?s={search_term_string}"},"query-input":{"@type":"PropertyValueSpecification","valueRequired":true,"valueName":"search_term_string"}}],"inLanguage":"sl-SI"}]}},"_links":{"self":[{"href":"https:\/\/www.iskreni.net\/trgovina\/wp-json\/wp\/v2\/product\/36419","targetHints":{"allow":["GET"]}}],"collection":[{"href":"https:\/\/www.iskreni.net\/trgovina\/wp-json\/wp\/v2\/product"}],"about":[{"href":"https:\/\/www.iskreni.net\/trgovina\/wp-json\/wp\/v2\/types\/product"}],"replies":[{"embeddable":true,"href":"https:\/\/www.iskreni.net\/trgovina\/wp-json\/wp\/v2\/comments?post=36419"}],"version-history":[{"count":11,"href":"https:\/\/www.iskreni.net\/trgovina\/wp-json\/wp\/v2\/product\/36419\/revisions"}],"predecessor-version":[{"id":88055,"href":"https:\/\/www.iskreni.net\/trgovina\/wp-json\/wp\/v2\/product\/36419\/revisions\/88055"}],"wp:featuredmedia":[{"embeddable":true,"href":"https:\/\/www.iskreni.net\/trgovina\/wp-json\/wp\/v2\/media\/36894"}],"wp:attachment":[{"href":"https:\/\/www.iskreni.net\/trgovina\/wp-json\/wp\/v2\/media?parent=36419"}],"wp:term":[{"taxonomy":"product_brand","embeddable":true,"href":"https:\/\/www.iskreni.net\/trgovina\/wp-json\/wp\/v2\/product_brand?post=36419"},{"taxonomy":"product_cat","embeddable":true,"href":"https:\/\/www.iskreni.net\/trgovina\/wp-json\/wp\/v2\/product_cat?post=36419"},{"taxonomy":"product_tag","embeddable":true,"href":"https:\/\/www.iskreni.net\/trgovina\/wp-json\/wp\/v2\/product_tag?post=36419"},{"taxonomy":"avtor","embeddable":true,"href":"https:\/\/www.iskreni.net\/trgovina\/wp-json\/wp\/v2\/avtor?post=36419"},{"taxonomy":"zalozba","embeddable":true,"href":"https:\/\/www.iskreni.net\/trgovina\/wp-json\/wp\/v2\/zalozba?post=36419"},{"taxonomy":"vezava","embeddable":true,"href":"https:\/\/www.iskreni.net\/trgovina\/wp-json\/wp\/v2\/vezava?post=36419"}],"curies":[{"name":"wp","href":"https:\/\/api.w.org\/{rel}","templated":true}]}}