{"id":2530,"date":"2016-11-29T16:02:25","date_gmt":"2016-11-29T15:02:25","guid":{"rendered":"https:\/\/www.iskreni.net\/trgovina\/?post_type=product&#038;p=2530"},"modified":"2023-09-06T11:27:54","modified_gmt":"2023-09-06T09:27:54","slug":"plenicne-podloge-na-roli","status":"publish","type":"product","link":"https:\/\/www.iskreni.net\/trgovina\/product\/plenicne-podloge-na-roli\/","title":{"rendered":"Pleni\u010dne predloge na roli"},"content":{"rendered":"<p><strong>Opis:<\/strong><\/p>\n<ul>\n<li>120 kosov velikosti 28 x 16 cm na roli<\/li>\n<li>obeljene s kisikom in zato posebej primerne za ob\u010dutljivej\u0161o ko\u017eo<\/li>\n<li>so zelo vpojne, mehke, a se ne trgajo<\/li>\n<li>dobro vpijejo teko\u010de blato novorojen\u010dkov<\/li>\n<li>zmanj\u0161ujejo mo\u017enost made\u017eev na plenicah<\/li>\n<li>polo\u017eimo jo na vrh plenice oz. vlo\u017eka<\/li>\n<li><span data-offset-key=\"7a7fb-0-0\"><span data-text=\"true\">po uporabi jih odvr\u017eemo<\/span><\/span> na kompost ali med me\u0161ane komunalne odpadke<\/li>\n<\/ul>\n<p>&nbsp;<\/p>\n<p><strong>Vzdr\u017eevanje:<\/strong><\/p>\n<ul>\n<li>namenjene za enkratno uporabo<\/li>\n<li>\u010de so samo mokre, so dovolj trpe\u017ene, da jih po \u017eelji lahko nekajkrat operemo s plenicami v pralnem stroju in ponovno uporabimo<\/li>\n<\/ul>\n<p>&nbsp;<\/p>\n<p><strong>Material:<\/strong><\/p>\n<ul>\n<li>naravna vlakna (celuloza)<\/li>\n<li>obeljene s kisikom<\/li>\n<li>biolo\u0161ko razgradljive, primerne za kompostiranje<\/li>\n<li>60g\/m2<\/li>\n<\/ul>\n<p>&nbsp;<\/p>\n<p><strong>Poreklo:<\/strong><\/p>\n<ul>\n<li>izdelano v EU<\/li>\n<li>Popolini, Wien<\/li>\n<\/ul>\n","protected":false},"excerpt":{"rendered":"<p><strong>120 kosov<\/strong>. Laj\u0161ajo pranje pokakanih plenic dojen\u010dkov<\/p>\n","protected":false},"featured_media":2531,"comment_status":"open","ping_status":"closed","template":"","meta":[],"product_brand":[],"product_cat":[62,69],"product_tag":[],"avtor":[],"zalozba":[],"vezava":[],"class_list":{"0":"post-2530","1":"product","2":"type-product","3":"status-publish","4":"has-post-thumbnail","6":"product_cat-za-najmlajse","7":"product_cat-dodatki","9":"first","10":"instock","11":"taxable","12":"shipping-taxable","13":"purchasable","14":"product-type-simple"},"yoast_head":"<!-- This site is optimized with the Yoast SEO plugin v26.3 - https:\/\/yoast.com\/wordpress\/plugins\/seo\/ -->\n<title>Pleni\u010dne predloge na roli - Zavod Iskreni<\/title>\n<meta name=\"robots\" content=\"index, follow, max-snippet:-1, max-image-preview:large, max-video-preview:-1\" \/>\n<link rel=\"canonical\" href=\"https:\/\/www.iskreni.net\/trgovina\/product\/plenicne-podloge-na-roli\/\" \/>\n<meta property=\"og:locale\" content=\"sl_SI\" \/>\n<meta property=\"og:type\" content=\"article\" \/>\n<meta property=\"og:title\" content=\"Pleni\u010dne predloge na roli - Zavod Iskreni\" \/>\n<meta property=\"og:description\" content=\"120 kosov. Laj\u0161ajo pranje pokakanih plenic dojen\u010dkov\" \/>\n<meta property=\"og:url\" content=\"https:\/\/www.iskreni.net\/trgovina\/product\/plenicne-podloge-na-roli\/\" \/>\n<meta property=\"og:site_name\" content=\"Zavod Iskreni\" \/>\n<meta property=\"article:modified_time\" content=\"2023-09-06T09:27:54+00:00\" \/>\n<meta property=\"og:image\" content=\"https:\/\/www.iskreni.net\/trgovina\/wp-content\/uploads\/2016\/11\/20-plenicne_predloge-d7326a8b6f48973b.jpeg\" \/>\n\t<meta property=\"og:image:width\" content=\"800\" \/>\n\t<meta property=\"og:image:height\" content=\"600\" \/>\n\t<meta property=\"og:image:type\" content=\"image\/jpeg\" \/>\n<meta name=\"twitter:card\" content=\"summary_large_image\" \/>\n<meta name=\"twitter:label1\" content=\"Est. reading time\" \/>\n\t<meta name=\"twitter:data1\" content=\"1 minuta\" \/>\n<script type=\"application\/ld+json\" class=\"yoast-schema-graph\">{\"@context\":\"https:\/\/schema.org\",\"@graph\":[{\"@type\":\"WebPage\",\"@id\":\"https:\/\/www.iskreni.net\/trgovina\/product\/plenicne-podloge-na-roli\/\",\"url\":\"https:\/\/www.iskreni.net\/trgovina\/product\/plenicne-podloge-na-roli\/\",\"name\":\"Pleni\u010dne predloge na roli - Zavod Iskreni\",\"isPartOf\":{\"@id\":\"https:\/\/www.iskreni.net\/trgovina\/#website\"},\"primaryImageOfPage\":{\"@id\":\"https:\/\/www.iskreni.net\/trgovina\/product\/plenicne-podloge-na-roli\/#primaryimage\"},\"image\":{\"@id\":\"https:\/\/www.iskreni.net\/trgovina\/product\/plenicne-podloge-na-roli\/#primaryimage\"},\"thumbnailUrl\":\"https:\/\/www.iskreni.net\/trgovina\/wp-content\/uploads\/2016\/11\/20-plenicne_predloge-d7326a8b6f48973b.jpeg\",\"datePublished\":\"2016-11-29T15:02:25+00:00\",\"dateModified\":\"2023-09-06T09:27:54+00:00\",\"breadcrumb\":{\"@id\":\"https:\/\/www.iskreni.net\/trgovina\/product\/plenicne-podloge-na-roli\/#breadcrumb\"},\"inLanguage\":\"sl-SI\",\"potentialAction\":[{\"@type\":\"ReadAction\",\"target\":[\"https:\/\/www.iskreni.net\/trgovina\/product\/plenicne-podloge-na-roli\/\"]}]},{\"@type\":\"ImageObject\",\"inLanguage\":\"sl-SI\",\"@id\":\"https:\/\/www.iskreni.net\/trgovina\/product\/plenicne-podloge-na-roli\/#primaryimage\",\"url\":\"https:\/\/www.iskreni.net\/trgovina\/wp-content\/uploads\/2016\/11\/20-plenicne_predloge-d7326a8b6f48973b.jpeg\",\"contentUrl\":\"https:\/\/www.iskreni.net\/trgovina\/wp-content\/uploads\/2016\/11\/20-plenicne_predloge-d7326a8b6f48973b.jpeg\",\"width\":800,\"height\":600},{\"@type\":\"BreadcrumbList\",\"@id\":\"https:\/\/www.iskreni.net\/trgovina\/product\/plenicne-podloge-na-roli\/#breadcrumb\",\"itemListElement\":[{\"@type\":\"ListItem\",\"position\":1,\"name\":\"Home\",\"item\":\"https:\/\/www.iskreni.net\/trgovina\/\"},{\"@type\":\"ListItem\",\"position\":2,\"name\":\"Trgovina\",\"item\":\"https:\/\/www.iskreni.net\/trgovina\/trgovina\/\"},{\"@type\":\"ListItem\",\"position\":3,\"name\":\"Pleni\u010dne predloge na roli\"}]},{\"@type\":\"WebSite\",\"@id\":\"https:\/\/www.iskreni.net\/trgovina\/#website\",\"url\":\"https:\/\/www.iskreni.net\/trgovina\/\",\"name\":\"Zavod Iskreni\",\"description\":\"trgovina\",\"potentialAction\":[{\"@type\":\"SearchAction\",\"target\":{\"@type\":\"EntryPoint\",\"urlTemplate\":\"https:\/\/www.iskreni.net\/trgovina\/?s={search_term_string}\"},\"query-input\":{\"@type\":\"PropertyValueSpecification\",\"valueRequired\":true,\"valueName\":\"search_term_string\"}}],\"inLanguage\":\"sl-SI\"}]}<\/script>\n<!-- \/ Yoast SEO plugin. -->","yoast_head_json":{"title":"Pleni\u010dne predloge na roli - Zavod Iskreni","robots":{"index":"index","follow":"follow","max-snippet":"max-snippet:-1","max-image-preview":"max-image-preview:large","max-video-preview":"max-video-preview:-1"},"canonical":"https:\/\/www.iskreni.net\/trgovina\/product\/plenicne-podloge-na-roli\/","og_locale":"sl_SI","og_type":"article","og_title":"Pleni\u010dne predloge na roli - Zavod Iskreni","og_description":"120 kosov. Laj\u0161ajo pranje pokakanih plenic dojen\u010dkov","og_url":"https:\/\/www.iskreni.net\/trgovina\/product\/plenicne-podloge-na-roli\/","og_site_name":"Zavod Iskreni","article_modified_time":"2023-09-06T09:27:54+00:00","og_image":[{"width":800,"height":600,"url":"https:\/\/www.iskreni.net\/trgovina\/wp-content\/uploads\/2016\/11\/20-plenicne_predloge-d7326a8b6f48973b.jpeg","type":"image\/jpeg"}],"twitter_card":"summary_large_image","twitter_misc":{"Est. reading time":"1 minuta"},"schema":{"@context":"https:\/\/schema.org","@graph":[{"@type":"WebPage","@id":"https:\/\/www.iskreni.net\/trgovina\/product\/plenicne-podloge-na-roli\/","url":"https:\/\/www.iskreni.net\/trgovina\/product\/plenicne-podloge-na-roli\/","name":"Pleni\u010dne predloge na roli - Zavod Iskreni","isPartOf":{"@id":"https:\/\/www.iskreni.net\/trgovina\/#website"},"primaryImageOfPage":{"@id":"https:\/\/www.iskreni.net\/trgovina\/product\/plenicne-podloge-na-roli\/#primaryimage"},"image":{"@id":"https:\/\/www.iskreni.net\/trgovina\/product\/plenicne-podloge-na-roli\/#primaryimage"},"thumbnailUrl":"https:\/\/www.iskreni.net\/trgovina\/wp-content\/uploads\/2016\/11\/20-plenicne_predloge-d7326a8b6f48973b.jpeg","datePublished":"2016-11-29T15:02:25+00:00","dateModified":"2023-09-06T09:27:54+00:00","breadcrumb":{"@id":"https:\/\/www.iskreni.net\/trgovina\/product\/plenicne-podloge-na-roli\/#breadcrumb"},"inLanguage":"sl-SI","potentialAction":[{"@type":"ReadAction","target":["https:\/\/www.iskreni.net\/trgovina\/product\/plenicne-podloge-na-roli\/"]}]},{"@type":"ImageObject","inLanguage":"sl-SI","@id":"https:\/\/www.iskreni.net\/trgovina\/product\/plenicne-podloge-na-roli\/#primaryimage","url":"https:\/\/www.iskreni.net\/trgovina\/wp-content\/uploads\/2016\/11\/20-plenicne_predloge-d7326a8b6f48973b.jpeg","contentUrl":"https:\/\/www.iskreni.net\/trgovina\/wp-content\/uploads\/2016\/11\/20-plenicne_predloge-d7326a8b6f48973b.jpeg","width":800,"height":600},{"@type":"BreadcrumbList","@id":"https:\/\/www.iskreni.net\/trgovina\/product\/plenicne-podloge-na-roli\/#breadcrumb","itemListElement":[{"@type":"ListItem","position":1,"name":"Home","item":"https:\/\/www.iskreni.net\/trgovina\/"},{"@type":"ListItem","position":2,"name":"Trgovina","item":"https:\/\/www.iskreni.net\/trgovina\/trgovina\/"},{"@type":"ListItem","position":3,"name":"Pleni\u010dne predloge na roli"}]},{"@type":"WebSite","@id":"https:\/\/www.iskreni.net\/trgovina\/#website","url":"https:\/\/www.iskreni.net\/trgovina\/","name":"Zavod Iskreni","description":"trgovina","potentialAction":[{"@type":"SearchAction","target":{"@type":"EntryPoint","urlTemplate":"https:\/\/www.iskreni.net\/trgovina\/?s={search_term_string}"},"query-input":{"@type":"PropertyValueSpecification","valueRequired":true,"valueName":"search_term_string"}}],"inLanguage":"sl-SI"}]}},"_links":{"self":[{"href":"https:\/\/www.iskreni.net\/trgovina\/wp-json\/wp\/v2\/product\/2530","targetHints":{"allow":["GET"]}}],"collection":[{"href":"https:\/\/www.iskreni.net\/trgovina\/wp-json\/wp\/v2\/product"}],"about":[{"href":"https:\/\/www.iskreni.net\/trgovina\/wp-json\/wp\/v2\/types\/product"}],"replies":[{"embeddable":true,"href":"https:\/\/www.iskreni.net\/trgovina\/wp-json\/wp\/v2\/comments?post=2530"}],"version-history":[{"count":2,"href":"https:\/\/www.iskreni.net\/trgovina\/wp-json\/wp\/v2\/product\/2530\/revisions"}],"predecessor-version":[{"id":57353,"href":"https:\/\/www.iskreni.net\/trgovina\/wp-json\/wp\/v2\/product\/2530\/revisions\/57353"}],"wp:featuredmedia":[{"embeddable":true,"href":"https:\/\/www.iskreni.net\/trgovina\/wp-json\/wp\/v2\/media\/2531"}],"wp:attachment":[{"href":"https:\/\/www.iskreni.net\/trgovina\/wp-json\/wp\/v2\/media?parent=2530"}],"wp:term":[{"taxonomy":"product_brand","embeddable":true,"href":"https:\/\/www.iskreni.net\/trgovina\/wp-json\/wp\/v2\/product_brand?post=2530"},{"taxonomy":"product_cat","embeddable":true,"href":"https:\/\/www.iskreni.net\/trgovina\/wp-json\/wp\/v2\/product_cat?post=2530"},{"taxonomy":"product_tag","embeddable":true,"href":"https:\/\/www.iskreni.net\/trgovina\/wp-json\/wp\/v2\/product_tag?post=2530"},{"taxonomy":"avtor","embeddable":true,"href":"https:\/\/www.iskreni.net\/trgovina\/wp-json\/wp\/v2\/avtor?post=2530"},{"taxonomy":"zalozba","embeddable":true,"href":"https:\/\/www.iskreni.net\/trgovina\/wp-json\/wp\/v2\/zalozba?post=2530"},{"taxonomy":"vezava","embeddable":true,"href":"https:\/\/www.iskreni.net\/trgovina\/wp-json\/wp\/v2\/vezava?post=2530"}],"curies":[{"name":"wp","href":"https:\/\/api.w.org\/{rel}","templated":true}]}}