{"id":2121,"date":"2016-11-14T16:06:10","date_gmt":"2016-11-14T15:06:10","guid":{"rendered":"http:\/\/rojstnidan.si\/product\/vlozek-s-krilci-iz-konoplje\/"},"modified":"2026-04-21T09:16:48","modified_gmt":"2026-04-21T07:16:48","slug":"vlozek-s-krilci-konoplja","status":"publish","type":"product","link":"https:\/\/www.iskreni.net\/trgovina\/product\/vlozek-s-krilci-konoplja\/","title":{"rendered":"Vlo\u017eek s krilci konoplja"},"content":{"rendered":"<div class=\"tabbed\">\n<div id=\"tab11111\" class=\"tab active_tab\">\n<h4><strong>Opis:<\/strong><\/h4>\n<ul>\n<li>krilca in majhen pritiska\u010d za pritrditev na spodnjice<\/li>\n<li>spodnja plast je nepremo\u010dljiva<\/li>\n<li>dol\u017eina: no\u010dni 27 cm, veliki L 26 cm, srednji M 22 cm in mali S 18 cm<\/li>\n<li>za menstruacijo, poporodne krvavitve ali bla\u017ejo urinsko inkontinenco, manj\u0161i tudi po spolnem odnosu, v kombinaciji z menstrualno skodelico ter za vsakodnevno uporabo<\/li>\n<\/ul>\n<h4><strong>Vzdr\u017eevanje:<\/strong><\/h4>\n<ul>\n<li>deklarirano za temperaturo pranja pri 95 <sup>o<\/sup>C<\/li>\n<li>lahko se su\u0161ijo v su\u0161ilnem stroju<\/li>\n<\/ul>\n<h4><strong>Material:<\/strong><\/h4>\n<ul>\n<li><strong>gornja in vmesne plasti:<\/strong> 55 % industrijska konoplja, 45 % bomba\u017e (ekolo\u0161ko pridelan)<\/li>\n<li><strong>spodnja bela plast:<\/strong> 70 % bomba\u017e, 30 % poliester, poliuretanski premaz (material je izdelan v Nem\u010diji in ima certifikat Ekotex 100 razred 1)<\/li>\n<\/ul>\n<p>Tkanina iz me\u0161anice konoplje in bomba\u017ea je:<\/p>\n<ul>\n<li>trpe\u017ena,<\/li>\n<li>dobro zra\u010dna,<\/li>\n<li>se zelo dobro opere,<\/li>\n<li>zelo vpojna (zagotavlja dolgotrajen ob\u010dutek suhosti),<\/li>\n<li>deluje s protiglivi\u010dnimi in protibakterijskimi lastnostmi (za prepre\u010devanje razvoja neprijetnega vonja),<\/li>\n<li>njeno pridelovanje povzro\u010da manj\u0161i vpliv na okolje.<\/li>\n<\/ul>\n<\/div>\n<\/div>\n<p>&nbsp;<\/p>\n","protected":false},"excerpt":{"rendered":"<p>Za va\u0161e najve\u010dje udobje med no\u0161enjem vlo\u017ekov, smo izbrali <strong>me\u0161anico med konopljo in bomba\u017eem,<\/strong> ki zdru\u017euje lastnosti obeh.<\/p>\n","protected":false},"featured_media":2130,"comment_status":"open","ping_status":"closed","template":"","meta":[],"product_brand":[],"product_cat":[83,84],"product_tag":[],"avtor":[],"zalozba":[],"vezava":[],"class_list":{"0":"post-2121","1":"product","2":"type-product","3":"status-publish","4":"has-post-thumbnail","6":"product_cat-izdelki-za-menstruacijo","7":"product_cat-pralni-vlozki","8":"pa_velikost-l","9":"pa_velikost-m","10":"pa_velikost-nocni","11":"pa_velikost-s","13":"first","14":"instock","15":"taxable","16":"shipping-taxable","17":"purchasable","18":"product-type-variable"},"yoast_head":"<!-- This site is optimized with the Yoast SEO plugin v26.3 - https:\/\/yoast.com\/wordpress\/plugins\/seo\/ -->\n<title>Vlo\u017eek s krilci (konoplja) - trgovina Iskreni<\/title>\n<meta name=\"description\" content=\"Vlo\u017eek s krilci, ki nudi najve\u010dje udobje med no\u0161enjem, je izdelan iz me\u0161anice med konopljo in bomba\u017eem, ki zdru\u017euje lastnosti obeh.\" \/>\n<meta name=\"robots\" content=\"index, follow, max-snippet:-1, max-image-preview:large, max-video-preview:-1\" \/>\n<link rel=\"canonical\" href=\"https:\/\/www.iskreni.net\/trgovina\/product\/vlozek-s-krilci-konoplja\/\" \/>\n<meta property=\"og:locale\" content=\"sl_SI\" \/>\n<meta property=\"og:type\" content=\"article\" \/>\n<meta property=\"og:title\" content=\"Vlo\u017eek s krilci (konoplja) - trgovina Iskreni\" \/>\n<meta property=\"og:description\" content=\"Vlo\u017eek s krilci, ki nudi najve\u010dje udobje med no\u0161enjem, je izdelan iz me\u0161anice med konopljo in bomba\u017eem, ki zdru\u017euje lastnosti obeh.\" \/>\n<meta property=\"og:url\" content=\"https:\/\/www.iskreni.net\/trgovina\/product\/vlozek-s-krilci-konoplja\/\" \/>\n<meta property=\"og:site_name\" content=\"Zavod Iskreni\" \/>\n<meta property=\"article:modified_time\" content=\"2026-04-21T07:16:48+00:00\" \/>\n<meta property=\"og:image\" content=\"https:\/\/www.iskreni.net\/trgovina\/wp-content\/uploads\/2016\/11\/496-konoplja_pralni_vlozek-d3a59be3a74ec89e.jpeg\" \/>\n\t<meta property=\"og:image:width\" content=\"600\" \/>\n\t<meta property=\"og:image:height\" content=\"440\" \/>\n\t<meta property=\"og:image:type\" content=\"image\/jpeg\" \/>\n<meta name=\"twitter:card\" content=\"summary_large_image\" \/>\n<meta name=\"twitter:label1\" content=\"Est. reading time\" \/>\n\t<meta name=\"twitter:data1\" content=\"1 minuta\" \/>\n<script type=\"application\/ld+json\" class=\"yoast-schema-graph\">{\"@context\":\"https:\/\/schema.org\",\"@graph\":[{\"@type\":\"WebPage\",\"@id\":\"https:\/\/www.iskreni.net\/trgovina\/product\/vlozek-s-krilci-konoplja\/\",\"url\":\"https:\/\/www.iskreni.net\/trgovina\/product\/vlozek-s-krilci-konoplja\/\",\"name\":\"Vlo\u017eek s krilci (konoplja) - trgovina Iskreni\",\"isPartOf\":{\"@id\":\"https:\/\/www.iskreni.net\/trgovina\/#website\"},\"primaryImageOfPage\":{\"@id\":\"https:\/\/www.iskreni.net\/trgovina\/product\/vlozek-s-krilci-konoplja\/#primaryimage\"},\"image\":{\"@id\":\"https:\/\/www.iskreni.net\/trgovina\/product\/vlozek-s-krilci-konoplja\/#primaryimage\"},\"thumbnailUrl\":\"https:\/\/www.iskreni.net\/trgovina\/wp-content\/uploads\/2016\/11\/496-konoplja_pralni_vlozek-d3a59be3a74ec89e.jpeg\",\"datePublished\":\"2016-11-14T15:06:10+00:00\",\"dateModified\":\"2026-04-21T07:16:48+00:00\",\"description\":\"Vlo\u017eek s krilci, ki nudi najve\u010dje udobje med no\u0161enjem, je izdelan iz me\u0161anice med konopljo in bomba\u017eem, ki zdru\u017euje lastnosti obeh.\",\"breadcrumb\":{\"@id\":\"https:\/\/www.iskreni.net\/trgovina\/product\/vlozek-s-krilci-konoplja\/#breadcrumb\"},\"inLanguage\":\"sl-SI\",\"potentialAction\":[{\"@type\":\"ReadAction\",\"target\":[\"https:\/\/www.iskreni.net\/trgovina\/product\/vlozek-s-krilci-konoplja\/\"]}]},{\"@type\":\"ImageObject\",\"inLanguage\":\"sl-SI\",\"@id\":\"https:\/\/www.iskreni.net\/trgovina\/product\/vlozek-s-krilci-konoplja\/#primaryimage\",\"url\":\"https:\/\/www.iskreni.net\/trgovina\/wp-content\/uploads\/2016\/11\/496-konoplja_pralni_vlozek-d3a59be3a74ec89e.jpeg\",\"contentUrl\":\"https:\/\/www.iskreni.net\/trgovina\/wp-content\/uploads\/2016\/11\/496-konoplja_pralni_vlozek-d3a59be3a74ec89e.jpeg\",\"width\":600,\"height\":440},{\"@type\":\"BreadcrumbList\",\"@id\":\"https:\/\/www.iskreni.net\/trgovina\/product\/vlozek-s-krilci-konoplja\/#breadcrumb\",\"itemListElement\":[{\"@type\":\"ListItem\",\"position\":1,\"name\":\"Home\",\"item\":\"https:\/\/www.iskreni.net\/trgovina\/\"},{\"@type\":\"ListItem\",\"position\":2,\"name\":\"Trgovina\",\"item\":\"https:\/\/www.iskreni.net\/trgovina\/trgovina\/\"},{\"@type\":\"ListItem\",\"position\":3,\"name\":\"Vlo\u017eek s krilci konoplja\"}]},{\"@type\":\"WebSite\",\"@id\":\"https:\/\/www.iskreni.net\/trgovina\/#website\",\"url\":\"https:\/\/www.iskreni.net\/trgovina\/\",\"name\":\"Zavod Iskreni\",\"description\":\"trgovina\",\"potentialAction\":[{\"@type\":\"SearchAction\",\"target\":{\"@type\":\"EntryPoint\",\"urlTemplate\":\"https:\/\/www.iskreni.net\/trgovina\/?s={search_term_string}\"},\"query-input\":{\"@type\":\"PropertyValueSpecification\",\"valueRequired\":true,\"valueName\":\"search_term_string\"}}],\"inLanguage\":\"sl-SI\"}]}<\/script>\n<!-- \/ Yoast SEO plugin. -->","yoast_head_json":{"title":"Vlo\u017eek s krilci (konoplja) - trgovina Iskreni","description":"Vlo\u017eek s krilci, ki nudi najve\u010dje udobje med no\u0161enjem, je izdelan iz me\u0161anice med konopljo in bomba\u017eem, ki zdru\u017euje lastnosti obeh.","robots":{"index":"index","follow":"follow","max-snippet":"max-snippet:-1","max-image-preview":"max-image-preview:large","max-video-preview":"max-video-preview:-1"},"canonical":"https:\/\/www.iskreni.net\/trgovina\/product\/vlozek-s-krilci-konoplja\/","og_locale":"sl_SI","og_type":"article","og_title":"Vlo\u017eek s krilci (konoplja) - trgovina Iskreni","og_description":"Vlo\u017eek s krilci, ki nudi najve\u010dje udobje med no\u0161enjem, je izdelan iz me\u0161anice med konopljo in bomba\u017eem, ki zdru\u017euje lastnosti obeh.","og_url":"https:\/\/www.iskreni.net\/trgovina\/product\/vlozek-s-krilci-konoplja\/","og_site_name":"Zavod Iskreni","article_modified_time":"2026-04-21T07:16:48+00:00","og_image":[{"width":600,"height":440,"url":"https:\/\/www.iskreni.net\/trgovina\/wp-content\/uploads\/2016\/11\/496-konoplja_pralni_vlozek-d3a59be3a74ec89e.jpeg","type":"image\/jpeg"}],"twitter_card":"summary_large_image","twitter_misc":{"Est. reading time":"1 minuta"},"schema":{"@context":"https:\/\/schema.org","@graph":[{"@type":"WebPage","@id":"https:\/\/www.iskreni.net\/trgovina\/product\/vlozek-s-krilci-konoplja\/","url":"https:\/\/www.iskreni.net\/trgovina\/product\/vlozek-s-krilci-konoplja\/","name":"Vlo\u017eek s krilci (konoplja) - trgovina Iskreni","isPartOf":{"@id":"https:\/\/www.iskreni.net\/trgovina\/#website"},"primaryImageOfPage":{"@id":"https:\/\/www.iskreni.net\/trgovina\/product\/vlozek-s-krilci-konoplja\/#primaryimage"},"image":{"@id":"https:\/\/www.iskreni.net\/trgovina\/product\/vlozek-s-krilci-konoplja\/#primaryimage"},"thumbnailUrl":"https:\/\/www.iskreni.net\/trgovina\/wp-content\/uploads\/2016\/11\/496-konoplja_pralni_vlozek-d3a59be3a74ec89e.jpeg","datePublished":"2016-11-14T15:06:10+00:00","dateModified":"2026-04-21T07:16:48+00:00","description":"Vlo\u017eek s krilci, ki nudi najve\u010dje udobje med no\u0161enjem, je izdelan iz me\u0161anice med konopljo in bomba\u017eem, ki zdru\u017euje lastnosti obeh.","breadcrumb":{"@id":"https:\/\/www.iskreni.net\/trgovina\/product\/vlozek-s-krilci-konoplja\/#breadcrumb"},"inLanguage":"sl-SI","potentialAction":[{"@type":"ReadAction","target":["https:\/\/www.iskreni.net\/trgovina\/product\/vlozek-s-krilci-konoplja\/"]}]},{"@type":"ImageObject","inLanguage":"sl-SI","@id":"https:\/\/www.iskreni.net\/trgovina\/product\/vlozek-s-krilci-konoplja\/#primaryimage","url":"https:\/\/www.iskreni.net\/trgovina\/wp-content\/uploads\/2016\/11\/496-konoplja_pralni_vlozek-d3a59be3a74ec89e.jpeg","contentUrl":"https:\/\/www.iskreni.net\/trgovina\/wp-content\/uploads\/2016\/11\/496-konoplja_pralni_vlozek-d3a59be3a74ec89e.jpeg","width":600,"height":440},{"@type":"BreadcrumbList","@id":"https:\/\/www.iskreni.net\/trgovina\/product\/vlozek-s-krilci-konoplja\/#breadcrumb","itemListElement":[{"@type":"ListItem","position":1,"name":"Home","item":"https:\/\/www.iskreni.net\/trgovina\/"},{"@type":"ListItem","position":2,"name":"Trgovina","item":"https:\/\/www.iskreni.net\/trgovina\/trgovina\/"},{"@type":"ListItem","position":3,"name":"Vlo\u017eek s krilci konoplja"}]},{"@type":"WebSite","@id":"https:\/\/www.iskreni.net\/trgovina\/#website","url":"https:\/\/www.iskreni.net\/trgovina\/","name":"Zavod Iskreni","description":"trgovina","potentialAction":[{"@type":"SearchAction","target":{"@type":"EntryPoint","urlTemplate":"https:\/\/www.iskreni.net\/trgovina\/?s={search_term_string}"},"query-input":{"@type":"PropertyValueSpecification","valueRequired":true,"valueName":"search_term_string"}}],"inLanguage":"sl-SI"}]}},"_links":{"self":[{"href":"https:\/\/www.iskreni.net\/trgovina\/wp-json\/wp\/v2\/product\/2121","targetHints":{"allow":["GET"]}}],"collection":[{"href":"https:\/\/www.iskreni.net\/trgovina\/wp-json\/wp\/v2\/product"}],"about":[{"href":"https:\/\/www.iskreni.net\/trgovina\/wp-json\/wp\/v2\/types\/product"}],"replies":[{"embeddable":true,"href":"https:\/\/www.iskreni.net\/trgovina\/wp-json\/wp\/v2\/comments?post=2121"}],"version-history":[{"count":2,"href":"https:\/\/www.iskreni.net\/trgovina\/wp-json\/wp\/v2\/product\/2121\/revisions"}],"predecessor-version":[{"id":64903,"href":"https:\/\/www.iskreni.net\/trgovina\/wp-json\/wp\/v2\/product\/2121\/revisions\/64903"}],"wp:featuredmedia":[{"embeddable":true,"href":"https:\/\/www.iskreni.net\/trgovina\/wp-json\/wp\/v2\/media\/2130"}],"wp:attachment":[{"href":"https:\/\/www.iskreni.net\/trgovina\/wp-json\/wp\/v2\/media?parent=2121"}],"wp:term":[{"taxonomy":"product_brand","embeddable":true,"href":"https:\/\/www.iskreni.net\/trgovina\/wp-json\/wp\/v2\/product_brand?post=2121"},{"taxonomy":"product_cat","embeddable":true,"href":"https:\/\/www.iskreni.net\/trgovina\/wp-json\/wp\/v2\/product_cat?post=2121"},{"taxonomy":"product_tag","embeddable":true,"href":"https:\/\/www.iskreni.net\/trgovina\/wp-json\/wp\/v2\/product_tag?post=2121"},{"taxonomy":"avtor","embeddable":true,"href":"https:\/\/www.iskreni.net\/trgovina\/wp-json\/wp\/v2\/avtor?post=2121"},{"taxonomy":"zalozba","embeddable":true,"href":"https:\/\/www.iskreni.net\/trgovina\/wp-json\/wp\/v2\/zalozba?post=2121"},{"taxonomy":"vezava","embeddable":true,"href":"https:\/\/www.iskreni.net\/trgovina\/wp-json\/wp\/v2\/vezava?post=2121"}],"curies":[{"name":"wp","href":"https:\/\/api.w.org\/{rel}","templated":true}]}}