{"id":1322,"date":"2016-11-07T16:36:55","date_gmt":"2016-11-07T15:36:55","guid":{"rendered":"http:\/\/rojstnidan.si\/?post_type=product&#038;p=1322"},"modified":"2023-10-19T15:20:46","modified_gmt":"2023-10-19T13:20:46","slug":"5-jezikov-ljubezni-otrok","status":"publish","type":"product","link":"https:\/\/www.iskreni.net\/trgovina\/product\/5-jezikov-ljubezni-otrok\/","title":{"rendered":"5 jezikov ljubezni otrok"},"content":{"rendered":"<h4>O knjigi <em>5 jezikov ljubezni otrok<\/em><\/h4>\n<p><strong>Ali znate govoriti \u2013 in tudi govorite \u2013 jezik ljubezni svojega otroka?<\/strong><\/p>\n<p>Avtor uspe\u0161nic 5 jezikov ljubezni in 5 jezikov odpu\u0161\u010danja Gary Chapman in zdravnik Ross Campbell sta posvetila svojo poklicno pot pisanju in govorjenju o ljubezni. Spoznala sta, da ima vsak otrok svoj na\u010din dajanja in prejemanja ljubezni \u2013 \u010de star\u0161i prepoznajo ta jezik, lahko izpolnijo najgloblje potrebe otrok, ki jih ljubijo.<\/p>\n<p><span style=\"color: #2f2f2f;\">Knjiga vam bo predstavila vseh pet jezikov in vam pomagala, da boste dolo\u010dili glavni jezik, v katerem va\u0161 otrok sli\u0161i ljubezen.<\/span><\/p>\n<p><b><span style=\"color: #2f2f2f;\">5 jezikov ljubezni otrok:<\/span><\/b><br \/>\n<span style=\"color: #2f2f2f;\">\u2022 <\/span><span style=\"color: #2f2f2f;\">DOTIK<\/span><br \/>\n<span style=\"color: #2f2f2f;\">\u2022 <\/span><span style=\"color: #2f2f2f;\">BESEDE POTRDITVE<\/span><br \/>\n<span style=\"color: #2f2f2f;\">\u2022 <\/span><span style=\"color: #2f2f2f;\">POSVE\u010cEN \u010cAS<\/span><br \/>\n<span style=\"color: #2f2f2f;\">\u2022 <\/span><span style=\"color: #2f2f2f;\">DARILA<\/span><br \/>\n<span style=\"color: #2f2f2f;\">\u2022 <\/span><span style=\"color: #2f2f2f;\">USLUGE<\/span><\/p>\n<p>&nbsp;<\/p>\n<p><a href=\"https:\/\/www.iskreni.net\/trgovina\/wp-content\/uploads\/2022\/09\/5-jezikov-ljubezni-otrok.pdf\">Prelistajte knjigo<\/a><\/p>\n","protected":false},"excerpt":{"rendered":"<p><strong>Prevod:<\/strong> Ana Pavec<br \/>\n<strong>Zbirka<\/strong>: 5 jezikov<br \/>\n<strong>Leto izdaje:<\/strong> 2013<br \/>\n<strong>\u0160tevilo strani:<\/strong> 206<\/p>\n<p>&nbsp;<\/p>\n<p><strong>Ali znate govoriti \u2013 in tudi govorite \u2013 jezik ljubezni svojega otroka?<\/strong><\/p>\n<p><a href=\"https:\/\/www.iskreni.net\/trgovina\/wp-content\/uploads\/2022\/09\/5-jezikov-ljubezni-otrok.pdf\">Prelistajte knjigo<\/a><\/p>\n","protected":false},"featured_media":1323,"comment_status":"open","ping_status":"closed","template":"","meta":[],"product_brand":[253],"product_cat":[2322,2327,63],"product_tag":[654],"avtor":[2366,2515],"zalozba":[2311],"vezava":[2306],"class_list":{"0":"post-1322","1":"product","2":"type-product","3":"status-publish","4":"has-post-thumbnail","6":"product_brand-druzina","7":"product_cat-druzina-in-odnosi","8":"product_cat-prirocniki-in-vodniki","9":"product_cat-knjige","10":"product_tag-pet-jezikov-ljubezni","11":"avtor-gary-chapman","12":"avtor-ross-campbell","13":"zalozba-druzina","14":"vezava-trda","16":"first","17":"instock","18":"taxable","19":"shipping-taxable","20":"purchasable","21":"product-type-simple"},"yoast_head":"<!-- This site is optimized with the Yoast SEO plugin v26.3 - https:\/\/yoast.com\/wordpress\/plugins\/seo\/ -->\n<title>5 jezikov ljubezni otrok - trgovina Zavod Iskreni<\/title>\n<meta name=\"description\" content=\"5 jezikov ljubezni otrok ponuja mo\u017enosti, kako lahko star\u0161i prepoznajo jezik ljubezni svojih otrok in izpolnijo njihove najgloblje potrebe.\" \/>\n<meta name=\"robots\" content=\"index, follow, max-snippet:-1, max-image-preview:large, max-video-preview:-1\" \/>\n<link rel=\"canonical\" href=\"https:\/\/www.iskreni.net\/trgovina\/product\/5-jezikov-ljubezni-otrok\/\" \/>\n<meta property=\"og:locale\" content=\"sl_SI\" \/>\n<meta property=\"og:type\" content=\"article\" \/>\n<meta property=\"og:title\" content=\"5 jezikov ljubezni otrok - trgovina Zavod Iskreni\" \/>\n<meta property=\"og:description\" content=\"5 jezikov ljubezni otrok ponuja mo\u017enosti, kako lahko star\u0161i prepoznajo jezik ljubezni svojih otrok in izpolnijo njihove najgloblje potrebe.\" \/>\n<meta property=\"og:url\" content=\"https:\/\/www.iskreni.net\/trgovina\/product\/5-jezikov-ljubezni-otrok\/\" \/>\n<meta property=\"og:site_name\" content=\"Zavod Iskreni\" \/>\n<meta property=\"article:modified_time\" content=\"2023-10-19T13:20:46+00:00\" \/>\n<meta property=\"og:image\" content=\"https:\/\/www.iskreni.net\/trgovina\/wp-content\/uploads\/2016\/11\/5-jezikov-ljubezni-otrok-200.jpg\" \/>\n\t<meta property=\"og:image:width\" content=\"200\" \/>\n\t<meta property=\"og:image:height\" content=\"290\" \/>\n\t<meta property=\"og:image:type\" content=\"image\/jpeg\" \/>\n<meta name=\"twitter:card\" content=\"summary_large_image\" \/>\n<meta name=\"twitter:label1\" content=\"Est. reading time\" \/>\n\t<meta name=\"twitter:data1\" content=\"1 minuta\" \/>\n<script type=\"application\/ld+json\" class=\"yoast-schema-graph\">{\"@context\":\"https:\/\/schema.org\",\"@graph\":[{\"@type\":\"WebPage\",\"@id\":\"https:\/\/www.iskreni.net\/trgovina\/product\/5-jezikov-ljubezni-otrok\/\",\"url\":\"https:\/\/www.iskreni.net\/trgovina\/product\/5-jezikov-ljubezni-otrok\/\",\"name\":\"5 jezikov ljubezni otrok - trgovina Zavod Iskreni\",\"isPartOf\":{\"@id\":\"https:\/\/www.iskreni.net\/trgovina\/#website\"},\"primaryImageOfPage\":{\"@id\":\"https:\/\/www.iskreni.net\/trgovina\/product\/5-jezikov-ljubezni-otrok\/#primaryimage\"},\"image\":{\"@id\":\"https:\/\/www.iskreni.net\/trgovina\/product\/5-jezikov-ljubezni-otrok\/#primaryimage\"},\"thumbnailUrl\":\"https:\/\/www.iskreni.net\/trgovina\/wp-content\/uploads\/2016\/11\/5-jezikov-ljubezni-otrok-200.jpg\",\"datePublished\":\"2016-11-07T15:36:55+00:00\",\"dateModified\":\"2023-10-19T13:20:46+00:00\",\"description\":\"5 jezikov ljubezni otrok ponuja mo\u017enosti, kako lahko star\u0161i prepoznajo jezik ljubezni svojih otrok in izpolnijo njihove najgloblje potrebe.\",\"breadcrumb\":{\"@id\":\"https:\/\/www.iskreni.net\/trgovina\/product\/5-jezikov-ljubezni-otrok\/#breadcrumb\"},\"inLanguage\":\"sl-SI\",\"potentialAction\":[{\"@type\":\"ReadAction\",\"target\":[\"https:\/\/www.iskreni.net\/trgovina\/product\/5-jezikov-ljubezni-otrok\/\"]}]},{\"@type\":\"ImageObject\",\"inLanguage\":\"sl-SI\",\"@id\":\"https:\/\/www.iskreni.net\/trgovina\/product\/5-jezikov-ljubezni-otrok\/#primaryimage\",\"url\":\"https:\/\/www.iskreni.net\/trgovina\/wp-content\/uploads\/2016\/11\/5-jezikov-ljubezni-otrok-200.jpg\",\"contentUrl\":\"https:\/\/www.iskreni.net\/trgovina\/wp-content\/uploads\/2016\/11\/5-jezikov-ljubezni-otrok-200.jpg\",\"width\":200,\"height\":290},{\"@type\":\"BreadcrumbList\",\"@id\":\"https:\/\/www.iskreni.net\/trgovina\/product\/5-jezikov-ljubezni-otrok\/#breadcrumb\",\"itemListElement\":[{\"@type\":\"ListItem\",\"position\":1,\"name\":\"Home\",\"item\":\"https:\/\/www.iskreni.net\/trgovina\/\"},{\"@type\":\"ListItem\",\"position\":2,\"name\":\"Trgovina\",\"item\":\"https:\/\/www.iskreni.net\/trgovina\/trgovina\/\"},{\"@type\":\"ListItem\",\"position\":3,\"name\":\"5 jezikov ljubezni otrok\"}]},{\"@type\":\"WebSite\",\"@id\":\"https:\/\/www.iskreni.net\/trgovina\/#website\",\"url\":\"https:\/\/www.iskreni.net\/trgovina\/\",\"name\":\"Zavod Iskreni\",\"description\":\"trgovina\",\"potentialAction\":[{\"@type\":\"SearchAction\",\"target\":{\"@type\":\"EntryPoint\",\"urlTemplate\":\"https:\/\/www.iskreni.net\/trgovina\/?s={search_term_string}\"},\"query-input\":{\"@type\":\"PropertyValueSpecification\",\"valueRequired\":true,\"valueName\":\"search_term_string\"}}],\"inLanguage\":\"sl-SI\"}]}<\/script>\n<!-- \/ Yoast SEO plugin. -->","yoast_head_json":{"title":"5 jezikov ljubezni otrok - trgovina Zavod Iskreni","description":"5 jezikov ljubezni otrok ponuja mo\u017enosti, kako lahko star\u0161i prepoznajo jezik ljubezni svojih otrok in izpolnijo njihove najgloblje potrebe.","robots":{"index":"index","follow":"follow","max-snippet":"max-snippet:-1","max-image-preview":"max-image-preview:large","max-video-preview":"max-video-preview:-1"},"canonical":"https:\/\/www.iskreni.net\/trgovina\/product\/5-jezikov-ljubezni-otrok\/","og_locale":"sl_SI","og_type":"article","og_title":"5 jezikov ljubezni otrok - trgovina Zavod Iskreni","og_description":"5 jezikov ljubezni otrok ponuja mo\u017enosti, kako lahko star\u0161i prepoznajo jezik ljubezni svojih otrok in izpolnijo njihove najgloblje potrebe.","og_url":"https:\/\/www.iskreni.net\/trgovina\/product\/5-jezikov-ljubezni-otrok\/","og_site_name":"Zavod Iskreni","article_modified_time":"2023-10-19T13:20:46+00:00","og_image":[{"width":200,"height":290,"url":"https:\/\/www.iskreni.net\/trgovina\/wp-content\/uploads\/2016\/11\/5-jezikov-ljubezni-otrok-200.jpg","type":"image\/jpeg"}],"twitter_card":"summary_large_image","twitter_misc":{"Est. reading time":"1 minuta"},"schema":{"@context":"https:\/\/schema.org","@graph":[{"@type":"WebPage","@id":"https:\/\/www.iskreni.net\/trgovina\/product\/5-jezikov-ljubezni-otrok\/","url":"https:\/\/www.iskreni.net\/trgovina\/product\/5-jezikov-ljubezni-otrok\/","name":"5 jezikov ljubezni otrok - trgovina Zavod Iskreni","isPartOf":{"@id":"https:\/\/www.iskreni.net\/trgovina\/#website"},"primaryImageOfPage":{"@id":"https:\/\/www.iskreni.net\/trgovina\/product\/5-jezikov-ljubezni-otrok\/#primaryimage"},"image":{"@id":"https:\/\/www.iskreni.net\/trgovina\/product\/5-jezikov-ljubezni-otrok\/#primaryimage"},"thumbnailUrl":"https:\/\/www.iskreni.net\/trgovina\/wp-content\/uploads\/2016\/11\/5-jezikov-ljubezni-otrok-200.jpg","datePublished":"2016-11-07T15:36:55+00:00","dateModified":"2023-10-19T13:20:46+00:00","description":"5 jezikov ljubezni otrok ponuja mo\u017enosti, kako lahko star\u0161i prepoznajo jezik ljubezni svojih otrok in izpolnijo njihove najgloblje potrebe.","breadcrumb":{"@id":"https:\/\/www.iskreni.net\/trgovina\/product\/5-jezikov-ljubezni-otrok\/#breadcrumb"},"inLanguage":"sl-SI","potentialAction":[{"@type":"ReadAction","target":["https:\/\/www.iskreni.net\/trgovina\/product\/5-jezikov-ljubezni-otrok\/"]}]},{"@type":"ImageObject","inLanguage":"sl-SI","@id":"https:\/\/www.iskreni.net\/trgovina\/product\/5-jezikov-ljubezni-otrok\/#primaryimage","url":"https:\/\/www.iskreni.net\/trgovina\/wp-content\/uploads\/2016\/11\/5-jezikov-ljubezni-otrok-200.jpg","contentUrl":"https:\/\/www.iskreni.net\/trgovina\/wp-content\/uploads\/2016\/11\/5-jezikov-ljubezni-otrok-200.jpg","width":200,"height":290},{"@type":"BreadcrumbList","@id":"https:\/\/www.iskreni.net\/trgovina\/product\/5-jezikov-ljubezni-otrok\/#breadcrumb","itemListElement":[{"@type":"ListItem","position":1,"name":"Home","item":"https:\/\/www.iskreni.net\/trgovina\/"},{"@type":"ListItem","position":2,"name":"Trgovina","item":"https:\/\/www.iskreni.net\/trgovina\/trgovina\/"},{"@type":"ListItem","position":3,"name":"5 jezikov ljubezni otrok"}]},{"@type":"WebSite","@id":"https:\/\/www.iskreni.net\/trgovina\/#website","url":"https:\/\/www.iskreni.net\/trgovina\/","name":"Zavod Iskreni","description":"trgovina","potentialAction":[{"@type":"SearchAction","target":{"@type":"EntryPoint","urlTemplate":"https:\/\/www.iskreni.net\/trgovina\/?s={search_term_string}"},"query-input":{"@type":"PropertyValueSpecification","valueRequired":true,"valueName":"search_term_string"}}],"inLanguage":"sl-SI"}]}},"_links":{"self":[{"href":"https:\/\/www.iskreni.net\/trgovina\/wp-json\/wp\/v2\/product\/1322","targetHints":{"allow":["GET"]}}],"collection":[{"href":"https:\/\/www.iskreni.net\/trgovina\/wp-json\/wp\/v2\/product"}],"about":[{"href":"https:\/\/www.iskreni.net\/trgovina\/wp-json\/wp\/v2\/types\/product"}],"replies":[{"embeddable":true,"href":"https:\/\/www.iskreni.net\/trgovina\/wp-json\/wp\/v2\/comments?post=1322"}],"version-history":[{"count":5,"href":"https:\/\/www.iskreni.net\/trgovina\/wp-json\/wp\/v2\/product\/1322\/revisions"}],"predecessor-version":[{"id":58970,"href":"https:\/\/www.iskreni.net\/trgovina\/wp-json\/wp\/v2\/product\/1322\/revisions\/58970"}],"wp:featuredmedia":[{"embeddable":true,"href":"https:\/\/www.iskreni.net\/trgovina\/wp-json\/wp\/v2\/media\/1323"}],"wp:attachment":[{"href":"https:\/\/www.iskreni.net\/trgovina\/wp-json\/wp\/v2\/media?parent=1322"}],"wp:term":[{"taxonomy":"product_brand","embeddable":true,"href":"https:\/\/www.iskreni.net\/trgovina\/wp-json\/wp\/v2\/product_brand?post=1322"},{"taxonomy":"product_cat","embeddable":true,"href":"https:\/\/www.iskreni.net\/trgovina\/wp-json\/wp\/v2\/product_cat?post=1322"},{"taxonomy":"product_tag","embeddable":true,"href":"https:\/\/www.iskreni.net\/trgovina\/wp-json\/wp\/v2\/product_tag?post=1322"},{"taxonomy":"avtor","embeddable":true,"href":"https:\/\/www.iskreni.net\/trgovina\/wp-json\/wp\/v2\/avtor?post=1322"},{"taxonomy":"zalozba","embeddable":true,"href":"https:\/\/www.iskreni.net\/trgovina\/wp-json\/wp\/v2\/zalozba?post=1322"},{"taxonomy":"vezava","embeddable":true,"href":"https:\/\/www.iskreni.net\/trgovina\/wp-json\/wp\/v2\/vezava?post=1322"}],"curies":[{"name":"wp","href":"https:\/\/api.w.org\/{rel}","templated":true}]}}