{"id":1292,"date":"2016-11-04T16:46:13","date_gmt":"2016-11-04T15:46:13","guid":{"rendered":"http:\/\/rojstnidan.si\/?post_type=product&#038;p=1292"},"modified":"2025-05-27T09:40:41","modified_gmt":"2025-05-27T07:40:41","slug":"novo-upanje-po-splavu","status":"publish","type":"product","link":"https:\/\/www.iskreni.net\/trgovina\/product\/novo-upanje-po-splavu\/","title":{"rendered":"Novo upanje po splavu"},"content":{"rendered":"<h4>O knjigi <em>Novo upanje po splavu<\/em><\/h4>\n<p>Novo upanje po splavu je ena izmed prvih knjig v Sloveniji, ki se tabu teme umetnega splava loteva na so\u010duten in iskren na\u010din in jo sku\u0161a prenesti v dru\u017ebeni dialog.<\/p>\n<p>Mati lahko v nose\u010dnosti do\u017eivi veliko stisko, zaradi katere se odlo\u010di, da bo umetno prekinila svojo nose\u010dnost. Odlo\u010ditev za splav je ena najbolj zahtevnih in tragi\u010dnih odlo\u010ditev, zato s seboj prina\u0161a \u017ealost, stres, ob\u010dutke krivde in nevrednosti, depresijo. V knjigi strokovnjaki z razli\u010dnih podro\u010dij osvetljujejo okoli\u0161\u010dine splava in ka\u017eejo pot upanja. Osebne zgodbe star\u0161ev, ki so se v preteklosti odlo\u010dili za splav, pa pri\u010dajo o resni\u010dni te\u017ei te odlo\u010ditve. Knjiga je pripravljena v sodelovanju z Zavodom \u017div!m.<\/p>\n<p><a href=\"https:\/\/www.iskreni.net\/trgovina\/wp-content\/uploads\/2022\/09\/novo-upanje-po-splavu.pdf\">Pogled v knjigo<\/a><\/p>\n","protected":false},"excerpt":{"rendered":"<p><strong>Avtorji:<\/strong> Jani Jeri\u010dek, Marjan Turn\u0161ek, Tadej Strehovec, Polonca Sokol, Jo\u017eef Magdi\u010d, Tina \u010cerin, Ana Magister, Marko Nzobandora, Katarina Nzobandora<br \/>\n<strong>Spremna beseda:<\/strong> Katarina Nzobandora<br \/>\n<strong>Leto izdaje:<\/strong> 2015<br \/>\n<strong>\u0160tevilo strani:<\/strong> 148<\/p>\n<p><a href=\"https:\/\/www.iskreni.net\/trgovina\/wp-content\/uploads\/2022\/09\/novo-upanje-po-splavu.pdf\">Pogled v knjigo<\/a><\/p>\n<p>&nbsp;<\/p>\n<p><strong>Mnenja strokovnjakov in osebne zgodbe star\u0161ev po umetni prekinitvi nose\u010dnosti<\/strong><\/p>\n<p>&nbsp;<\/p>\n<p>&nbsp;<\/p>\n","protected":false},"featured_media":1293,"comment_status":"open","ping_status":"closed","template":"","meta":[],"product_brand":[253],"product_cat":[2322,2324,63],"product_tag":[1061,809,1765],"avtor":[2577],"zalozba":[2311],"vezava":[2307],"class_list":{"0":"post-1292","1":"product","2":"type-product","3":"status-publish","4":"has-post-thumbnail","6":"product_brand-druzina","7":"product_cat-druzina-in-odnosi","8":"product_cat-duhovnost-in-osebna-rast","9":"product_cat-knjige","10":"product_tag-duhovna-rast","11":"product_tag-splav","12":"product_tag-vera","13":"avtor-vec-avtorjev","14":"zalozba-druzina","15":"vezava-mehka","17":"first","18":"outofstock","19":"taxable","20":"shipping-taxable","21":"purchasable","22":"product-type-simple"},"yoast_head":"<!-- This site is optimized with the Yoast SEO plugin v26.3 - https:\/\/yoast.com\/wordpress\/plugins\/seo\/ -->\n<title>Novo upanje po splavu - Zavod Iskreni<\/title>\n<meta name=\"description\" content=\"Novo upanje po splavu prina\u0161a prispevke 5 strokovnjakov, ki osvetljujejo okoli\u0161\u010dine splava, ter osebne zgodbe star\u0161ev z izku\u0161njo splava.\" \/>\n<meta name=\"robots\" content=\"index, follow, max-snippet:-1, max-image-preview:large, max-video-preview:-1\" \/>\n<link rel=\"canonical\" href=\"https:\/\/www.iskreni.net\/trgovina\/product\/novo-upanje-po-splavu\/\" \/>\n<meta property=\"og:locale\" content=\"sl_SI\" \/>\n<meta property=\"og:type\" content=\"article\" \/>\n<meta property=\"og:title\" content=\"Novo upanje po splavu - Zavod Iskreni\" \/>\n<meta property=\"og:description\" content=\"Novo upanje po splavu prina\u0161a prispevke 5 strokovnjakov, ki osvetljujejo okoli\u0161\u010dine splava, ter osebne zgodbe star\u0161ev z izku\u0161njo splava.\" \/>\n<meta property=\"og:url\" content=\"https:\/\/www.iskreni.net\/trgovina\/product\/novo-upanje-po-splavu\/\" \/>\n<meta property=\"og:site_name\" content=\"Zavod Iskreni\" \/>\n<meta property=\"article:modified_time\" content=\"2025-05-27T07:40:41+00:00\" \/>\n<meta property=\"og:image\" content=\"https:\/\/www.iskreni.net\/trgovina\/wp-content\/uploads\/2016\/11\/novo-upanje-204.jpg\" \/>\n\t<meta property=\"og:image:width\" content=\"204\" \/>\n\t<meta property=\"og:image:height\" content=\"299\" \/>\n\t<meta property=\"og:image:type\" content=\"image\/jpeg\" \/>\n<meta name=\"twitter:card\" content=\"summary_large_image\" \/>\n<meta name=\"twitter:label1\" content=\"Est. reading time\" \/>\n\t<meta name=\"twitter:data1\" content=\"1 minuta\" \/>\n<script type=\"application\/ld+json\" class=\"yoast-schema-graph\">{\"@context\":\"https:\/\/schema.org\",\"@graph\":[{\"@type\":\"WebPage\",\"@id\":\"https:\/\/www.iskreni.net\/trgovina\/product\/novo-upanje-po-splavu\/\",\"url\":\"https:\/\/www.iskreni.net\/trgovina\/product\/novo-upanje-po-splavu\/\",\"name\":\"Novo upanje po splavu - Zavod Iskreni\",\"isPartOf\":{\"@id\":\"https:\/\/www.iskreni.net\/trgovina\/#website\"},\"primaryImageOfPage\":{\"@id\":\"https:\/\/www.iskreni.net\/trgovina\/product\/novo-upanje-po-splavu\/#primaryimage\"},\"image\":{\"@id\":\"https:\/\/www.iskreni.net\/trgovina\/product\/novo-upanje-po-splavu\/#primaryimage\"},\"thumbnailUrl\":\"https:\/\/www.iskreni.net\/trgovina\/wp-content\/uploads\/2016\/11\/novo-upanje-204.jpg\",\"datePublished\":\"2016-11-04T15:46:13+00:00\",\"dateModified\":\"2025-05-27T07:40:41+00:00\",\"description\":\"Novo upanje po splavu prina\u0161a prispevke 5 strokovnjakov, ki osvetljujejo okoli\u0161\u010dine splava, ter osebne zgodbe star\u0161ev z izku\u0161njo splava.\",\"breadcrumb\":{\"@id\":\"https:\/\/www.iskreni.net\/trgovina\/product\/novo-upanje-po-splavu\/#breadcrumb\"},\"inLanguage\":\"sl-SI\",\"potentialAction\":[{\"@type\":\"ReadAction\",\"target\":[\"https:\/\/www.iskreni.net\/trgovina\/product\/novo-upanje-po-splavu\/\"]}]},{\"@type\":\"ImageObject\",\"inLanguage\":\"sl-SI\",\"@id\":\"https:\/\/www.iskreni.net\/trgovina\/product\/novo-upanje-po-splavu\/#primaryimage\",\"url\":\"https:\/\/www.iskreni.net\/trgovina\/wp-content\/uploads\/2016\/11\/novo-upanje-204.jpg\",\"contentUrl\":\"https:\/\/www.iskreni.net\/trgovina\/wp-content\/uploads\/2016\/11\/novo-upanje-204.jpg\",\"width\":204,\"height\":299},{\"@type\":\"BreadcrumbList\",\"@id\":\"https:\/\/www.iskreni.net\/trgovina\/product\/novo-upanje-po-splavu\/#breadcrumb\",\"itemListElement\":[{\"@type\":\"ListItem\",\"position\":1,\"name\":\"Home\",\"item\":\"https:\/\/www.iskreni.net\/trgovina\/\"},{\"@type\":\"ListItem\",\"position\":2,\"name\":\"Trgovina\",\"item\":\"https:\/\/www.iskreni.net\/trgovina\/trgovina\/\"},{\"@type\":\"ListItem\",\"position\":3,\"name\":\"Novo upanje po splavu\"}]},{\"@type\":\"WebSite\",\"@id\":\"https:\/\/www.iskreni.net\/trgovina\/#website\",\"url\":\"https:\/\/www.iskreni.net\/trgovina\/\",\"name\":\"Zavod Iskreni\",\"description\":\"trgovina\",\"potentialAction\":[{\"@type\":\"SearchAction\",\"target\":{\"@type\":\"EntryPoint\",\"urlTemplate\":\"https:\/\/www.iskreni.net\/trgovina\/?s={search_term_string}\"},\"query-input\":{\"@type\":\"PropertyValueSpecification\",\"valueRequired\":true,\"valueName\":\"search_term_string\"}}],\"inLanguage\":\"sl-SI\"}]}<\/script>\n<!-- \/ Yoast SEO plugin. -->","yoast_head_json":{"title":"Novo upanje po splavu - Zavod Iskreni","description":"Novo upanje po splavu prina\u0161a prispevke 5 strokovnjakov, ki osvetljujejo okoli\u0161\u010dine splava, ter osebne zgodbe star\u0161ev z izku\u0161njo splava.","robots":{"index":"index","follow":"follow","max-snippet":"max-snippet:-1","max-image-preview":"max-image-preview:large","max-video-preview":"max-video-preview:-1"},"canonical":"https:\/\/www.iskreni.net\/trgovina\/product\/novo-upanje-po-splavu\/","og_locale":"sl_SI","og_type":"article","og_title":"Novo upanje po splavu - Zavod Iskreni","og_description":"Novo upanje po splavu prina\u0161a prispevke 5 strokovnjakov, ki osvetljujejo okoli\u0161\u010dine splava, ter osebne zgodbe star\u0161ev z izku\u0161njo splava.","og_url":"https:\/\/www.iskreni.net\/trgovina\/product\/novo-upanje-po-splavu\/","og_site_name":"Zavod Iskreni","article_modified_time":"2025-05-27T07:40:41+00:00","og_image":[{"width":204,"height":299,"url":"https:\/\/www.iskreni.net\/trgovina\/wp-content\/uploads\/2016\/11\/novo-upanje-204.jpg","type":"image\/jpeg"}],"twitter_card":"summary_large_image","twitter_misc":{"Est. reading time":"1 minuta"},"schema":{"@context":"https:\/\/schema.org","@graph":[{"@type":"WebPage","@id":"https:\/\/www.iskreni.net\/trgovina\/product\/novo-upanje-po-splavu\/","url":"https:\/\/www.iskreni.net\/trgovina\/product\/novo-upanje-po-splavu\/","name":"Novo upanje po splavu - Zavod Iskreni","isPartOf":{"@id":"https:\/\/www.iskreni.net\/trgovina\/#website"},"primaryImageOfPage":{"@id":"https:\/\/www.iskreni.net\/trgovina\/product\/novo-upanje-po-splavu\/#primaryimage"},"image":{"@id":"https:\/\/www.iskreni.net\/trgovina\/product\/novo-upanje-po-splavu\/#primaryimage"},"thumbnailUrl":"https:\/\/www.iskreni.net\/trgovina\/wp-content\/uploads\/2016\/11\/novo-upanje-204.jpg","datePublished":"2016-11-04T15:46:13+00:00","dateModified":"2025-05-27T07:40:41+00:00","description":"Novo upanje po splavu prina\u0161a prispevke 5 strokovnjakov, ki osvetljujejo okoli\u0161\u010dine splava, ter osebne zgodbe star\u0161ev z izku\u0161njo splava.","breadcrumb":{"@id":"https:\/\/www.iskreni.net\/trgovina\/product\/novo-upanje-po-splavu\/#breadcrumb"},"inLanguage":"sl-SI","potentialAction":[{"@type":"ReadAction","target":["https:\/\/www.iskreni.net\/trgovina\/product\/novo-upanje-po-splavu\/"]}]},{"@type":"ImageObject","inLanguage":"sl-SI","@id":"https:\/\/www.iskreni.net\/trgovina\/product\/novo-upanje-po-splavu\/#primaryimage","url":"https:\/\/www.iskreni.net\/trgovina\/wp-content\/uploads\/2016\/11\/novo-upanje-204.jpg","contentUrl":"https:\/\/www.iskreni.net\/trgovina\/wp-content\/uploads\/2016\/11\/novo-upanje-204.jpg","width":204,"height":299},{"@type":"BreadcrumbList","@id":"https:\/\/www.iskreni.net\/trgovina\/product\/novo-upanje-po-splavu\/#breadcrumb","itemListElement":[{"@type":"ListItem","position":1,"name":"Home","item":"https:\/\/www.iskreni.net\/trgovina\/"},{"@type":"ListItem","position":2,"name":"Trgovina","item":"https:\/\/www.iskreni.net\/trgovina\/trgovina\/"},{"@type":"ListItem","position":3,"name":"Novo upanje po splavu"}]},{"@type":"WebSite","@id":"https:\/\/www.iskreni.net\/trgovina\/#website","url":"https:\/\/www.iskreni.net\/trgovina\/","name":"Zavod Iskreni","description":"trgovina","potentialAction":[{"@type":"SearchAction","target":{"@type":"EntryPoint","urlTemplate":"https:\/\/www.iskreni.net\/trgovina\/?s={search_term_string}"},"query-input":{"@type":"PropertyValueSpecification","valueRequired":true,"valueName":"search_term_string"}}],"inLanguage":"sl-SI"}]}},"_links":{"self":[{"href":"https:\/\/www.iskreni.net\/trgovina\/wp-json\/wp\/v2\/product\/1292","targetHints":{"allow":["GET"]}}],"collection":[{"href":"https:\/\/www.iskreni.net\/trgovina\/wp-json\/wp\/v2\/product"}],"about":[{"href":"https:\/\/www.iskreni.net\/trgovina\/wp-json\/wp\/v2\/types\/product"}],"replies":[{"embeddable":true,"href":"https:\/\/www.iskreni.net\/trgovina\/wp-json\/wp\/v2\/comments?post=1292"}],"version-history":[{"count":3,"href":"https:\/\/www.iskreni.net\/trgovina\/wp-json\/wp\/v2\/product\/1292\/revisions"}],"predecessor-version":[{"id":58986,"href":"https:\/\/www.iskreni.net\/trgovina\/wp-json\/wp\/v2\/product\/1292\/revisions\/58986"}],"wp:featuredmedia":[{"embeddable":true,"href":"https:\/\/www.iskreni.net\/trgovina\/wp-json\/wp\/v2\/media\/1293"}],"wp:attachment":[{"href":"https:\/\/www.iskreni.net\/trgovina\/wp-json\/wp\/v2\/media?parent=1292"}],"wp:term":[{"taxonomy":"product_brand","embeddable":true,"href":"https:\/\/www.iskreni.net\/trgovina\/wp-json\/wp\/v2\/product_brand?post=1292"},{"taxonomy":"product_cat","embeddable":true,"href":"https:\/\/www.iskreni.net\/trgovina\/wp-json\/wp\/v2\/product_cat?post=1292"},{"taxonomy":"product_tag","embeddable":true,"href":"https:\/\/www.iskreni.net\/trgovina\/wp-json\/wp\/v2\/product_tag?post=1292"},{"taxonomy":"avtor","embeddable":true,"href":"https:\/\/www.iskreni.net\/trgovina\/wp-json\/wp\/v2\/avtor?post=1292"},{"taxonomy":"zalozba","embeddable":true,"href":"https:\/\/www.iskreni.net\/trgovina\/wp-json\/wp\/v2\/zalozba?post=1292"},{"taxonomy":"vezava","embeddable":true,"href":"https:\/\/www.iskreni.net\/trgovina\/wp-json\/wp\/v2\/vezava?post=1292"}],"curies":[{"name":"wp","href":"https:\/\/api.w.org\/{rel}","templated":true}]}}