{"id":1270,"date":"2016-11-04T15:25:09","date_gmt":"2016-11-04T14:25:09","guid":{"rendered":"http:\/\/rojstnidan.si\/?post_type=product&#038;p=1270"},"modified":"2026-01-21T10:47:37","modified_gmt":"2026-01-21T09:47:37","slug":"svobodni","status":"publish","type":"product","link":"https:\/\/www.iskreni.net\/trgovina\/product\/svobodni\/","title":{"rendered":"Svobodni; kako je TT spremenila moje \u017eivljenje"},"content":{"rendered":"<h4>O knjigi Svobodni:<\/h4>\n<p>KDO SEM JAZ?<br \/>\nKAKO NAJ NAJDEM RESNI\u010cNO SRE\u010cO IN IZPOLNITEV?<\/p>\n<p>V knjigi Svobodni boste spoznali ljudi, ki so preko teologije telesa Janeza Pavla II. odkrili smisel svojega obstoja. Vsi so spoznali, da je sporo\u010dilo teologije telesa klju\u010d do razumevanja smisla \u017eivljenja. Na\u0161li so to, kar so iskali \u2013 pravo pot do ljubezni in svobode.\u00a0Kjer koli na svoji poti \u017ee ste, lahko v \u017eivljenjih dvanajstih oseb, ki so nam v tej knjigi velikodu\u0161no odkrile svoje potovanje, najdete navdih in tola\u017ebo. Naj vam pomagajo, da postanete SVOBODNI.<\/p>\n<p>Med prebiranjem dvanajstih zgodb boste:<\/p>\n<p>&#8211; Videli, kako s pomo\u010djo teologije telesa lahko vidimo svet bolj jasno in razlo\u010dno<br \/>\n&#8211; Spoznali, kako ta nauk pripomore k celjenju \u010dustvenih ran iz preteklosti<br \/>\n&#8211; Spoznali na prvi pogled nenavadno povezavo med spolnostjo in posve\u010denim \u017eivljenjem<br \/>\n&#8211; Uvideli, zakaj vztrajanje pri grehu vodi v \u017ealost<br \/>\n&#8211; Razumeli, zakaj je &#8216;ljubezen&#8217; najve\u010dja izmed vrednot<br \/>\n&#8211; Se \u010dudili nad tem, kako lahko Bog pozdravi \u017eivljenja povsem obi\u010dajnih ljudi<br \/>\n&#8211; Videli, da lahko z bo\u017ejo milostjo premagamo vse izzive v \u017eivljenju<\/p>\n<p>Mogo\u010de se spra\u0161ujete, \u010de zares obstaja ljubezen, ki odgovarja na hrepenenje va\u0161ega srca. Mogo\u010de se spra\u0161ujete, \u010de sta vsa bole\u010dina in trpljenje, ki nam ju prinese \u017eivljenje, nekaj normalnega, in \u010de je najve\u010d, na kar lahko upate, da se nau\u010dite shajati z grehom in pohabljenostjo. Mogo\u010de ste \u017ee naredili tisto, kar se vam je zdelo \u00bbprav in pobo\u017eno\u00ab, na koncu pa ste bili \u0161e bolj potrti in zvezanih rok. Ali pa ste se veri v celoti uprli, svet pa vas tudi ni mogel izpolniti. Nekateri med vami se mogo\u010de borite s tem, kaj je va\u0161a poklicanost, drugi se morda borite s tisto, ki ste jo \u017ee izbrali.<\/p>\n<p>&nbsp;<\/p>\n<p><a href=\"https:\/\/www.iskreni.net\/trgovina\/wp-content\/uploads\/2022\/09\/svobodni.pdf\">Pogled v knjigo<\/a><\/p>\n","protected":false},"excerpt":{"rendered":"<p><strong>Prevajalec:<\/strong> Ana Vogrin\u010di\u010d<br \/>\n<strong>Leto izdaje:<\/strong> 2014<br \/>\n<strong>\u0160tevilo strani<\/strong>: 168<\/p>\n<h4>Kako je teologija telesa spremenila moje \u017eivljenje<\/h4>\n<p><a href=\"https:\/\/www.iskreni.net\/trgovina\/wp-content\/uploads\/2022\/09\/svobodni.pdf\">Pogled v knjigo<\/a><\/p>\n","protected":false},"featured_media":1271,"comment_status":"open","ping_status":"closed","template":"","meta":[],"product_brand":[253],"product_cat":[2322,2324,63],"product_tag":[1814,1061,1459,1799],"avtor":[2342,2508],"zalozba":[2311],"vezava":[2307],"class_list":{"0":"post-1270","1":"product","2":"type-product","3":"status-publish","4":"has-post-thumbnail","6":"product_brand-druzina","7":"product_cat-druzina-in-odnosi","8":"product_cat-duhovnost-in-osebna-rast","9":"product_cat-knjige","10":"product_tag-cistost","11":"product_tag-duhovna-rast","12":"product_tag-spolnost","13":"product_tag-teologija-telesa","14":"avtor-christopher-west","15":"avtor-matthew-pinto","16":"zalozba-druzina","17":"vezava-mehka","19":"first","20":"outofstock","21":"taxable","22":"shipping-taxable","23":"purchasable","24":"product-type-simple"},"yoast_head":"<!-- This site is optimized with the Yoast SEO plugin v26.3 - https:\/\/yoast.com\/wordpress\/plugins\/seo\/ -->\n<title>Svobodni - trgovina Zavod Iskreni<\/title>\n<meta name=\"description\" content=\"V knjigi Svobodni boste spoznali ljudi, ki so preko teologije telesa Janeza Pavla II. odkrili smisel svojega obstoja.\" \/>\n<meta name=\"robots\" content=\"index, follow, max-snippet:-1, max-image-preview:large, max-video-preview:-1\" \/>\n<link rel=\"canonical\" href=\"https:\/\/www.iskreni.net\/trgovina\/product\/svobodni\/\" \/>\n<meta property=\"og:locale\" content=\"sl_SI\" \/>\n<meta property=\"og:type\" content=\"article\" \/>\n<meta property=\"og:title\" content=\"Svobodni - trgovina Zavod Iskreni\" \/>\n<meta property=\"og:description\" content=\"V knjigi Svobodni boste spoznali ljudi, ki so preko teologije telesa Janeza Pavla II. odkrili smisel svojega obstoja.\" \/>\n<meta property=\"og:url\" content=\"https:\/\/www.iskreni.net\/trgovina\/product\/svobodni\/\" \/>\n<meta property=\"og:site_name\" content=\"Zavod Iskreni\" \/>\n<meta property=\"article:modified_time\" content=\"2026-01-21T09:47:37+00:00\" \/>\n<meta property=\"og:image\" content=\"https:\/\/www.iskreni.net\/trgovina\/wp-content\/uploads\/2016\/11\/naslovnica-204-svobodni.jpg\" \/>\n\t<meta property=\"og:image:width\" content=\"204\" \/>\n\t<meta property=\"og:image:height\" content=\"312\" \/>\n\t<meta property=\"og:image:type\" content=\"image\/jpeg\" \/>\n<meta name=\"twitter:card\" content=\"summary_large_image\" \/>\n<meta name=\"twitter:label1\" content=\"Est. reading time\" \/>\n\t<meta name=\"twitter:data1\" content=\"2 minuti\" \/>\n<script type=\"application\/ld+json\" class=\"yoast-schema-graph\">{\"@context\":\"https:\/\/schema.org\",\"@graph\":[{\"@type\":\"WebPage\",\"@id\":\"https:\/\/www.iskreni.net\/trgovina\/product\/svobodni\/\",\"url\":\"https:\/\/www.iskreni.net\/trgovina\/product\/svobodni\/\",\"name\":\"Svobodni - trgovina Zavod Iskreni\",\"isPartOf\":{\"@id\":\"https:\/\/www.iskreni.net\/trgovina\/#website\"},\"primaryImageOfPage\":{\"@id\":\"https:\/\/www.iskreni.net\/trgovina\/product\/svobodni\/#primaryimage\"},\"image\":{\"@id\":\"https:\/\/www.iskreni.net\/trgovina\/product\/svobodni\/#primaryimage\"},\"thumbnailUrl\":\"https:\/\/www.iskreni.net\/trgovina\/wp-content\/uploads\/2016\/11\/naslovnica-204-svobodni.jpg\",\"datePublished\":\"2016-11-04T14:25:09+00:00\",\"dateModified\":\"2026-01-21T09:47:37+00:00\",\"description\":\"V knjigi Svobodni boste spoznali ljudi, ki so preko teologije telesa Janeza Pavla II. odkrili smisel svojega obstoja.\",\"breadcrumb\":{\"@id\":\"https:\/\/www.iskreni.net\/trgovina\/product\/svobodni\/#breadcrumb\"},\"inLanguage\":\"sl-SI\",\"potentialAction\":[{\"@type\":\"ReadAction\",\"target\":[\"https:\/\/www.iskreni.net\/trgovina\/product\/svobodni\/\"]}]},{\"@type\":\"ImageObject\",\"inLanguage\":\"sl-SI\",\"@id\":\"https:\/\/www.iskreni.net\/trgovina\/product\/svobodni\/#primaryimage\",\"url\":\"https:\/\/www.iskreni.net\/trgovina\/wp-content\/uploads\/2016\/11\/naslovnica-204-svobodni.jpg\",\"contentUrl\":\"https:\/\/www.iskreni.net\/trgovina\/wp-content\/uploads\/2016\/11\/naslovnica-204-svobodni.jpg\",\"width\":204,\"height\":312},{\"@type\":\"BreadcrumbList\",\"@id\":\"https:\/\/www.iskreni.net\/trgovina\/product\/svobodni\/#breadcrumb\",\"itemListElement\":[{\"@type\":\"ListItem\",\"position\":1,\"name\":\"Home\",\"item\":\"https:\/\/www.iskreni.net\/trgovina\/\"},{\"@type\":\"ListItem\",\"position\":2,\"name\":\"Trgovina\",\"item\":\"https:\/\/www.iskreni.net\/trgovina\/trgovina\/\"},{\"@type\":\"ListItem\",\"position\":3,\"name\":\"Svobodni; kako je TT spremenila moje \u017eivljenje\"}]},{\"@type\":\"WebSite\",\"@id\":\"https:\/\/www.iskreni.net\/trgovina\/#website\",\"url\":\"https:\/\/www.iskreni.net\/trgovina\/\",\"name\":\"Zavod Iskreni\",\"description\":\"trgovina\",\"potentialAction\":[{\"@type\":\"SearchAction\",\"target\":{\"@type\":\"EntryPoint\",\"urlTemplate\":\"https:\/\/www.iskreni.net\/trgovina\/?s={search_term_string}\"},\"query-input\":{\"@type\":\"PropertyValueSpecification\",\"valueRequired\":true,\"valueName\":\"search_term_string\"}}],\"inLanguage\":\"sl-SI\"}]}<\/script>\n<!-- \/ Yoast SEO plugin. -->","yoast_head_json":{"title":"Svobodni - trgovina Zavod Iskreni","description":"V knjigi Svobodni boste spoznali ljudi, ki so preko teologije telesa Janeza Pavla II. odkrili smisel svojega obstoja.","robots":{"index":"index","follow":"follow","max-snippet":"max-snippet:-1","max-image-preview":"max-image-preview:large","max-video-preview":"max-video-preview:-1"},"canonical":"https:\/\/www.iskreni.net\/trgovina\/product\/svobodni\/","og_locale":"sl_SI","og_type":"article","og_title":"Svobodni - trgovina Zavod Iskreni","og_description":"V knjigi Svobodni boste spoznali ljudi, ki so preko teologije telesa Janeza Pavla II. odkrili smisel svojega obstoja.","og_url":"https:\/\/www.iskreni.net\/trgovina\/product\/svobodni\/","og_site_name":"Zavod Iskreni","article_modified_time":"2026-01-21T09:47:37+00:00","og_image":[{"width":204,"height":312,"url":"https:\/\/www.iskreni.net\/trgovina\/wp-content\/uploads\/2016\/11\/naslovnica-204-svobodni.jpg","type":"image\/jpeg"}],"twitter_card":"summary_large_image","twitter_misc":{"Est. reading time":"2 minuti"},"schema":{"@context":"https:\/\/schema.org","@graph":[{"@type":"WebPage","@id":"https:\/\/www.iskreni.net\/trgovina\/product\/svobodni\/","url":"https:\/\/www.iskreni.net\/trgovina\/product\/svobodni\/","name":"Svobodni - trgovina Zavod Iskreni","isPartOf":{"@id":"https:\/\/www.iskreni.net\/trgovina\/#website"},"primaryImageOfPage":{"@id":"https:\/\/www.iskreni.net\/trgovina\/product\/svobodni\/#primaryimage"},"image":{"@id":"https:\/\/www.iskreni.net\/trgovina\/product\/svobodni\/#primaryimage"},"thumbnailUrl":"https:\/\/www.iskreni.net\/trgovina\/wp-content\/uploads\/2016\/11\/naslovnica-204-svobodni.jpg","datePublished":"2016-11-04T14:25:09+00:00","dateModified":"2026-01-21T09:47:37+00:00","description":"V knjigi Svobodni boste spoznali ljudi, ki so preko teologije telesa Janeza Pavla II. odkrili smisel svojega obstoja.","breadcrumb":{"@id":"https:\/\/www.iskreni.net\/trgovina\/product\/svobodni\/#breadcrumb"},"inLanguage":"sl-SI","potentialAction":[{"@type":"ReadAction","target":["https:\/\/www.iskreni.net\/trgovina\/product\/svobodni\/"]}]},{"@type":"ImageObject","inLanguage":"sl-SI","@id":"https:\/\/www.iskreni.net\/trgovina\/product\/svobodni\/#primaryimage","url":"https:\/\/www.iskreni.net\/trgovina\/wp-content\/uploads\/2016\/11\/naslovnica-204-svobodni.jpg","contentUrl":"https:\/\/www.iskreni.net\/trgovina\/wp-content\/uploads\/2016\/11\/naslovnica-204-svobodni.jpg","width":204,"height":312},{"@type":"BreadcrumbList","@id":"https:\/\/www.iskreni.net\/trgovina\/product\/svobodni\/#breadcrumb","itemListElement":[{"@type":"ListItem","position":1,"name":"Home","item":"https:\/\/www.iskreni.net\/trgovina\/"},{"@type":"ListItem","position":2,"name":"Trgovina","item":"https:\/\/www.iskreni.net\/trgovina\/trgovina\/"},{"@type":"ListItem","position":3,"name":"Svobodni; kako je TT spremenila moje \u017eivljenje"}]},{"@type":"WebSite","@id":"https:\/\/www.iskreni.net\/trgovina\/#website","url":"https:\/\/www.iskreni.net\/trgovina\/","name":"Zavod Iskreni","description":"trgovina","potentialAction":[{"@type":"SearchAction","target":{"@type":"EntryPoint","urlTemplate":"https:\/\/www.iskreni.net\/trgovina\/?s={search_term_string}"},"query-input":{"@type":"PropertyValueSpecification","valueRequired":true,"valueName":"search_term_string"}}],"inLanguage":"sl-SI"}]}},"_links":{"self":[{"href":"https:\/\/www.iskreni.net\/trgovina\/wp-json\/wp\/v2\/product\/1270","targetHints":{"allow":["GET"]}}],"collection":[{"href":"https:\/\/www.iskreni.net\/trgovina\/wp-json\/wp\/v2\/product"}],"about":[{"href":"https:\/\/www.iskreni.net\/trgovina\/wp-json\/wp\/v2\/types\/product"}],"replies":[{"embeddable":true,"href":"https:\/\/www.iskreni.net\/trgovina\/wp-json\/wp\/v2\/comments?post=1270"}],"version-history":[{"count":4,"href":"https:\/\/www.iskreni.net\/trgovina\/wp-json\/wp\/v2\/product\/1270\/revisions"}],"predecessor-version":[{"id":70125,"href":"https:\/\/www.iskreni.net\/trgovina\/wp-json\/wp\/v2\/product\/1270\/revisions\/70125"}],"wp:featuredmedia":[{"embeddable":true,"href":"https:\/\/www.iskreni.net\/trgovina\/wp-json\/wp\/v2\/media\/1271"}],"wp:attachment":[{"href":"https:\/\/www.iskreni.net\/trgovina\/wp-json\/wp\/v2\/media?parent=1270"}],"wp:term":[{"taxonomy":"product_brand","embeddable":true,"href":"https:\/\/www.iskreni.net\/trgovina\/wp-json\/wp\/v2\/product_brand?post=1270"},{"taxonomy":"product_cat","embeddable":true,"href":"https:\/\/www.iskreni.net\/trgovina\/wp-json\/wp\/v2\/product_cat?post=1270"},{"taxonomy":"product_tag","embeddable":true,"href":"https:\/\/www.iskreni.net\/trgovina\/wp-json\/wp\/v2\/product_tag?post=1270"},{"taxonomy":"avtor","embeddable":true,"href":"https:\/\/www.iskreni.net\/trgovina\/wp-json\/wp\/v2\/avtor?post=1270"},{"taxonomy":"zalozba","embeddable":true,"href":"https:\/\/www.iskreni.net\/trgovina\/wp-json\/wp\/v2\/zalozba?post=1270"},{"taxonomy":"vezava","embeddable":true,"href":"https:\/\/www.iskreni.net\/trgovina\/wp-json\/wp\/v2\/vezava?post=1270"}],"curies":[{"name":"wp","href":"https:\/\/api.w.org\/{rel}","templated":true}]}}