{"id":1252,"date":"2016-11-04T14:00:52","date_gmt":"2016-11-04T13:00:52","guid":{"rendered":"http:\/\/rojstnidan.si\/?post_type=product&#038;p=1252"},"modified":"2025-11-27T14:54:25","modified_gmt":"2025-11-27T13:54:25","slug":"52-stvari-ki-jih-otroci-potrebujejo-od-oceta","status":"publish","type":"product","link":"https:\/\/www.iskreni.net\/trgovina\/product\/52-stvari-ki-jih-otroci-potrebujejo-od-oceta\/","title":{"rendered":"52 stvari, ki jih otroci potrebujejo od o\u010deta"},"content":{"rendered":"<h4>O knjigi 52 stvari, ki jih otroci potrebujejo od o\u010deta<\/h4>\n<p>Veliko je o\u010detov, ki svojim otrokom posvetijo dosti\u00a0\u010dasa. Vendar pa se marsikateremu niti sanja ne, kaj\u00a0otroci zares potrebujejo. Tudi Jay K. Payleitner, zdaj\u00a0\u017ee prekaljen o\u010de petih otrok, je le postopno spoznaval,\u00a0kako lahko nudi trdno oporo svojemu podmladku.\u00a0Njegovih <em>52 stvari, ki jih otroci potrebujejo od o\u010deta\u00a0<\/em>ponuja izbor povsem preprostih, pa tudi zahtevnej\u0161ih\u00a0izzivov za o\u010dete \u2013 izvedljive zamisli, kako izbolj\u0161ati\u00a0dru\u017einsko dinamiko, preproste namige, kako postati\u00a0dober zgled otrokom, ter jasne, nedvoumne nasvete\u00a0za mo\u017ee in o\u010dete.<\/p>\n<p>\u010ceprav so razmi\u0161ljanja o\u0161tevil\u010dena in jih je ravno dovolj za vsak teden v letu, ne gre za nikakr\u0161en \u00bbseznam opravil\u00ab. V knjigi boste zaman iskali tudi vsakr\u0161no kritiko, ker ste o\u010detje mo\u0161ki in se kot mo\u0161ki tudi vedete. Ob branju boste za\u010dutili spo\u0161tovanje in pridobili novo mo\u010d ter zaupanje za manj\u0161e in ve\u010dje podvige, ki bodo otroke okrepili za \u017eivljenje. \u010cudovito darilo za vsakega o\u010dka!<\/p>\n<h4>O avtorju<\/h4>\n<p>Jay K. Payleitner je o\u010de. Svojo dru\u017eino pa pre\u017eivlja kot svobodni pisatelj, govornik, voditelj ustvarjalnih delavnic in kot radijski producent na razli\u010dnih radijskih postajah. Bil je izvr\u0161ni direktor O\u010detovske pobude v Illinoisu, je pa tudi priljubljen bloger Ameri\u0161kega centra za o\u010detovstvo. Napisal je ve\u010d knji\u017enih uspe\u0161nic. Z \u017eeno Rito, svojo ljubeznijo iz \u0161olskih klopi, imata \u0161tiri sinove, h\u010derko in snaho. Njegov tedenski o\u010detovski blog je dostopen na straneh www.fathers52.com.<\/p>\n","protected":false},"excerpt":{"rendered":"<p><strong>Avtor prevoda:<\/strong> Niki Neubauer<br \/>\n<strong>Leto izdaje:<\/strong> 2016<br \/>\n<strong>\u0160tevilo strani:<\/strong> 204<\/p>\n<p>&nbsp;<\/p>\n<p>&nbsp;<\/p>\n","protected":false},"featured_media":1254,"comment_status":"open","ping_status":"closed","template":"","meta":[],"product_brand":[247],"product_cat":[2322,2323,63],"product_tag":[2386],"avtor":[2462],"zalozba":[2337],"vezava":[2307],"class_list":{"0":"post-1252","1":"product","2":"type-product","3":"status-publish","4":"has-post-thumbnail","6":"product_brand-mohorjeva-druzba","7":"product_cat-druzina-in-odnosi","8":"product_cat-vzgoja","9":"product_cat-knjige","10":"product_tag-ocetovstvo","11":"avtor-jay-k-payleitner","12":"zalozba-celjska-mohorjeva-druzba","13":"vezava-mehka","15":"first","16":"instock","17":"taxable","18":"shipping-taxable","19":"purchasable","20":"product-type-simple"},"yoast_head":"<!-- This site is optimized with the Yoast SEO plugin v26.3 - https:\/\/yoast.com\/wordpress\/plugins\/seo\/ -->\n<title>52 stvari, ki jih otroci potrebujejo od o\u010deta - Zavod Iskreni<\/title>\n<meta name=\"description\" content=\"52 stvari ki jih otroci potrebujejo od o\u010deta je dobrodo\u0161lo branje tako za tiste, ki se na to vlogo \u0161ele pripravljajo, kot tudi \u017ee za polno zaposlene o\u010dke.\" \/>\n<meta name=\"robots\" content=\"index, follow, max-snippet:-1, max-image-preview:large, max-video-preview:-1\" \/>\n<link rel=\"canonical\" href=\"https:\/\/www.iskreni.net\/trgovina\/product\/52-stvari-ki-jih-otroci-potrebujejo-od-oceta\/\" \/>\n<meta property=\"og:locale\" content=\"sl_SI\" \/>\n<meta property=\"og:type\" content=\"article\" \/>\n<meta property=\"og:title\" content=\"52 stvari, ki jih otroci potrebujejo od o\u010deta\" \/>\n<meta property=\"og:description\" content=\"52 stvari ki jih otroci potrebujejo od o\u010deta je dobrodo\u0161lo branje tako za tiste, ki se na to vlogo \u0161ele pripravljajo, kot tudi \u017ee za polno zaposlene o\u010dke.\" \/>\n<meta property=\"og:url\" content=\"https:\/\/www.iskreni.net\/trgovina\/product\/52-stvari-ki-jih-otroci-potrebujejo-od-oceta\/\" \/>\n<meta property=\"og:site_name\" content=\"Zavod Iskreni\" \/>\n<meta property=\"article:modified_time\" content=\"2025-11-27T13:54:25+00:00\" \/>\n<meta property=\"og:image\" content=\"https:\/\/www.iskreni.net\/trgovina\/wp-content\/uploads\/2016\/11\/razmisljanja-in-razgovori-v-mohorjevi-foto-16228_x250_y.jpg\" \/>\n\t<meta property=\"og:image:width\" content=\"250\" \/>\n\t<meta property=\"og:image:height\" content=\"391\" \/>\n\t<meta property=\"og:image:type\" content=\"image\/jpeg\" \/>\n<meta name=\"twitter:card\" content=\"summary_large_image\" \/>\n<meta name=\"twitter:label1\" content=\"Est. reading time\" \/>\n\t<meta name=\"twitter:data1\" content=\"2 minuti\" \/>\n<script type=\"application\/ld+json\" class=\"yoast-schema-graph\">{\"@context\":\"https:\/\/schema.org\",\"@graph\":[{\"@type\":\"WebPage\",\"@id\":\"https:\/\/www.iskreni.net\/trgovina\/product\/52-stvari-ki-jih-otroci-potrebujejo-od-oceta\/\",\"url\":\"https:\/\/www.iskreni.net\/trgovina\/product\/52-stvari-ki-jih-otroci-potrebujejo-od-oceta\/\",\"name\":\"52 stvari, ki jih otroci potrebujejo od o\u010deta - Zavod Iskreni\",\"isPartOf\":{\"@id\":\"https:\/\/www.iskreni.net\/trgovina\/#website\"},\"primaryImageOfPage\":{\"@id\":\"https:\/\/www.iskreni.net\/trgovina\/product\/52-stvari-ki-jih-otroci-potrebujejo-od-oceta\/#primaryimage\"},\"image\":{\"@id\":\"https:\/\/www.iskreni.net\/trgovina\/product\/52-stvari-ki-jih-otroci-potrebujejo-od-oceta\/#primaryimage\"},\"thumbnailUrl\":\"https:\/\/www.iskreni.net\/trgovina\/wp-content\/uploads\/2016\/11\/razmisljanja-in-razgovori-v-mohorjevi-foto-16228_x250_y.jpg\",\"datePublished\":\"2016-11-04T13:00:52+00:00\",\"dateModified\":\"2025-11-27T13:54:25+00:00\",\"description\":\"52 stvari ki jih otroci potrebujejo od o\u010deta je dobrodo\u0161lo branje tako za tiste, ki se na to vlogo \u0161ele pripravljajo, kot tudi \u017ee za polno zaposlene o\u010dke.\",\"breadcrumb\":{\"@id\":\"https:\/\/www.iskreni.net\/trgovina\/product\/52-stvari-ki-jih-otroci-potrebujejo-od-oceta\/#breadcrumb\"},\"inLanguage\":\"sl-SI\",\"potentialAction\":[{\"@type\":\"ReadAction\",\"target\":[\"https:\/\/www.iskreni.net\/trgovina\/product\/52-stvari-ki-jih-otroci-potrebujejo-od-oceta\/\"]}]},{\"@type\":\"ImageObject\",\"inLanguage\":\"sl-SI\",\"@id\":\"https:\/\/www.iskreni.net\/trgovina\/product\/52-stvari-ki-jih-otroci-potrebujejo-od-oceta\/#primaryimage\",\"url\":\"https:\/\/www.iskreni.net\/trgovina\/wp-content\/uploads\/2016\/11\/razmisljanja-in-razgovori-v-mohorjevi-foto-16228_x250_y.jpg\",\"contentUrl\":\"https:\/\/www.iskreni.net\/trgovina\/wp-content\/uploads\/2016\/11\/razmisljanja-in-razgovori-v-mohorjevi-foto-16228_x250_y.jpg\",\"width\":250,\"height\":391},{\"@type\":\"BreadcrumbList\",\"@id\":\"https:\/\/www.iskreni.net\/trgovina\/product\/52-stvari-ki-jih-otroci-potrebujejo-od-oceta\/#breadcrumb\",\"itemListElement\":[{\"@type\":\"ListItem\",\"position\":1,\"name\":\"Home\",\"item\":\"https:\/\/www.iskreni.net\/trgovina\/\"},{\"@type\":\"ListItem\",\"position\":2,\"name\":\"Trgovina\",\"item\":\"https:\/\/www.iskreni.net\/trgovina\/trgovina\/\"},{\"@type\":\"ListItem\",\"position\":3,\"name\":\"52 stvari, ki jih otroci potrebujejo od o\u010deta\"}]},{\"@type\":\"WebSite\",\"@id\":\"https:\/\/www.iskreni.net\/trgovina\/#website\",\"url\":\"https:\/\/www.iskreni.net\/trgovina\/\",\"name\":\"Zavod Iskreni\",\"description\":\"trgovina\",\"potentialAction\":[{\"@type\":\"SearchAction\",\"target\":{\"@type\":\"EntryPoint\",\"urlTemplate\":\"https:\/\/www.iskreni.net\/trgovina\/?s={search_term_string}\"},\"query-input\":{\"@type\":\"PropertyValueSpecification\",\"valueRequired\":true,\"valueName\":\"search_term_string\"}}],\"inLanguage\":\"sl-SI\"}]}<\/script>\n<!-- \/ Yoast SEO plugin. -->","yoast_head_json":{"title":"52 stvari, ki jih otroci potrebujejo od o\u010deta - Zavod Iskreni","description":"52 stvari ki jih otroci potrebujejo od o\u010deta je dobrodo\u0161lo branje tako za tiste, ki se na to vlogo \u0161ele pripravljajo, kot tudi \u017ee za polno zaposlene o\u010dke.","robots":{"index":"index","follow":"follow","max-snippet":"max-snippet:-1","max-image-preview":"max-image-preview:large","max-video-preview":"max-video-preview:-1"},"canonical":"https:\/\/www.iskreni.net\/trgovina\/product\/52-stvari-ki-jih-otroci-potrebujejo-od-oceta\/","og_locale":"sl_SI","og_type":"article","og_title":"52 stvari, ki jih otroci potrebujejo od o\u010deta","og_description":"52 stvari ki jih otroci potrebujejo od o\u010deta je dobrodo\u0161lo branje tako za tiste, ki se na to vlogo \u0161ele pripravljajo, kot tudi \u017ee za polno zaposlene o\u010dke.","og_url":"https:\/\/www.iskreni.net\/trgovina\/product\/52-stvari-ki-jih-otroci-potrebujejo-od-oceta\/","og_site_name":"Zavod Iskreni","article_modified_time":"2025-11-27T13:54:25+00:00","og_image":[{"width":250,"height":391,"url":"https:\/\/www.iskreni.net\/trgovina\/wp-content\/uploads\/2016\/11\/razmisljanja-in-razgovori-v-mohorjevi-foto-16228_x250_y.jpg","type":"image\/jpeg"}],"twitter_card":"summary_large_image","twitter_misc":{"Est. reading time":"2 minuti"},"schema":{"@context":"https:\/\/schema.org","@graph":[{"@type":"WebPage","@id":"https:\/\/www.iskreni.net\/trgovina\/product\/52-stvari-ki-jih-otroci-potrebujejo-od-oceta\/","url":"https:\/\/www.iskreni.net\/trgovina\/product\/52-stvari-ki-jih-otroci-potrebujejo-od-oceta\/","name":"52 stvari, ki jih otroci potrebujejo od o\u010deta - Zavod Iskreni","isPartOf":{"@id":"https:\/\/www.iskreni.net\/trgovina\/#website"},"primaryImageOfPage":{"@id":"https:\/\/www.iskreni.net\/trgovina\/product\/52-stvari-ki-jih-otroci-potrebujejo-od-oceta\/#primaryimage"},"image":{"@id":"https:\/\/www.iskreni.net\/trgovina\/product\/52-stvari-ki-jih-otroci-potrebujejo-od-oceta\/#primaryimage"},"thumbnailUrl":"https:\/\/www.iskreni.net\/trgovina\/wp-content\/uploads\/2016\/11\/razmisljanja-in-razgovori-v-mohorjevi-foto-16228_x250_y.jpg","datePublished":"2016-11-04T13:00:52+00:00","dateModified":"2025-11-27T13:54:25+00:00","description":"52 stvari ki jih otroci potrebujejo od o\u010deta je dobrodo\u0161lo branje tako za tiste, ki se na to vlogo \u0161ele pripravljajo, kot tudi \u017ee za polno zaposlene o\u010dke.","breadcrumb":{"@id":"https:\/\/www.iskreni.net\/trgovina\/product\/52-stvari-ki-jih-otroci-potrebujejo-od-oceta\/#breadcrumb"},"inLanguage":"sl-SI","potentialAction":[{"@type":"ReadAction","target":["https:\/\/www.iskreni.net\/trgovina\/product\/52-stvari-ki-jih-otroci-potrebujejo-od-oceta\/"]}]},{"@type":"ImageObject","inLanguage":"sl-SI","@id":"https:\/\/www.iskreni.net\/trgovina\/product\/52-stvari-ki-jih-otroci-potrebujejo-od-oceta\/#primaryimage","url":"https:\/\/www.iskreni.net\/trgovina\/wp-content\/uploads\/2016\/11\/razmisljanja-in-razgovori-v-mohorjevi-foto-16228_x250_y.jpg","contentUrl":"https:\/\/www.iskreni.net\/trgovina\/wp-content\/uploads\/2016\/11\/razmisljanja-in-razgovori-v-mohorjevi-foto-16228_x250_y.jpg","width":250,"height":391},{"@type":"BreadcrumbList","@id":"https:\/\/www.iskreni.net\/trgovina\/product\/52-stvari-ki-jih-otroci-potrebujejo-od-oceta\/#breadcrumb","itemListElement":[{"@type":"ListItem","position":1,"name":"Home","item":"https:\/\/www.iskreni.net\/trgovina\/"},{"@type":"ListItem","position":2,"name":"Trgovina","item":"https:\/\/www.iskreni.net\/trgovina\/trgovina\/"},{"@type":"ListItem","position":3,"name":"52 stvari, ki jih otroci potrebujejo od o\u010deta"}]},{"@type":"WebSite","@id":"https:\/\/www.iskreni.net\/trgovina\/#website","url":"https:\/\/www.iskreni.net\/trgovina\/","name":"Zavod Iskreni","description":"trgovina","potentialAction":[{"@type":"SearchAction","target":{"@type":"EntryPoint","urlTemplate":"https:\/\/www.iskreni.net\/trgovina\/?s={search_term_string}"},"query-input":{"@type":"PropertyValueSpecification","valueRequired":true,"valueName":"search_term_string"}}],"inLanguage":"sl-SI"}]}},"_links":{"self":[{"href":"https:\/\/www.iskreni.net\/trgovina\/wp-json\/wp\/v2\/product\/1252","targetHints":{"allow":["GET"]}}],"collection":[{"href":"https:\/\/www.iskreni.net\/trgovina\/wp-json\/wp\/v2\/product"}],"about":[{"href":"https:\/\/www.iskreni.net\/trgovina\/wp-json\/wp\/v2\/types\/product"}],"replies":[{"embeddable":true,"href":"https:\/\/www.iskreni.net\/trgovina\/wp-json\/wp\/v2\/comments?post=1252"}],"version-history":[{"count":3,"href":"https:\/\/www.iskreni.net\/trgovina\/wp-json\/wp\/v2\/product\/1252\/revisions"}],"predecessor-version":[{"id":70044,"href":"https:\/\/www.iskreni.net\/trgovina\/wp-json\/wp\/v2\/product\/1252\/revisions\/70044"}],"wp:featuredmedia":[{"embeddable":true,"href":"https:\/\/www.iskreni.net\/trgovina\/wp-json\/wp\/v2\/media\/1254"}],"wp:attachment":[{"href":"https:\/\/www.iskreni.net\/trgovina\/wp-json\/wp\/v2\/media?parent=1252"}],"wp:term":[{"taxonomy":"product_brand","embeddable":true,"href":"https:\/\/www.iskreni.net\/trgovina\/wp-json\/wp\/v2\/product_brand?post=1252"},{"taxonomy":"product_cat","embeddable":true,"href":"https:\/\/www.iskreni.net\/trgovina\/wp-json\/wp\/v2\/product_cat?post=1252"},{"taxonomy":"product_tag","embeddable":true,"href":"https:\/\/www.iskreni.net\/trgovina\/wp-json\/wp\/v2\/product_tag?post=1252"},{"taxonomy":"avtor","embeddable":true,"href":"https:\/\/www.iskreni.net\/trgovina\/wp-json\/wp\/v2\/avtor?post=1252"},{"taxonomy":"zalozba","embeddable":true,"href":"https:\/\/www.iskreni.net\/trgovina\/wp-json\/wp\/v2\/zalozba?post=1252"},{"taxonomy":"vezava","embeddable":true,"href":"https:\/\/www.iskreni.net\/trgovina\/wp-json\/wp\/v2\/vezava?post=1252"}],"curies":[{"name":"wp","href":"https:\/\/api.w.org\/{rel}","templated":true}]}}