{"id":1210,"date":"2016-10-28T14:47:00","date_gmt":"2016-10-28T12:47:00","guid":{"rendered":"http:\/\/rojstnidan.si\/?post_type=product&#038;p=1210"},"modified":"2025-11-21T09:32:43","modified_gmt":"2025-11-21T08:32:43","slug":"miklavz-deli-bozjo-ljubezen","status":"publish","type":"product","link":"https:\/\/www.iskreni.net\/trgovina\/product\/miklavz-deli-bozjo-ljubezen\/","title":{"rendered":"Miklav\u017e deli Bo\u017ejo ljubezen"},"content":{"rendered":"<h4>O knjigi Miklav\u017e deli Bo\u017ejo ljubezen<\/h4>\n<p>\u00bbNajlep\u0161e darilo je gotovo ob\u010dutek,\u00a0da me ima Bog neskon\u010dno rad.\u00ab<\/p>\n<p><em>Mesec dni pred prihodom sv. Miklav\u017ea se v dru\u017eino naseli\u00a0<\/em><em>vznemirjenje \u2026 Luku posko\u010di srce, ko pomisli na \u017eelje, ki\u00a0<\/em><em>mu jih je dobri svetnik izpolnil preteklo leto: ogromna \u0161katla\u00a0<\/em><em>legokock, trije avtomobil\u010dki, kup sladkarij, tople nogavice,\u00a0<\/em><em>pi\u017eama, budilka &#8230; Na to, da mu je Miklav\u017e v peharju poleg\u00a0<\/em><em>daril pustil tudi \u0161ibo s pisemcem, pa bi najraje pozabil. Dobri\u00a0<\/em><em>mo\u017e ga je prosil, naj se v naslednjem letu \u0161e bolj potrudi, da\u00a0<\/em><em>bo priden doma in v \u0161oli. Seveda je Luka takoj sklenil, da bo\u00a0<\/em><em>Miklav\u017ea ubogal. Prvi mesec mu je to \u0161e nekako uspevalo,\u00a0<\/em><em>potem pa \u2026<\/em><\/p>\n<p>Tople ilustracije Nine \u0160ulin in dragoceni \u017eivljenjski nauki\u00a0pisateljice Ur\u0161ke \u010cuk pri\u010dakovanje svetega Miklav\u017ea postavijo\u00a0v sredi\u0161\u010de dogajanja neke dru\u017eine. Zgodba nas tenko\u010dutno\u00a0popelje tako v otro\u0161ki svet kot v svet odraslih. Babica otrokom\u00a0predstavi dobrega mo\u017ea kot \u0161kofa, ob tem pa obudi spomin na\u00a0svoje nekdanje otro\u0161ke \u017eelje. Otroci se v veselem pri\u010dakovanju\u00a0spet spomnijo svojih dol\u017enosti, medsebojne pomo\u010di in bratske\u00a0ljubezni ter za\u010dutijo \u017eeljo, da bi bili vredni Bo\u017eje in Miklav\u017eeve\u00a0ljubezni. V pogovorih med dru\u017einskimi \u010dlani ponovno sli\u0161imo\u00a0\u0161tevilne modrosti, ki bi se jih morali zavedati vsak dan, ne samo\u00a0v \u010dasu pri\u010dakovanja svetega Miklav\u017ea:<\/p>\n<p><em>Vsi delamo napake, a najpomembnej\u0161i je trud, s katerim si\u00a0<\/em><em>prizadevamo za dobro. Miklav\u017e ne spregleda na\u0161ih napak,\u00a0<\/em><em>odpusti pa jih. Bog nas sprejema tak\u0161ne, kakr\u0161ni smo, dobre in\u00a0<\/em><em>poredne. \u010ce nam je \u017eal za slabo, ki smo ga zagre\u0161ili, nam odpusti\u00a0<\/em><em>in pomaga, da za\u010dnemo znova. Bog nam je dal svobodno voljo,\u00a0<\/em><em>tako da se za vse lahko odlo\u010damo sami. Ra\u010duna pa na to, da\u00a0<\/em><em>nas bo s svojo ljubeznijo do nas prepri\u010dal, da se spla\u010da truditi za\u00a0<\/em><em>dobro. Tudi nam odraslim je te\u017eko, ker marsikdaj ne vemo, ali\u00a0<\/em><em>v resnici delamo prav. V Bogu je vse mogo\u010de, tudi razdeljevanje\u00a0<\/em><em>daril ljudem po vsem svetu v eni no\u010di. Najlep\u0161e darilo je bil\u00a0<\/em><em>gotovo ob\u010dutek, da me ima Bog neskon\u010dno rad in mi odpu\u0161\u010da\u00a0<\/em><em>vse, kar ni bilo narejeno prav, ter mi daje prilo\u017enost, da lahko\u00a0<\/em><em>za\u010dnem znova \u2026<\/em><\/p>\n<p>Sv. Miklav\u017e, kakor pri nas navadno imenujemo sv. Nikolaja, je eden najbolj priljubljenih svetnikov pri nas. V Sloveniji je \u0161kofu iz Mire v Mali Aziji posve\u010denih 118 cerkva, najve\u010d med vsemi svetniki. \u010ceprav o svetniku, ki prihaja iz teme zimske no\u010di v svetlobo preprostih kme\u010dkih izb in v razko\u0161ne sobe mestnih hi\u0161 in spet izgine v temi no\u010di, niso ohranjena zanesljiva poro\u010dila in so nam znana le po legendi, je v vsej zahodni in vzhodni Cerkvi od 11. stoletja dalje v \u010dasteh kot velik pripro\u0161njik in \u010dudodelnik.<\/p>\n<h4>O avtoricah<\/h4>\n<p><strong>Ur\u0161ka \u010cuk<\/strong> (1985) prihaja iz \u010crnega Vrha nad Idrijo. Po kon\u010dani gimnaziji je nadaljevala \u0161tudij na Filozofski fakulteti v Ljubljani ter si pridobila naziv univerzitetna diplomirana psihologinja. Med rednim \u0161tudijem psihologije se je spoznala z razli\u010dnim psiholo\u0161kim delom.<\/p>\n<p>Prosti \u010das posve\u010da \u010dipkarstvu, izdelovanju vo\u0161\u010dilnic in glasbi. Sodeluje na oratorijih in je aktivna \u010dlanica gibanja <em>Vera in lu\u010d<\/em>. Predvsem pa rada in veliko pi\u0161e: izdala je knji\u017eice o svetnikih za otroke, objavlja\u00a0v <em>Dru\u017einski pratiki <\/em>in ob\u010dinskih glasilih, pi\u0161e tudi blog.<\/p>\n<p><strong>Nina \u0160ulin<\/strong> (1980) je diplomirala na Oddelku za likovno umetnost na Pedago\u0161ki fakulteti Univerze v Mariboru in magistrirala na oddelku Scenskega oblikovanja, smer kostumografija, na Akademiji za gledali\u0161\u010de, radio, film in televizijo Univerze v Ljubljani. Imela je ve\u010d kot dvajset samostojnih in deset odmevnej\u0161ih skupinskih razstav. Deluje kot kostumografka, ilustratorka, scenografka, izdelovalka lutk ter mentorica likovnih, konceptualnih in lutkovnih delavnic.<\/p>\n<p>Sodeluje z Lutkovnim gledali\u0161\u010dem Maribor, Lutkovnim gledali\u0161\u010dem Ljubljana, s Prvim odrom Prve gimnazije Maribor in z II. gimnazijo Maribor ter deluje tudi na neodvisni sceni.<\/p>\n","protected":false},"excerpt":{"rendered":"<div class=\"product-description\">\n<p><strong>Ilustracije:<\/strong> Nina \u0160ulin<br \/>\n<strong>Leto izdaje:<\/strong> 2016<br \/>\n<strong>\u0160tevilo strani:<\/strong> 24<\/p>\n<p>&nbsp;<\/p>\n<p>\u00bbNajlep\u0161e darilo je gotovo ob\u010dutek, da me ima Bog neskon\u010dno rad.\u00ab<\/p>\n<\/div>\n<p>&nbsp;<\/p>\n","protected":false},"featured_media":1211,"comment_status":"open","ping_status":"closed","template":"","meta":[],"product_brand":[],"product_cat":[63,135],"product_tag":[1344,3227,1776,1619],"avtor":[2461],"zalozba":[2337],"vezava":[2307],"class_list":{"0":"post-1210","1":"product","2":"type-product","3":"status-publish","4":"has-post-thumbnail","6":"product_cat-knjige","7":"product_cat-za-otroke","8":"product_tag-advent-in-bozic","9":"product_tag-miklavz-2025","10":"product_tag-sveti-miklavz","11":"product_tag-svetniki","12":"avtor-urska-cuk","13":"zalozba-celjska-mohorjeva-druzba","14":"vezava-mehka","16":"first","17":"instock","18":"taxable","19":"shipping-taxable","20":"purchasable","21":"product-type-simple"},"yoast_head":"<!-- This site is optimized with the Yoast SEO plugin v26.3 - https:\/\/yoast.com\/wordpress\/plugins\/seo\/ -->\n<title>Miklav\u017e deli Bo\u017ejo ljubezen - trgovina Zavod Iskreni<\/title>\n<meta name=\"description\" content=\"Miklav\u017e deli Bo\u017ejo ljubezen je pripoved o priljubljenem svetniku, ki nam sporo\u010da, da nas Bog sprejema in ljubi tak\u0161ne, kot smo.\" \/>\n<meta name=\"robots\" content=\"index, follow, max-snippet:-1, max-image-preview:large, max-video-preview:-1\" \/>\n<link rel=\"canonical\" href=\"https:\/\/www.iskreni.net\/trgovina\/product\/miklavz-deli-bozjo-ljubezen\/\" \/>\n<meta property=\"og:locale\" content=\"sl_SI\" \/>\n<meta property=\"og:type\" content=\"article\" \/>\n<meta property=\"og:title\" content=\"Miklav\u017e deli Bo\u017ejo ljubezen - trgovina Zavod Iskreni\" \/>\n<meta property=\"og:description\" content=\"Miklav\u017e deli Bo\u017ejo ljubezen je pripoved o priljubljenem svetniku, ki nam sporo\u010da, da nas Bog sprejema in ljubi tak\u0161ne, kot smo.\" \/>\n<meta property=\"og:url\" content=\"https:\/\/www.iskreni.net\/trgovina\/product\/miklavz-deli-bozjo-ljubezen\/\" \/>\n<meta property=\"og:site_name\" content=\"Zavod Iskreni\" \/>\n<meta property=\"article:modified_time\" content=\"2025-11-21T08:32:43+00:00\" \/>\n<meta property=\"og:image\" content=\"https:\/\/www.iskreni.net\/trgovina\/wp-content\/uploads\/2016\/10\/predstavitev-novih-izdaj-foto-16578_x250_y.jpg\" \/>\n\t<meta property=\"og:image:width\" content=\"250\" \/>\n\t<meta property=\"og:image:height\" content=\"358\" \/>\n\t<meta property=\"og:image:type\" content=\"image\/jpeg\" \/>\n<meta name=\"twitter:card\" content=\"summary_large_image\" \/>\n<meta name=\"twitter:label1\" content=\"Est. reading time\" \/>\n\t<meta name=\"twitter:data1\" content=\"4 minute\" \/>\n<script type=\"application\/ld+json\" class=\"yoast-schema-graph\">{\"@context\":\"https:\/\/schema.org\",\"@graph\":[{\"@type\":\"WebPage\",\"@id\":\"https:\/\/www.iskreni.net\/trgovina\/product\/miklavz-deli-bozjo-ljubezen\/\",\"url\":\"https:\/\/www.iskreni.net\/trgovina\/product\/miklavz-deli-bozjo-ljubezen\/\",\"name\":\"Miklav\u017e deli Bo\u017ejo ljubezen - trgovina Zavod Iskreni\",\"isPartOf\":{\"@id\":\"https:\/\/www.iskreni.net\/trgovina\/#website\"},\"primaryImageOfPage\":{\"@id\":\"https:\/\/www.iskreni.net\/trgovina\/product\/miklavz-deli-bozjo-ljubezen\/#primaryimage\"},\"image\":{\"@id\":\"https:\/\/www.iskreni.net\/trgovina\/product\/miklavz-deli-bozjo-ljubezen\/#primaryimage\"},\"thumbnailUrl\":\"https:\/\/www.iskreni.net\/trgovina\/wp-content\/uploads\/2016\/10\/predstavitev-novih-izdaj-foto-16578_x250_y.jpg\",\"datePublished\":\"2016-10-28T12:47:00+00:00\",\"dateModified\":\"2025-11-21T08:32:43+00:00\",\"description\":\"Miklav\u017e deli Bo\u017ejo ljubezen je pripoved o priljubljenem svetniku, ki nam sporo\u010da, da nas Bog sprejema in ljubi tak\u0161ne, kot smo.\",\"breadcrumb\":{\"@id\":\"https:\/\/www.iskreni.net\/trgovina\/product\/miklavz-deli-bozjo-ljubezen\/#breadcrumb\"},\"inLanguage\":\"sl-SI\",\"potentialAction\":[{\"@type\":\"ReadAction\",\"target\":[\"https:\/\/www.iskreni.net\/trgovina\/product\/miklavz-deli-bozjo-ljubezen\/\"]}]},{\"@type\":\"ImageObject\",\"inLanguage\":\"sl-SI\",\"@id\":\"https:\/\/www.iskreni.net\/trgovina\/product\/miklavz-deli-bozjo-ljubezen\/#primaryimage\",\"url\":\"https:\/\/www.iskreni.net\/trgovina\/wp-content\/uploads\/2016\/10\/predstavitev-novih-izdaj-foto-16578_x250_y.jpg\",\"contentUrl\":\"https:\/\/www.iskreni.net\/trgovina\/wp-content\/uploads\/2016\/10\/predstavitev-novih-izdaj-foto-16578_x250_y.jpg\",\"width\":250,\"height\":358},{\"@type\":\"BreadcrumbList\",\"@id\":\"https:\/\/www.iskreni.net\/trgovina\/product\/miklavz-deli-bozjo-ljubezen\/#breadcrumb\",\"itemListElement\":[{\"@type\":\"ListItem\",\"position\":1,\"name\":\"Home\",\"item\":\"https:\/\/www.iskreni.net\/trgovina\/\"},{\"@type\":\"ListItem\",\"position\":2,\"name\":\"Trgovina\",\"item\":\"https:\/\/www.iskreni.net\/trgovina\/trgovina\/\"},{\"@type\":\"ListItem\",\"position\":3,\"name\":\"Miklav\u017e deli Bo\u017ejo ljubezen\"}]},{\"@type\":\"WebSite\",\"@id\":\"https:\/\/www.iskreni.net\/trgovina\/#website\",\"url\":\"https:\/\/www.iskreni.net\/trgovina\/\",\"name\":\"Zavod Iskreni\",\"description\":\"trgovina\",\"potentialAction\":[{\"@type\":\"SearchAction\",\"target\":{\"@type\":\"EntryPoint\",\"urlTemplate\":\"https:\/\/www.iskreni.net\/trgovina\/?s={search_term_string}\"},\"query-input\":{\"@type\":\"PropertyValueSpecification\",\"valueRequired\":true,\"valueName\":\"search_term_string\"}}],\"inLanguage\":\"sl-SI\"}]}<\/script>\n<!-- \/ Yoast SEO plugin. -->","yoast_head_json":{"title":"Miklav\u017e deli Bo\u017ejo ljubezen - trgovina Zavod Iskreni","description":"Miklav\u017e deli Bo\u017ejo ljubezen je pripoved o priljubljenem svetniku, ki nam sporo\u010da, da nas Bog sprejema in ljubi tak\u0161ne, kot smo.","robots":{"index":"index","follow":"follow","max-snippet":"max-snippet:-1","max-image-preview":"max-image-preview:large","max-video-preview":"max-video-preview:-1"},"canonical":"https:\/\/www.iskreni.net\/trgovina\/product\/miklavz-deli-bozjo-ljubezen\/","og_locale":"sl_SI","og_type":"article","og_title":"Miklav\u017e deli Bo\u017ejo ljubezen - trgovina Zavod Iskreni","og_description":"Miklav\u017e deli Bo\u017ejo ljubezen je pripoved o priljubljenem svetniku, ki nam sporo\u010da, da nas Bog sprejema in ljubi tak\u0161ne, kot smo.","og_url":"https:\/\/www.iskreni.net\/trgovina\/product\/miklavz-deli-bozjo-ljubezen\/","og_site_name":"Zavod Iskreni","article_modified_time":"2025-11-21T08:32:43+00:00","og_image":[{"width":250,"height":358,"url":"https:\/\/www.iskreni.net\/trgovina\/wp-content\/uploads\/2016\/10\/predstavitev-novih-izdaj-foto-16578_x250_y.jpg","type":"image\/jpeg"}],"twitter_card":"summary_large_image","twitter_misc":{"Est. reading time":"4 minute"},"schema":{"@context":"https:\/\/schema.org","@graph":[{"@type":"WebPage","@id":"https:\/\/www.iskreni.net\/trgovina\/product\/miklavz-deli-bozjo-ljubezen\/","url":"https:\/\/www.iskreni.net\/trgovina\/product\/miklavz-deli-bozjo-ljubezen\/","name":"Miklav\u017e deli Bo\u017ejo ljubezen - trgovina Zavod Iskreni","isPartOf":{"@id":"https:\/\/www.iskreni.net\/trgovina\/#website"},"primaryImageOfPage":{"@id":"https:\/\/www.iskreni.net\/trgovina\/product\/miklavz-deli-bozjo-ljubezen\/#primaryimage"},"image":{"@id":"https:\/\/www.iskreni.net\/trgovina\/product\/miklavz-deli-bozjo-ljubezen\/#primaryimage"},"thumbnailUrl":"https:\/\/www.iskreni.net\/trgovina\/wp-content\/uploads\/2016\/10\/predstavitev-novih-izdaj-foto-16578_x250_y.jpg","datePublished":"2016-10-28T12:47:00+00:00","dateModified":"2025-11-21T08:32:43+00:00","description":"Miklav\u017e deli Bo\u017ejo ljubezen je pripoved o priljubljenem svetniku, ki nam sporo\u010da, da nas Bog sprejema in ljubi tak\u0161ne, kot smo.","breadcrumb":{"@id":"https:\/\/www.iskreni.net\/trgovina\/product\/miklavz-deli-bozjo-ljubezen\/#breadcrumb"},"inLanguage":"sl-SI","potentialAction":[{"@type":"ReadAction","target":["https:\/\/www.iskreni.net\/trgovina\/product\/miklavz-deli-bozjo-ljubezen\/"]}]},{"@type":"ImageObject","inLanguage":"sl-SI","@id":"https:\/\/www.iskreni.net\/trgovina\/product\/miklavz-deli-bozjo-ljubezen\/#primaryimage","url":"https:\/\/www.iskreni.net\/trgovina\/wp-content\/uploads\/2016\/10\/predstavitev-novih-izdaj-foto-16578_x250_y.jpg","contentUrl":"https:\/\/www.iskreni.net\/trgovina\/wp-content\/uploads\/2016\/10\/predstavitev-novih-izdaj-foto-16578_x250_y.jpg","width":250,"height":358},{"@type":"BreadcrumbList","@id":"https:\/\/www.iskreni.net\/trgovina\/product\/miklavz-deli-bozjo-ljubezen\/#breadcrumb","itemListElement":[{"@type":"ListItem","position":1,"name":"Home","item":"https:\/\/www.iskreni.net\/trgovina\/"},{"@type":"ListItem","position":2,"name":"Trgovina","item":"https:\/\/www.iskreni.net\/trgovina\/trgovina\/"},{"@type":"ListItem","position":3,"name":"Miklav\u017e deli Bo\u017ejo ljubezen"}]},{"@type":"WebSite","@id":"https:\/\/www.iskreni.net\/trgovina\/#website","url":"https:\/\/www.iskreni.net\/trgovina\/","name":"Zavod Iskreni","description":"trgovina","potentialAction":[{"@type":"SearchAction","target":{"@type":"EntryPoint","urlTemplate":"https:\/\/www.iskreni.net\/trgovina\/?s={search_term_string}"},"query-input":{"@type":"PropertyValueSpecification","valueRequired":true,"valueName":"search_term_string"}}],"inLanguage":"sl-SI"}]}},"_links":{"self":[{"href":"https:\/\/www.iskreni.net\/trgovina\/wp-json\/wp\/v2\/product\/1210","targetHints":{"allow":["GET"]}}],"collection":[{"href":"https:\/\/www.iskreni.net\/trgovina\/wp-json\/wp\/v2\/product"}],"about":[{"href":"https:\/\/www.iskreni.net\/trgovina\/wp-json\/wp\/v2\/types\/product"}],"replies":[{"embeddable":true,"href":"https:\/\/www.iskreni.net\/trgovina\/wp-json\/wp\/v2\/comments?post=1210"}],"version-history":[{"count":5,"href":"https:\/\/www.iskreni.net\/trgovina\/wp-json\/wp\/v2\/product\/1210\/revisions"}],"predecessor-version":[{"id":58965,"href":"https:\/\/www.iskreni.net\/trgovina\/wp-json\/wp\/v2\/product\/1210\/revisions\/58965"}],"wp:featuredmedia":[{"embeddable":true,"href":"https:\/\/www.iskreni.net\/trgovina\/wp-json\/wp\/v2\/media\/1211"}],"wp:attachment":[{"href":"https:\/\/www.iskreni.net\/trgovina\/wp-json\/wp\/v2\/media?parent=1210"}],"wp:term":[{"taxonomy":"product_brand","embeddable":true,"href":"https:\/\/www.iskreni.net\/trgovina\/wp-json\/wp\/v2\/product_brand?post=1210"},{"taxonomy":"product_cat","embeddable":true,"href":"https:\/\/www.iskreni.net\/trgovina\/wp-json\/wp\/v2\/product_cat?post=1210"},{"taxonomy":"product_tag","embeddable":true,"href":"https:\/\/www.iskreni.net\/trgovina\/wp-json\/wp\/v2\/product_tag?post=1210"},{"taxonomy":"avtor","embeddable":true,"href":"https:\/\/www.iskreni.net\/trgovina\/wp-json\/wp\/v2\/avtor?post=1210"},{"taxonomy":"zalozba","embeddable":true,"href":"https:\/\/www.iskreni.net\/trgovina\/wp-json\/wp\/v2\/zalozba?post=1210"},{"taxonomy":"vezava","embeddable":true,"href":"https:\/\/www.iskreni.net\/trgovina\/wp-json\/wp\/v2\/vezava?post=1210"}],"curies":[{"name":"wp","href":"https:\/\/api.w.org\/{rel}","templated":true}]}}