{"id":1179,"date":"2016-10-21T16:43:49","date_gmt":"2016-10-21T14:43:49","guid":{"rendered":"http:\/\/rojstnidan.si\/?post_type=product&#038;p=1179"},"modified":"2024-01-18T15:04:33","modified_gmt":"2024-01-18T14:04:33","slug":"teologija-telesa-za-mlade-prirocnik-za-starse","status":"publish","type":"product","link":"https:\/\/www.iskreni.net\/trgovina\/product\/teologija-telesa-za-mlade-prirocnik-za-starse\/","title":{"rendered":"Teologija telesa za mlade; Priro\u010dnik za star\u0161e"},"content":{"rendered":"<h4>O knjigi Teologija telesa za mlade; Priro\u010dnik za star\u0161e<\/h4>\n<p>Priro\u010dnik za star\u0161e iz paketa Teologija telesa za mlade na kratko povzema vsebine u\u010dbenika, vsebine, ki jih mladi obravnavajo na te\u010dajih ali spoznavajo samostojno. Vsebuje tudi konkretne predloge za pogovore z mladostniki o obravnavanih temah in za \u017eivljenje teologije telesa v dru\u017eini.<\/p>\n<p>Priro\u010dnik za star\u0161e je izvrsten in izredno informativen pregled te\u010daja Teologija telesa za mlade. Kljub temu, da je v prvi vrsti namenjen star\u0161em mladih, ki obiskujejo te\u010daj Teologija telesa za mlade, ga lahko uporabljajo vsi star\u0161i, ki se \u017eelijo bolje seznaniti s teologijo telesa in jo posredovati svojim otrokom. V priro\u010dniku so povzetki vseh dvanajstih poglavij iz u\u010dbenika, osnovna predstavitev teologije telesa, vpra\u0161anja za dru\u017einske pogovore in debate in nasveti za krepitev kulture teologije telesa v dru\u017eini.<\/p>\n","protected":false},"excerpt":{"rendered":"<div class=\"product-description\">\n<p><strong>Leto izdaje:<\/strong> 2013<br \/>\n<strong>\u0160tevilo strani:<\/strong> 88<\/p>\n<div class=\"product_meta\"><\/div>\n<div>\n<p>Priro\u010dnik za star\u0161e dopolnjuje paket Teologije telesa za mlade (u\u010dbenik in priro\u010dnik za voditelje).<\/p>\n<p>Na kratko povzema vsebine u\u010dbenika, vsebine, ki jih mladi obravnavajo na te\u010dajih ali spoznavajo samostojno. Vsebuje tudi konkretne predloge za pogovore z mladostniki o obravnavanih temah in za \u017eivljenje teologije telesa v dru\u017eini.<\/p>\n<p>Priro\u010dnik za star\u0161e je izvrsten in izredno informativen pregled te\u010daja Teologija telesa za mlade. Kljub temu, da je v prvi vrsti namenjen star\u0161em mladih, ki obiskujejo te\u010daj Teologija telesa za mlade, ga lahko uporabljajo vsi star\u0161i, ki se \u017eelijo bolje seznaniti s teologijo telesa in jo posredovati svojim otrokom. V priro\u010dniku so povzetki vseh dvanajstih poglavij iz u\u010dbenika, osnovna predstavitev teologije telesa, vpra\u0161anja za dru\u017einske pogovore in debate in nasveti za krepitev kulture teologije telesa v dru\u017eini.<\/p>\n<\/div>\n<\/div>\n","protected":false},"featured_media":1180,"comment_status":"open","ping_status":"closed","template":"","meta":[],"product_brand":[],"product_cat":[2324,2323,63],"product_tag":[1799],"avtor":[2370],"zalozba":[2311,2335],"vezava":[2307],"class_list":{"0":"post-1179","1":"product","2":"type-product","3":"status-publish","4":"has-post-thumbnail","6":"product_cat-duhovnost-in-osebna-rast","7":"product_cat-vzgoja","8":"product_cat-knjige","9":"product_tag-teologija-telesa","10":"avtor-jason-evert","11":"zalozba-druzina","12":"zalozba-zalozba-emanuel","13":"vezava-mehka","15":"first","16":"instock","17":"taxable","18":"shipping-taxable","19":"purchasable","20":"product-type-simple"},"yoast_head":"<!-- This site is optimized with the Yoast SEO plugin v26.3 - https:\/\/yoast.com\/wordpress\/plugins\/seo\/ -->\n<title>Teologija telesa za mlade; Priro\u010dnik za star\u0161e - Zavod Iskreni<\/title>\n<meta name=\"description\" content=\"Priro\u010dnik za star\u0161e je izvrsten in izredno informativen pregled te\u010daja Teologija telesa za mlade.\" \/>\n<meta name=\"robots\" content=\"index, follow, max-snippet:-1, max-image-preview:large, max-video-preview:-1\" \/>\n<link rel=\"canonical\" href=\"https:\/\/www.iskreni.net\/trgovina\/product\/teologija-telesa-za-mlade-prirocnik-za-starse\/\" \/>\n<meta property=\"og:locale\" content=\"sl_SI\" \/>\n<meta property=\"og:type\" content=\"article\" \/>\n<meta property=\"og:title\" content=\"Teologija telesa za mlade; Priro\u010dnik za star\u0161e - Zavod Iskreni\" \/>\n<meta property=\"og:description\" content=\"Priro\u010dnik za star\u0161e je izvrsten in izredno informativen pregled te\u010daja Teologija telesa za mlade.\" \/>\n<meta property=\"og:url\" content=\"https:\/\/www.iskreni.net\/trgovina\/product\/teologija-telesa-za-mlade-prirocnik-za-starse\/\" \/>\n<meta property=\"og:site_name\" content=\"Zavod Iskreni\" \/>\n<meta property=\"article:modified_time\" content=\"2024-01-18T14:04:33+00:00\" \/>\n<meta property=\"og:image\" content=\"https:\/\/www.iskreni.net\/trgovina\/wp-content\/uploads\/2016\/10\/Naslovna-TT-prirocnik-za-starse-360x528.jpg\" \/>\n\t<meta property=\"og:image:width\" content=\"360\" \/>\n\t<meta property=\"og:image:height\" content=\"528\" \/>\n\t<meta property=\"og:image:type\" content=\"image\/jpeg\" \/>\n<meta name=\"twitter:card\" content=\"summary_large_image\" \/>\n<meta name=\"twitter:label1\" content=\"Est. reading time\" \/>\n\t<meta name=\"twitter:data1\" content=\"1 minuta\" \/>\n<script type=\"application\/ld+json\" class=\"yoast-schema-graph\">{\"@context\":\"https:\/\/schema.org\",\"@graph\":[{\"@type\":\"WebPage\",\"@id\":\"https:\/\/www.iskreni.net\/trgovina\/product\/teologija-telesa-za-mlade-prirocnik-za-starse\/\",\"url\":\"https:\/\/www.iskreni.net\/trgovina\/product\/teologija-telesa-za-mlade-prirocnik-za-starse\/\",\"name\":\"Teologija telesa za mlade; Priro\u010dnik za star\u0161e - Zavod Iskreni\",\"isPartOf\":{\"@id\":\"https:\/\/www.iskreni.net\/trgovina\/#website\"},\"primaryImageOfPage\":{\"@id\":\"https:\/\/www.iskreni.net\/trgovina\/product\/teologija-telesa-za-mlade-prirocnik-za-starse\/#primaryimage\"},\"image\":{\"@id\":\"https:\/\/www.iskreni.net\/trgovina\/product\/teologija-telesa-za-mlade-prirocnik-za-starse\/#primaryimage\"},\"thumbnailUrl\":\"https:\/\/www.iskreni.net\/trgovina\/wp-content\/uploads\/2016\/10\/Naslovna-TT-prirocnik-za-starse-360x528.jpg\",\"datePublished\":\"2016-10-21T14:43:49+00:00\",\"dateModified\":\"2024-01-18T14:04:33+00:00\",\"description\":\"Priro\u010dnik za star\u0161e je izvrsten in izredno informativen pregled te\u010daja Teologija telesa za mlade.\",\"breadcrumb\":{\"@id\":\"https:\/\/www.iskreni.net\/trgovina\/product\/teologija-telesa-za-mlade-prirocnik-za-starse\/#breadcrumb\"},\"inLanguage\":\"sl-SI\",\"potentialAction\":[{\"@type\":\"ReadAction\",\"target\":[\"https:\/\/www.iskreni.net\/trgovina\/product\/teologija-telesa-za-mlade-prirocnik-za-starse\/\"]}]},{\"@type\":\"ImageObject\",\"inLanguage\":\"sl-SI\",\"@id\":\"https:\/\/www.iskreni.net\/trgovina\/product\/teologija-telesa-za-mlade-prirocnik-za-starse\/#primaryimage\",\"url\":\"https:\/\/www.iskreni.net\/trgovina\/wp-content\/uploads\/2016\/10\/Naslovna-TT-prirocnik-za-starse-360x528.jpg\",\"contentUrl\":\"https:\/\/www.iskreni.net\/trgovina\/wp-content\/uploads\/2016\/10\/Naslovna-TT-prirocnik-za-starse-360x528.jpg\",\"width\":360,\"height\":528},{\"@type\":\"BreadcrumbList\",\"@id\":\"https:\/\/www.iskreni.net\/trgovina\/product\/teologija-telesa-za-mlade-prirocnik-za-starse\/#breadcrumb\",\"itemListElement\":[{\"@type\":\"ListItem\",\"position\":1,\"name\":\"Home\",\"item\":\"https:\/\/www.iskreni.net\/trgovina\/\"},{\"@type\":\"ListItem\",\"position\":2,\"name\":\"Trgovina\",\"item\":\"https:\/\/www.iskreni.net\/trgovina\/trgovina\/\"},{\"@type\":\"ListItem\",\"position\":3,\"name\":\"Teologija telesa za mlade; Priro\u010dnik za star\u0161e\"}]},{\"@type\":\"WebSite\",\"@id\":\"https:\/\/www.iskreni.net\/trgovina\/#website\",\"url\":\"https:\/\/www.iskreni.net\/trgovina\/\",\"name\":\"Zavod Iskreni\",\"description\":\"trgovina\",\"potentialAction\":[{\"@type\":\"SearchAction\",\"target\":{\"@type\":\"EntryPoint\",\"urlTemplate\":\"https:\/\/www.iskreni.net\/trgovina\/?s={search_term_string}\"},\"query-input\":{\"@type\":\"PropertyValueSpecification\",\"valueRequired\":true,\"valueName\":\"search_term_string\"}}],\"inLanguage\":\"sl-SI\"}]}<\/script>\n<!-- \/ Yoast SEO plugin. -->","yoast_head_json":{"title":"Teologija telesa za mlade; Priro\u010dnik za star\u0161e - Zavod Iskreni","description":"Priro\u010dnik za star\u0161e je izvrsten in izredno informativen pregled te\u010daja Teologija telesa za mlade.","robots":{"index":"index","follow":"follow","max-snippet":"max-snippet:-1","max-image-preview":"max-image-preview:large","max-video-preview":"max-video-preview:-1"},"canonical":"https:\/\/www.iskreni.net\/trgovina\/product\/teologija-telesa-za-mlade-prirocnik-za-starse\/","og_locale":"sl_SI","og_type":"article","og_title":"Teologija telesa za mlade; Priro\u010dnik za star\u0161e - Zavod Iskreni","og_description":"Priro\u010dnik za star\u0161e je izvrsten in izredno informativen pregled te\u010daja Teologija telesa za mlade.","og_url":"https:\/\/www.iskreni.net\/trgovina\/product\/teologija-telesa-za-mlade-prirocnik-za-starse\/","og_site_name":"Zavod Iskreni","article_modified_time":"2024-01-18T14:04:33+00:00","og_image":[{"width":360,"height":528,"url":"https:\/\/www.iskreni.net\/trgovina\/wp-content\/uploads\/2016\/10\/Naslovna-TT-prirocnik-za-starse-360x528.jpg","type":"image\/jpeg"}],"twitter_card":"summary_large_image","twitter_misc":{"Est. reading time":"1 minuta"},"schema":{"@context":"https:\/\/schema.org","@graph":[{"@type":"WebPage","@id":"https:\/\/www.iskreni.net\/trgovina\/product\/teologija-telesa-za-mlade-prirocnik-za-starse\/","url":"https:\/\/www.iskreni.net\/trgovina\/product\/teologija-telesa-za-mlade-prirocnik-za-starse\/","name":"Teologija telesa za mlade; Priro\u010dnik za star\u0161e - Zavod Iskreni","isPartOf":{"@id":"https:\/\/www.iskreni.net\/trgovina\/#website"},"primaryImageOfPage":{"@id":"https:\/\/www.iskreni.net\/trgovina\/product\/teologija-telesa-za-mlade-prirocnik-za-starse\/#primaryimage"},"image":{"@id":"https:\/\/www.iskreni.net\/trgovina\/product\/teologija-telesa-za-mlade-prirocnik-za-starse\/#primaryimage"},"thumbnailUrl":"https:\/\/www.iskreni.net\/trgovina\/wp-content\/uploads\/2016\/10\/Naslovna-TT-prirocnik-za-starse-360x528.jpg","datePublished":"2016-10-21T14:43:49+00:00","dateModified":"2024-01-18T14:04:33+00:00","description":"Priro\u010dnik za star\u0161e je izvrsten in izredno informativen pregled te\u010daja Teologija telesa za mlade.","breadcrumb":{"@id":"https:\/\/www.iskreni.net\/trgovina\/product\/teologija-telesa-za-mlade-prirocnik-za-starse\/#breadcrumb"},"inLanguage":"sl-SI","potentialAction":[{"@type":"ReadAction","target":["https:\/\/www.iskreni.net\/trgovina\/product\/teologija-telesa-za-mlade-prirocnik-za-starse\/"]}]},{"@type":"ImageObject","inLanguage":"sl-SI","@id":"https:\/\/www.iskreni.net\/trgovina\/product\/teologija-telesa-za-mlade-prirocnik-za-starse\/#primaryimage","url":"https:\/\/www.iskreni.net\/trgovina\/wp-content\/uploads\/2016\/10\/Naslovna-TT-prirocnik-za-starse-360x528.jpg","contentUrl":"https:\/\/www.iskreni.net\/trgovina\/wp-content\/uploads\/2016\/10\/Naslovna-TT-prirocnik-za-starse-360x528.jpg","width":360,"height":528},{"@type":"BreadcrumbList","@id":"https:\/\/www.iskreni.net\/trgovina\/product\/teologija-telesa-za-mlade-prirocnik-za-starse\/#breadcrumb","itemListElement":[{"@type":"ListItem","position":1,"name":"Home","item":"https:\/\/www.iskreni.net\/trgovina\/"},{"@type":"ListItem","position":2,"name":"Trgovina","item":"https:\/\/www.iskreni.net\/trgovina\/trgovina\/"},{"@type":"ListItem","position":3,"name":"Teologija telesa za mlade; Priro\u010dnik za star\u0161e"}]},{"@type":"WebSite","@id":"https:\/\/www.iskreni.net\/trgovina\/#website","url":"https:\/\/www.iskreni.net\/trgovina\/","name":"Zavod Iskreni","description":"trgovina","potentialAction":[{"@type":"SearchAction","target":{"@type":"EntryPoint","urlTemplate":"https:\/\/www.iskreni.net\/trgovina\/?s={search_term_string}"},"query-input":{"@type":"PropertyValueSpecification","valueRequired":true,"valueName":"search_term_string"}}],"inLanguage":"sl-SI"}]}},"_links":{"self":[{"href":"https:\/\/www.iskreni.net\/trgovina\/wp-json\/wp\/v2\/product\/1179","targetHints":{"allow":["GET"]}}],"collection":[{"href":"https:\/\/www.iskreni.net\/trgovina\/wp-json\/wp\/v2\/product"}],"about":[{"href":"https:\/\/www.iskreni.net\/trgovina\/wp-json\/wp\/v2\/types\/product"}],"replies":[{"embeddable":true,"href":"https:\/\/www.iskreni.net\/trgovina\/wp-json\/wp\/v2\/comments?post=1179"}],"version-history":[{"count":4,"href":"https:\/\/www.iskreni.net\/trgovina\/wp-json\/wp\/v2\/product\/1179\/revisions"}],"predecessor-version":[{"id":89101,"href":"https:\/\/www.iskreni.net\/trgovina\/wp-json\/wp\/v2\/product\/1179\/revisions\/89101"}],"wp:featuredmedia":[{"embeddable":true,"href":"https:\/\/www.iskreni.net\/trgovina\/wp-json\/wp\/v2\/media\/1180"}],"wp:attachment":[{"href":"https:\/\/www.iskreni.net\/trgovina\/wp-json\/wp\/v2\/media?parent=1179"}],"wp:term":[{"taxonomy":"product_brand","embeddable":true,"href":"https:\/\/www.iskreni.net\/trgovina\/wp-json\/wp\/v2\/product_brand?post=1179"},{"taxonomy":"product_cat","embeddable":true,"href":"https:\/\/www.iskreni.net\/trgovina\/wp-json\/wp\/v2\/product_cat?post=1179"},{"taxonomy":"product_tag","embeddable":true,"href":"https:\/\/www.iskreni.net\/trgovina\/wp-json\/wp\/v2\/product_tag?post=1179"},{"taxonomy":"avtor","embeddable":true,"href":"https:\/\/www.iskreni.net\/trgovina\/wp-json\/wp\/v2\/avtor?post=1179"},{"taxonomy":"zalozba","embeddable":true,"href":"https:\/\/www.iskreni.net\/trgovina\/wp-json\/wp\/v2\/zalozba?post=1179"},{"taxonomy":"vezava","embeddable":true,"href":"https:\/\/www.iskreni.net\/trgovina\/wp-json\/wp\/v2\/vezava?post=1179"}],"curies":[{"name":"wp","href":"https:\/\/api.w.org\/{rel}","templated":true}]}}