{"id":11453,"date":"2019-10-30T21:56:30","date_gmt":"2019-10-30T20:56:30","guid":{"rendered":"https:\/\/www.iskreni.net\/trgovina\/?post_type=product&#038;p=11453"},"modified":"2020-10-31T07:43:21","modified_gmt":"2020-10-31T06:43:21","slug":"kako-biti-socuten-in-odlocen-stars-uporniskemu-najstniku","status":"publish","type":"product","link":"https:\/\/www.iskreni.net\/trgovina\/product\/kako-biti-socuten-in-odlocen-stars-uporniskemu-najstniku\/","title":{"rendered":"Kako biti so\u010duten in odlo\u010den star\u0161 uporni\u0161kemu najstniku?"},"content":{"rendered":"","protected":false},"excerpt":{"rendered":"<p style=\"text-align: left;\"><em>Seminar za star\u0161e najstnikov od 11. do 18. leta starosti.<\/em><\/p>\n<p style=\"text-align: left;\">Kateri star\u0161 si ne bi \u017eelel imeti najstnika, ki bi bil na miren na\u010din sposoben ubesediti lastna \u010dustva in zrcaliti nazaj \u010dustva drugih ljudi? Kaj ni to najve\u010dji izziv vzgoje? Namre\u010d razvoj empatije. Brez te sposobnosti so na\u0161i odnosi, najsi bo v dru\u017einskem okolju, na delovnem mestu ali v dru\u017ebi, polni bole\u010din, konfliktov in nezadovoljstva. Otroci se najprej ob star\u0161ih u\u010dijo biti so\u010dutni, najstniki pa potem vedno bolj tudi v dru\u017ebi svojih vrstnikov.<\/p>\n<p style=\"text-align: left;\">Na seminarju bomo govorili o spremembah, ki se zgodijo v obdobju najstni\u0161tva in kako naj kot star\u0161i pristopamo k najstniku, da z njim ohranimo stik. S \u010dim vse ga moramo opremiti, da bo v tem svetu funkcioniral brez ve\u010djih stisk in z ob\u010dutki, da je sprejemljiv, ljubljen in sposoben prevzemanja odgovornih nalog in izzivov, ki ga \u010dakajo na njegovi poti skozi \u017eivljenje.<\/p>\n","protected":false},"featured_media":0,"comment_status":"open","ping_status":"closed","template":"","meta":[],"product_brand":[],"product_cat":[1184],"product_tag":[],"avtor":[],"zalozba":[],"vezava":[],"class_list":{"0":"post-11453","1":"product","2":"type-product","3":"status-publish","5":"product_cat-programi","6":"wcpa_has_options","8":"first","9":"instock","10":"sold-individually","11":"taxable","12":"shipping-taxable","13":"purchasable","14":"product-type-variable"},"yoast_head":"<!-- This site is optimized with the Yoast SEO plugin v26.3 - https:\/\/yoast.com\/wordpress\/plugins\/seo\/ -->\n<title>Kako biti so\u010duten in odlo\u010den star\u0161 uporni\u0161kemu najstniku? - Zavod Iskreni<\/title>\n<meta name=\"robots\" content=\"index, follow, max-snippet:-1, max-image-preview:large, max-video-preview:-1\" \/>\n<link rel=\"canonical\" href=\"https:\/\/www.iskreni.net\/trgovina\/product\/kako-biti-socuten-in-odlocen-stars-uporniskemu-najstniku\/\" \/>\n<meta property=\"og:locale\" content=\"sl_SI\" \/>\n<meta property=\"og:type\" content=\"article\" \/>\n<meta property=\"og:title\" content=\"Kako biti so\u010duten in odlo\u010den star\u0161 uporni\u0161kemu najstniku? - Zavod Iskreni\" \/>\n<meta property=\"og:description\" content=\"Seminar za star\u0161e najstnikov od 11. do 18. leta starosti. Kateri star\u0161 si ne bi \u017eelel imeti najstnika, ki bi bil na miren na\u010din sposoben ubesediti lastna \u010dustva in zrcaliti nazaj \u010dustva drugih ljudi? Kaj ni to najve\u010dji izziv vzgoje? Namre\u010d razvoj empatije. Brez te sposobnosti so na\u0161i odnosi, najsi bo v dru\u017einskem okolju, na delovnem mestu ali v dru\u017ebi, polni bole\u010din, konfliktov in nezadovoljstva. Otroci se najprej ob star\u0161ih u\u010dijo biti so\u010dutni, najstniki pa potem vedno bolj tudi v dru\u017ebi svojih vrstnikov. Na seminarju bomo govorili o spremembah, ki se zgodijo v obdobju najstni\u0161tva in kako naj kot star\u0161i pristopamo k najstniku, da z njim ohranimo stik. S \u010dim vse ga moramo opremiti, da bo v tem svetu funkcioniral brez ve\u010djih stisk in z ob\u010dutki, da je sprejemljiv, ljubljen in sposoben prevzemanja odgovornih nalog in izzivov, ki ga \u010dakajo na njegovi poti skozi \u017eivljenje.\" \/>\n<meta property=\"og:url\" content=\"https:\/\/www.iskreni.net\/trgovina\/product\/kako-biti-socuten-in-odlocen-stars-uporniskemu-najstniku\/\" \/>\n<meta property=\"og:site_name\" content=\"Zavod Iskreni\" \/>\n<meta property=\"article:modified_time\" content=\"2020-10-31T06:43:21+00:00\" \/>\n<meta name=\"twitter:card\" content=\"summary_large_image\" \/>\n<script type=\"application\/ld+json\" class=\"yoast-schema-graph\">{\"@context\":\"https:\/\/schema.org\",\"@graph\":[{\"@type\":\"WebPage\",\"@id\":\"https:\/\/www.iskreni.net\/trgovina\/product\/kako-biti-socuten-in-odlocen-stars-uporniskemu-najstniku\/\",\"url\":\"https:\/\/www.iskreni.net\/trgovina\/product\/kako-biti-socuten-in-odlocen-stars-uporniskemu-najstniku\/\",\"name\":\"Kako biti so\u010duten in odlo\u010den star\u0161 uporni\u0161kemu najstniku? - Zavod Iskreni\",\"isPartOf\":{\"@id\":\"https:\/\/www.iskreni.net\/trgovina\/#website\"},\"datePublished\":\"2019-10-30T20:56:30+00:00\",\"dateModified\":\"2020-10-31T06:43:21+00:00\",\"breadcrumb\":{\"@id\":\"https:\/\/www.iskreni.net\/trgovina\/product\/kako-biti-socuten-in-odlocen-stars-uporniskemu-najstniku\/#breadcrumb\"},\"inLanguage\":\"sl-SI\",\"potentialAction\":[{\"@type\":\"ReadAction\",\"target\":[\"https:\/\/www.iskreni.net\/trgovina\/product\/kako-biti-socuten-in-odlocen-stars-uporniskemu-najstniku\/\"]}]},{\"@type\":\"BreadcrumbList\",\"@id\":\"https:\/\/www.iskreni.net\/trgovina\/product\/kako-biti-socuten-in-odlocen-stars-uporniskemu-najstniku\/#breadcrumb\",\"itemListElement\":[{\"@type\":\"ListItem\",\"position\":1,\"name\":\"Home\",\"item\":\"https:\/\/www.iskreni.net\/trgovina\/\"},{\"@type\":\"ListItem\",\"position\":2,\"name\":\"Trgovina\",\"item\":\"https:\/\/www.iskreni.net\/trgovina\/trgovina\/\"},{\"@type\":\"ListItem\",\"position\":3,\"name\":\"Kako biti so\u010duten in odlo\u010den star\u0161 uporni\u0161kemu najstniku?\"}]},{\"@type\":\"WebSite\",\"@id\":\"https:\/\/www.iskreni.net\/trgovina\/#website\",\"url\":\"https:\/\/www.iskreni.net\/trgovina\/\",\"name\":\"Zavod Iskreni\",\"description\":\"trgovina\",\"potentialAction\":[{\"@type\":\"SearchAction\",\"target\":{\"@type\":\"EntryPoint\",\"urlTemplate\":\"https:\/\/www.iskreni.net\/trgovina\/?s={search_term_string}\"},\"query-input\":{\"@type\":\"PropertyValueSpecification\",\"valueRequired\":true,\"valueName\":\"search_term_string\"}}],\"inLanguage\":\"sl-SI\"}]}<\/script>\n<!-- \/ Yoast SEO plugin. -->","yoast_head_json":{"title":"Kako biti so\u010duten in odlo\u010den star\u0161 uporni\u0161kemu najstniku? - Zavod Iskreni","robots":{"index":"index","follow":"follow","max-snippet":"max-snippet:-1","max-image-preview":"max-image-preview:large","max-video-preview":"max-video-preview:-1"},"canonical":"https:\/\/www.iskreni.net\/trgovina\/product\/kako-biti-socuten-in-odlocen-stars-uporniskemu-najstniku\/","og_locale":"sl_SI","og_type":"article","og_title":"Kako biti so\u010duten in odlo\u010den star\u0161 uporni\u0161kemu najstniku? - Zavod Iskreni","og_description":"Seminar za star\u0161e najstnikov od 11. do 18. leta starosti. Kateri star\u0161 si ne bi \u017eelel imeti najstnika, ki bi bil na miren na\u010din sposoben ubesediti lastna \u010dustva in zrcaliti nazaj \u010dustva drugih ljudi? Kaj ni to najve\u010dji izziv vzgoje? Namre\u010d razvoj empatije. Brez te sposobnosti so na\u0161i odnosi, najsi bo v dru\u017einskem okolju, na delovnem mestu ali v dru\u017ebi, polni bole\u010din, konfliktov in nezadovoljstva. Otroci se najprej ob star\u0161ih u\u010dijo biti so\u010dutni, najstniki pa potem vedno bolj tudi v dru\u017ebi svojih vrstnikov. Na seminarju bomo govorili o spremembah, ki se zgodijo v obdobju najstni\u0161tva in kako naj kot star\u0161i pristopamo k najstniku, da z njim ohranimo stik. S \u010dim vse ga moramo opremiti, da bo v tem svetu funkcioniral brez ve\u010djih stisk in z ob\u010dutki, da je sprejemljiv, ljubljen in sposoben prevzemanja odgovornih nalog in izzivov, ki ga \u010dakajo na njegovi poti skozi \u017eivljenje.","og_url":"https:\/\/www.iskreni.net\/trgovina\/product\/kako-biti-socuten-in-odlocen-stars-uporniskemu-najstniku\/","og_site_name":"Zavod Iskreni","article_modified_time":"2020-10-31T06:43:21+00:00","twitter_card":"summary_large_image","schema":{"@context":"https:\/\/schema.org","@graph":[{"@type":"WebPage","@id":"https:\/\/www.iskreni.net\/trgovina\/product\/kako-biti-socuten-in-odlocen-stars-uporniskemu-najstniku\/","url":"https:\/\/www.iskreni.net\/trgovina\/product\/kako-biti-socuten-in-odlocen-stars-uporniskemu-najstniku\/","name":"Kako biti so\u010duten in odlo\u010den star\u0161 uporni\u0161kemu najstniku? - Zavod Iskreni","isPartOf":{"@id":"https:\/\/www.iskreni.net\/trgovina\/#website"},"datePublished":"2019-10-30T20:56:30+00:00","dateModified":"2020-10-31T06:43:21+00:00","breadcrumb":{"@id":"https:\/\/www.iskreni.net\/trgovina\/product\/kako-biti-socuten-in-odlocen-stars-uporniskemu-najstniku\/#breadcrumb"},"inLanguage":"sl-SI","potentialAction":[{"@type":"ReadAction","target":["https:\/\/www.iskreni.net\/trgovina\/product\/kako-biti-socuten-in-odlocen-stars-uporniskemu-najstniku\/"]}]},{"@type":"BreadcrumbList","@id":"https:\/\/www.iskreni.net\/trgovina\/product\/kako-biti-socuten-in-odlocen-stars-uporniskemu-najstniku\/#breadcrumb","itemListElement":[{"@type":"ListItem","position":1,"name":"Home","item":"https:\/\/www.iskreni.net\/trgovina\/"},{"@type":"ListItem","position":2,"name":"Trgovina","item":"https:\/\/www.iskreni.net\/trgovina\/trgovina\/"},{"@type":"ListItem","position":3,"name":"Kako biti so\u010duten in odlo\u010den star\u0161 uporni\u0161kemu najstniku?"}]},{"@type":"WebSite","@id":"https:\/\/www.iskreni.net\/trgovina\/#website","url":"https:\/\/www.iskreni.net\/trgovina\/","name":"Zavod Iskreni","description":"trgovina","potentialAction":[{"@type":"SearchAction","target":{"@type":"EntryPoint","urlTemplate":"https:\/\/www.iskreni.net\/trgovina\/?s={search_term_string}"},"query-input":{"@type":"PropertyValueSpecification","valueRequired":true,"valueName":"search_term_string"}}],"inLanguage":"sl-SI"}]}},"_links":{"self":[{"href":"https:\/\/www.iskreni.net\/trgovina\/wp-json\/wp\/v2\/product\/11453","targetHints":{"allow":["GET"]}}],"collection":[{"href":"https:\/\/www.iskreni.net\/trgovina\/wp-json\/wp\/v2\/product"}],"about":[{"href":"https:\/\/www.iskreni.net\/trgovina\/wp-json\/wp\/v2\/types\/product"}],"replies":[{"embeddable":true,"href":"https:\/\/www.iskreni.net\/trgovina\/wp-json\/wp\/v2\/comments?post=11453"}],"version-history":[{"count":0,"href":"https:\/\/www.iskreni.net\/trgovina\/wp-json\/wp\/v2\/product\/11453\/revisions"}],"wp:attachment":[{"href":"https:\/\/www.iskreni.net\/trgovina\/wp-json\/wp\/v2\/media?parent=11453"}],"wp:term":[{"taxonomy":"product_brand","embeddable":true,"href":"https:\/\/www.iskreni.net\/trgovina\/wp-json\/wp\/v2\/product_brand?post=11453"},{"taxonomy":"product_cat","embeddable":true,"href":"https:\/\/www.iskreni.net\/trgovina\/wp-json\/wp\/v2\/product_cat?post=11453"},{"taxonomy":"product_tag","embeddable":true,"href":"https:\/\/www.iskreni.net\/trgovina\/wp-json\/wp\/v2\/product_tag?post=11453"},{"taxonomy":"avtor","embeddable":true,"href":"https:\/\/www.iskreni.net\/trgovina\/wp-json\/wp\/v2\/avtor?post=11453"},{"taxonomy":"zalozba","embeddable":true,"href":"https:\/\/www.iskreni.net\/trgovina\/wp-json\/wp\/v2\/zalozba?post=11453"},{"taxonomy":"vezava","embeddable":true,"href":"https:\/\/www.iskreni.net\/trgovina\/wp-json\/wp\/v2\/vezava?post=11453"}],"curies":[{"name":"wp","href":"https:\/\/api.w.org\/{rel}","templated":true}]}}