{"id":11437,"date":"2019-10-30T21:10:31","date_gmt":"2019-10-30T20:10:31","guid":{"rendered":"https:\/\/www.iskreni.net\/trgovina\/?post_type=product&#038;p=11437"},"modified":"2021-02-02T23:06:25","modified_gmt":"2021-02-02T22:06:25","slug":"spolna-vzgoja-delavnica-in-video-izobrazevanje","status":"publish","type":"product","link":"https:\/\/www.iskreni.net\/trgovina\/product\/spolna-vzgoja-delavnica-in-video-izobrazevanje\/","title":{"rendered":"Spolna vzgoja: delavnica in video izobra\u017eevanje"},"content":{"rendered":"","protected":false},"excerpt":{"rendered":"<p>Na Zavodu Iskreni se zavedamo, kako pomembno in obse\u017eno je podro\u010dje spolne vzgoje.\u00a0 Zato vam ponujamo dve obliki izobra\u017eevanja: delavnico in video izobra\u017eevalne posnetke.<\/p>\n<p>Vsebini obeh sklopov sta kompatibilni in se ne prekrivata, hkrati pa sta zastavljeni tako, da se lahko tudi samo udele\u017eite delavnice ali si ogledate video izobra\u017eevanja.<\/p>\n","protected":false},"featured_media":0,"comment_status":"open","ping_status":"closed","template":"","meta":[],"product_brand":[],"product_cat":[1184],"product_tag":[],"avtor":[],"zalozba":[],"vezava":[],"class_list":{"0":"post-11437","1":"product","2":"type-product","3":"status-publish","5":"product_cat-programi","6":"wcpa_has_options","8":"first","9":"instock","10":"sold-individually","11":"taxable","12":"shipping-taxable","13":"purchasable","14":"product-type-variable"},"yoast_head":"<!-- This site is optimized with the Yoast SEO plugin v26.3 - https:\/\/yoast.com\/wordpress\/plugins\/seo\/ -->\n<title>Spolna vzgoja: delavnica in video izobra\u017eevanje - Zavod Iskreni<\/title>\n<meta name=\"robots\" content=\"index, follow, max-snippet:-1, max-image-preview:large, max-video-preview:-1\" \/>\n<link rel=\"canonical\" href=\"https:\/\/www.iskreni.net\/trgovina\/product\/spolna-vzgoja-delavnica-in-video-izobrazevanje\/\" \/>\n<meta property=\"og:locale\" content=\"sl_SI\" \/>\n<meta property=\"og:type\" content=\"article\" \/>\n<meta property=\"og:title\" content=\"Spolna vzgoja: delavnica in video izobra\u017eevanje - Zavod Iskreni\" \/>\n<meta property=\"og:description\" content=\"Na Zavodu Iskreni se zavedamo, kako pomembno in obse\u017eno je podro\u010dje spolne vzgoje.\u00a0 Zato vam ponujamo dve obliki izobra\u017eevanja: delavnico in video izobra\u017eevalne posnetke.  Vsebini obeh sklopov sta kompatibilni in se ne prekrivata, hkrati pa sta zastavljeni tako, da se lahko tudi samo udele\u017eite delavnice ali si ogledate video izobra\u017eevanja.\" \/>\n<meta property=\"og:url\" content=\"https:\/\/www.iskreni.net\/trgovina\/product\/spolna-vzgoja-delavnica-in-video-izobrazevanje\/\" \/>\n<meta property=\"og:site_name\" content=\"Zavod Iskreni\" \/>\n<meta property=\"article:modified_time\" content=\"2021-02-02T22:06:25+00:00\" \/>\n<meta name=\"twitter:card\" content=\"summary_large_image\" \/>\n<script type=\"application\/ld+json\" class=\"yoast-schema-graph\">{\"@context\":\"https:\/\/schema.org\",\"@graph\":[{\"@type\":\"WebPage\",\"@id\":\"https:\/\/www.iskreni.net\/trgovina\/product\/spolna-vzgoja-delavnica-in-video-izobrazevanje\/\",\"url\":\"https:\/\/www.iskreni.net\/trgovina\/product\/spolna-vzgoja-delavnica-in-video-izobrazevanje\/\",\"name\":\"Spolna vzgoja: delavnica in video izobra\u017eevanje - Zavod Iskreni\",\"isPartOf\":{\"@id\":\"https:\/\/www.iskreni.net\/trgovina\/#website\"},\"datePublished\":\"2019-10-30T20:10:31+00:00\",\"dateModified\":\"2021-02-02T22:06:25+00:00\",\"breadcrumb\":{\"@id\":\"https:\/\/www.iskreni.net\/trgovina\/product\/spolna-vzgoja-delavnica-in-video-izobrazevanje\/#breadcrumb\"},\"inLanguage\":\"sl-SI\",\"potentialAction\":[{\"@type\":\"ReadAction\",\"target\":[\"https:\/\/www.iskreni.net\/trgovina\/product\/spolna-vzgoja-delavnica-in-video-izobrazevanje\/\"]}]},{\"@type\":\"BreadcrumbList\",\"@id\":\"https:\/\/www.iskreni.net\/trgovina\/product\/spolna-vzgoja-delavnica-in-video-izobrazevanje\/#breadcrumb\",\"itemListElement\":[{\"@type\":\"ListItem\",\"position\":1,\"name\":\"Home\",\"item\":\"https:\/\/www.iskreni.net\/trgovina\/\"},{\"@type\":\"ListItem\",\"position\":2,\"name\":\"Trgovina\",\"item\":\"https:\/\/www.iskreni.net\/trgovina\/trgovina\/\"},{\"@type\":\"ListItem\",\"position\":3,\"name\":\"Spolna vzgoja: delavnica in video izobra\u017eevanje\"}]},{\"@type\":\"WebSite\",\"@id\":\"https:\/\/www.iskreni.net\/trgovina\/#website\",\"url\":\"https:\/\/www.iskreni.net\/trgovina\/\",\"name\":\"Zavod Iskreni\",\"description\":\"trgovina\",\"potentialAction\":[{\"@type\":\"SearchAction\",\"target\":{\"@type\":\"EntryPoint\",\"urlTemplate\":\"https:\/\/www.iskreni.net\/trgovina\/?s={search_term_string}\"},\"query-input\":{\"@type\":\"PropertyValueSpecification\",\"valueRequired\":true,\"valueName\":\"search_term_string\"}}],\"inLanguage\":\"sl-SI\"}]}<\/script>\n<!-- \/ Yoast SEO plugin. -->","yoast_head_json":{"title":"Spolna vzgoja: delavnica in video izobra\u017eevanje - Zavod Iskreni","robots":{"index":"index","follow":"follow","max-snippet":"max-snippet:-1","max-image-preview":"max-image-preview:large","max-video-preview":"max-video-preview:-1"},"canonical":"https:\/\/www.iskreni.net\/trgovina\/product\/spolna-vzgoja-delavnica-in-video-izobrazevanje\/","og_locale":"sl_SI","og_type":"article","og_title":"Spolna vzgoja: delavnica in video izobra\u017eevanje - Zavod Iskreni","og_description":"Na Zavodu Iskreni se zavedamo, kako pomembno in obse\u017eno je podro\u010dje spolne vzgoje.\u00a0 Zato vam ponujamo dve obliki izobra\u017eevanja: delavnico in video izobra\u017eevalne posnetke.  Vsebini obeh sklopov sta kompatibilni in se ne prekrivata, hkrati pa sta zastavljeni tako, da se lahko tudi samo udele\u017eite delavnice ali si ogledate video izobra\u017eevanja.","og_url":"https:\/\/www.iskreni.net\/trgovina\/product\/spolna-vzgoja-delavnica-in-video-izobrazevanje\/","og_site_name":"Zavod Iskreni","article_modified_time":"2021-02-02T22:06:25+00:00","twitter_card":"summary_large_image","schema":{"@context":"https:\/\/schema.org","@graph":[{"@type":"WebPage","@id":"https:\/\/www.iskreni.net\/trgovina\/product\/spolna-vzgoja-delavnica-in-video-izobrazevanje\/","url":"https:\/\/www.iskreni.net\/trgovina\/product\/spolna-vzgoja-delavnica-in-video-izobrazevanje\/","name":"Spolna vzgoja: delavnica in video izobra\u017eevanje - Zavod Iskreni","isPartOf":{"@id":"https:\/\/www.iskreni.net\/trgovina\/#website"},"datePublished":"2019-10-30T20:10:31+00:00","dateModified":"2021-02-02T22:06:25+00:00","breadcrumb":{"@id":"https:\/\/www.iskreni.net\/trgovina\/product\/spolna-vzgoja-delavnica-in-video-izobrazevanje\/#breadcrumb"},"inLanguage":"sl-SI","potentialAction":[{"@type":"ReadAction","target":["https:\/\/www.iskreni.net\/trgovina\/product\/spolna-vzgoja-delavnica-in-video-izobrazevanje\/"]}]},{"@type":"BreadcrumbList","@id":"https:\/\/www.iskreni.net\/trgovina\/product\/spolna-vzgoja-delavnica-in-video-izobrazevanje\/#breadcrumb","itemListElement":[{"@type":"ListItem","position":1,"name":"Home","item":"https:\/\/www.iskreni.net\/trgovina\/"},{"@type":"ListItem","position":2,"name":"Trgovina","item":"https:\/\/www.iskreni.net\/trgovina\/trgovina\/"},{"@type":"ListItem","position":3,"name":"Spolna vzgoja: delavnica in video izobra\u017eevanje"}]},{"@type":"WebSite","@id":"https:\/\/www.iskreni.net\/trgovina\/#website","url":"https:\/\/www.iskreni.net\/trgovina\/","name":"Zavod Iskreni","description":"trgovina","potentialAction":[{"@type":"SearchAction","target":{"@type":"EntryPoint","urlTemplate":"https:\/\/www.iskreni.net\/trgovina\/?s={search_term_string}"},"query-input":{"@type":"PropertyValueSpecification","valueRequired":true,"valueName":"search_term_string"}}],"inLanguage":"sl-SI"}]}},"_links":{"self":[{"href":"https:\/\/www.iskreni.net\/trgovina\/wp-json\/wp\/v2\/product\/11437","targetHints":{"allow":["GET"]}}],"collection":[{"href":"https:\/\/www.iskreni.net\/trgovina\/wp-json\/wp\/v2\/product"}],"about":[{"href":"https:\/\/www.iskreni.net\/trgovina\/wp-json\/wp\/v2\/types\/product"}],"replies":[{"embeddable":true,"href":"https:\/\/www.iskreni.net\/trgovina\/wp-json\/wp\/v2\/comments?post=11437"}],"version-history":[{"count":2,"href":"https:\/\/www.iskreni.net\/trgovina\/wp-json\/wp\/v2\/product\/11437\/revisions"}],"predecessor-version":[{"id":36155,"href":"https:\/\/www.iskreni.net\/trgovina\/wp-json\/wp\/v2\/product\/11437\/revisions\/36155"}],"wp:attachment":[{"href":"https:\/\/www.iskreni.net\/trgovina\/wp-json\/wp\/v2\/media?parent=11437"}],"wp:term":[{"taxonomy":"product_brand","embeddable":true,"href":"https:\/\/www.iskreni.net\/trgovina\/wp-json\/wp\/v2\/product_brand?post=11437"},{"taxonomy":"product_cat","embeddable":true,"href":"https:\/\/www.iskreni.net\/trgovina\/wp-json\/wp\/v2\/product_cat?post=11437"},{"taxonomy":"product_tag","embeddable":true,"href":"https:\/\/www.iskreni.net\/trgovina\/wp-json\/wp\/v2\/product_tag?post=11437"},{"taxonomy":"avtor","embeddable":true,"href":"https:\/\/www.iskreni.net\/trgovina\/wp-json\/wp\/v2\/avtor?post=11437"},{"taxonomy":"zalozba","embeddable":true,"href":"https:\/\/www.iskreni.net\/trgovina\/wp-json\/wp\/v2\/zalozba?post=11437"},{"taxonomy":"vezava","embeddable":true,"href":"https:\/\/www.iskreni.net\/trgovina\/wp-json\/wp\/v2\/vezava?post=11437"}],"curies":[{"name":"wp","href":"https:\/\/api.w.org\/{rel}","templated":true}]}}