{"id":47974,"date":"2021-12-01T09:07:18","date_gmt":"2021-12-01T08:07:18","guid":{"rendered":"https:\/\/www.iskreni.net\/trgovina\/?page_id=47974"},"modified":"2025-12-15T13:01:22","modified_gmt":"2025-12-15T12:01:22","slug":"donacijska-akcija","status":"publish","type":"page","link":"https:\/\/www.iskreni.net\/trgovina\/donacijska-akcija\/","title":{"rendered":"Donacijska akcija"},"content":{"rendered":"\n<hr class=\"wp-block-separator has-css-opacity\"\/>\n\n\n\n<div class=\"wp-block-group has-pink-background-color has-background has-small-font-size\"><div class=\"wp-block-group__inner-container is-layout-constrained wp-block-group-is-layout-constrained\">\n<div class=\"wp-block-columns is-layout-flex wp-container-core-columns-is-layout-9d6595d7 wp-block-columns-is-layout-flex\">\n<div class=\"wp-block-column is-layout-flow wp-block-column-is-layout-flow\" style=\"flex-basis:5%\"><\/div>\n\n\n\n<div class=\"wp-block-column is-layout-flow wp-block-column-is-layout-flow\" style=\"flex-basis:80%\">\n<p class=\"has-small-font-size\"><strong>ZAVOD ISKRENI<\/strong>, Zavod za kulturo \u017eivljenja<br>Cesta v Log 11<br>1351 Brezovica pri Ljubljani<\/p>\n\n\n\n<p class=\"has-small-font-size\">TRR: <strong>SI56 0284 3026 6434 639<\/strong><br>IBAN: LJBASI2X<br>Koda namena: <strong>CHAR\u00a0<\/strong><br>Namen: <strong>Decembrska donacijska akcija<\/strong><br>Sklic:<strong> SI00 2025-001<\/strong><\/p>\n<\/div>\n\n\n\n<div class=\"wp-block-column is-layout-flow wp-block-column-is-layout-flow\" style=\"flex-basis:50%\">\n<figure class=\"wp-block-image size-medium is-resized\"><img fetchpriority=\"high\" decoding=\"async\" width=\"300\" height=\"300\" src=\"https:\/\/www.iskreni.net\/trgovina\/wp-content\/uploads\/2025\/12\/3622011e16b34604a6e3d5c5cd61ab54-300x300.png\" alt=\"\" class=\"wp-image-90553\" style=\"object-fit:cover;width:278px;height:auto\" srcset=\"https:\/\/www.iskreni.net\/trgovina\/wp-content\/uploads\/2025\/12\/3622011e16b34604a6e3d5c5cd61ab54-300x300.png 300w, https:\/\/www.iskreni.net\/trgovina\/wp-content\/uploads\/2025\/12\/3622011e16b34604a6e3d5c5cd61ab54-190x190.png 190w, https:\/\/www.iskreni.net\/trgovina\/wp-content\/uploads\/2025\/12\/3622011e16b34604a6e3d5c5cd61ab54-768x768.png 768w, https:\/\/www.iskreni.net\/trgovina\/wp-content\/uploads\/2025\/12\/3622011e16b34604a6e3d5c5cd61ab54-600x600.png 600w, https:\/\/www.iskreni.net\/trgovina\/wp-content\/uploads\/2025\/12\/3622011e16b34604a6e3d5c5cd61ab54-100x100.png 100w, https:\/\/www.iskreni.net\/trgovina\/wp-content\/uploads\/2025\/12\/3622011e16b34604a6e3d5c5cd61ab54-64x64.png 64w, https:\/\/www.iskreni.net\/trgovina\/wp-content\/uploads\/2025\/12\/3622011e16b34604a6e3d5c5cd61ab54.png 770w\" sizes=\"(max-width: 300px) 100vw, 300px\" \/><\/figure>\n<\/div>\n\n\n\n<div class=\"wp-block-column has-pink-background-color has-background is-layout-flow wp-block-column-is-layout-flow\" style=\"flex-basis:5%\"><\/div>\n<\/div>\n<\/div><\/div>\n\n\n\n<h1 class=\"wp-block-heading has-red-color has-text-color has-link-color wp-elements-b4b522d087c482cba4eb8e5f2fbe5191\"><strong>Povezani ustvarjamo mo\u010dnej\u0161e dru\u017eine<\/strong><\/h1>\n\n\n\n<p><em>S podporo danes gradimo <strong>bolj\u0161o prihodnost<\/strong> za vse.<\/em><\/p>\n\n\n\n<p>Vsak va\u0161 prispevek namre\u010d neposredno soustvarja prihodnost posameznikov, parov in dru\u017ein; kakovostni odnosi doma in v skupnosti pa ustvarjajo <strong>dolgoro\u010dne spremembe<\/strong>. V Zavodu Iskreni si prizadevamo, da s kvalitetnimi izobra\u017eevalnimi programi ter dejavnostmi Terapevtskega centra omogo\u010damo <strong>prostor za medsebojno povezovanje in osebnostno rast<\/strong> in da, lahko to po\u010dnemo enako dobro ali celo bolje tudi v naprej, moramo za na\u010drtovanje in samo izvedbo ter seveda nadgradnjo pridobiti zadosti sredstev. Najbr\u017e za vas ne bo presene\u010denje, da so za Zavod, kot nevladno organizacijo, glavni vir financiranja prav donacije vas, dragi donatorji.<\/p>\n\n\n\n<p class=\"has-medium-font-size\">V leto\u0161nji decembrski donacijski akciji \u017eelimo zbrati <strong>52.000 evrov<\/strong> in verjamemo, da nam s skupnimi mo\u010dmi lahko uspe.<\/p>\n\n\n\n<p>Del zbranih sredstev gre tudi v na\u0161 <strong><a href=\"https:\/\/www.iskreni.net\/programi\/socialni-sklad\/\">podporni sklad<\/a><\/strong>, za posameznike, pare in dru\u017eine, ki si posameznega programa ali psihoterapevtske obravnave ne morejo privo\u0161\u010diti. Va\u0161a donacija je ve\u010d kot samo podpora, za nekoga je <strong>prilo\u017enost<\/strong> <strong>za nov, bolj\u0161i za\u010detek<\/strong>.<\/p>\n\n\n\n<p><strong>Vabljeni, torej da nas (tudi letos) podprete in s tem omogo\u010dite:<\/strong><\/p>\n\n\n\n<ul class=\"wp-block-list\">\n<li><strong>ustvarjanje vsebin<\/strong>, ki&nbsp;pozitivno vplivajo&nbsp;na odnose med zakoncema in v dru\u017eini ter na osebno in duhovno rast;<\/li>\n\n\n\n<li>organizacijo in <strong>izvedbo<\/strong>&nbsp;<strong>delavnic za otroke in star\u0161e<\/strong>, kjer se&nbsp;gradijo odnosi in raste zaupanje;<\/li>\n\n\n\n<li><strong>razvoj novih programov<\/strong>, ki&nbsp;odgovarjajo na izzive, s katerimi se soo\u010damo v sodobni dru\u017ebi;<\/li>\n\n\n\n<li><strong>zagovarjanje in \u0161irjenje va\u0161ih in na\u0161ih vrednot<\/strong>&nbsp;ekipi, ki ima voljo in ideje, kako dru\u017eine opolnomo\u010diti, da v polnosti \u017eivijo svoje poslanstvo;<\/li>\n\n\n\n<li>vzdr\u017eevanje doma Iskreni, da nudi varno okolje za obiskovalce in tiste, ki se trudijo\/mo, da lahko \u0161irimo poslanstvo Zavoda; <\/li>\n\n\n\n<li>ter <strong>dele\u017e sredstev prispevate v <a href=\"https:\/\/www.iskreni.net\/programi\/socialni-sklad\/\">podporni sklad<\/a><\/strong>, ki olaj\u0161a dostopnost terapij in delavnic vsakomur, ki je pomo\u010di potreben in zanjo zaprosi.<\/li>\n<\/ul>\n\n\n\n<h1 class=\"wp-block-heading\"><strong>Podprite na\u0161a prizadevanja z donacijo in bodite del te navdihujo\u010de zgodbe tudi vi!<\/strong><\/h1>\n\n\n\n<p>Donirate lahko prek obrazca na vrhu te strani (mo\u017eno je pla\u010dilo s kartico ali prek UPN obrazca) ali sklenete trajnik.<\/p>\n\n\n\n<p>Donirate lahko tako posamezniki (fizi\u010dne osebe) kot podjetja. \u010ce \u017eelite skleniti <strong>donacijsko pogodbo<\/strong>, prosim, da nam pi\u0161ete na <a href=\"mailto:pisarna@iskreni.net\">pisarna@iskreni.net<\/a>, da uredimo vse potrebno. <\/p>\n\n\n\n<hr class=\"wp-block-separator has-css-opacity alignwide\"\/>\n\n\n\n<p><strong>Vsem na\u0161im najzvestej\u0161im donatorjem se bomo ob koncu donacijske akcije zahvalili s skromnim darilcem:<\/strong><\/p>\n\n\n\n<h4 class=\"wp-block-heading has-text-align-center\"><em>Za donacije:<\/em><\/h4>\n\n\n\n<div class=\"wp-block-group alignwide border\"><div class=\"wp-block-group__inner-container is-layout-flow wp-block-group-is-layout-flow\">\n<div class=\"wp-block-columns is-layout-flex wp-container-core-columns-is-layout-9d6595d7 wp-block-columns-is-layout-flex\">\n<div class=\"wp-block-column is-layout-flow wp-block-column-is-layout-flow\">\n<p><strong><em>a) <\/em><\/strong>&nbsp;<em><strong>med 60 \u20ac in 119 \u20ac prejmete darilni bon v vrednosti 5 \u20ac<\/strong> za nakup v spletni trgovini Iskreni<\/em><\/p>\n\n\n<div class=\"wp-block-image is-style-rounded\">\n<figure class=\"aligncenter size-large is-resized\"><img decoding=\"async\" width=\"1024\" height=\"1024\" src=\"https:\/\/www.iskreni.net\/trgovina\/wp-content\/uploads\/2022\/05\/Darilni-bon-2-1024x1024.jpg\" alt=\"\" class=\"wp-image-54332\" style=\"width:170px;height:170px\" srcset=\"https:\/\/www.iskreni.net\/trgovina\/wp-content\/uploads\/2022\/05\/Darilni-bon-2-1024x1024.jpg 1024w, https:\/\/www.iskreni.net\/trgovina\/wp-content\/uploads\/2022\/05\/Darilni-bon-2-300x300.jpg 300w, https:\/\/www.iskreni.net\/trgovina\/wp-content\/uploads\/2022\/05\/Darilni-bon-2-190x190.jpg 190w, https:\/\/www.iskreni.net\/trgovina\/wp-content\/uploads\/2022\/05\/Darilni-bon-2-768x768.jpg 768w, https:\/\/www.iskreni.net\/trgovina\/wp-content\/uploads\/2022\/05\/Darilni-bon-2-1536x1536.jpg 1536w, https:\/\/www.iskreni.net\/trgovina\/wp-content\/uploads\/2022\/05\/Darilni-bon-2-2048x2048.jpg 2048w, https:\/\/www.iskreni.net\/trgovina\/wp-content\/uploads\/2022\/05\/Darilni-bon-2-600x600.jpg 600w, https:\/\/www.iskreni.net\/trgovina\/wp-content\/uploads\/2022\/05\/Darilni-bon-2-100x100.jpg 100w\" sizes=\"(max-width: 1024px) 100vw, 1024px\" \/><figcaption class=\"wp-element-caption\"><br><strong>DARILNI BON V VREDNOSTI 5 \u20ac<\/strong><\/figcaption><\/figure><\/div><\/div>\n\n\n\n<div class=\"wp-block-column is-layout-flow wp-block-column-is-layout-flow\">\n<p><strong><em>b) <\/em><\/strong><em><strong>med 120 \u20ac in 249 \u20ac prejmete letno naro\u010dnino Iskreni<\/strong><\/em><\/p>\n\n\n<div class=\"wp-block-image is-style-rounded\">\n<figure class=\"aligncenter size-full is-resized\"><img decoding=\"async\" src=\"https:\/\/www.iskreni.net\/trgovina\/wp-content\/uploads\/2020\/01\/cropped-iskreni-logo.png\" alt=\"\" class=\"wp-image-6645\" style=\"width:170px;height:auto\"\/><figcaption class=\"wp-element-caption\"><br><strong>LETNA NARO\u010cNINA ISKRENI<\/strong><\/figcaption><\/figure><\/div><\/div>\n\n\n\n<div class=\"wp-block-column is-layout-flow wp-block-column-is-layout-flow\">\n<p><strong><em>c) <\/em><\/strong><em><strong>250 \u20ac ali ve\u010d prejmete letno naro\u010dnino Iskreni in darilni bon v vrednosti 10 \u20ac<\/strong> za nakup v spletni trgovini Iskreni<\/em><\/p>\n\n\n<div class=\"wp-block-image is-style-rounded\">\n<figure class=\"aligncenter size-large is-resized\"><img decoding=\"async\" width=\"1024\" height=\"1024\" src=\"https:\/\/www.iskreni.net\/trgovina\/wp-content\/uploads\/2022\/05\/Darilni-bon-2-1024x1024.jpg\" alt=\"\" class=\"wp-image-54332\" style=\"width:170px;height:170px\" srcset=\"https:\/\/www.iskreni.net\/trgovina\/wp-content\/uploads\/2022\/05\/Darilni-bon-2-1024x1024.jpg 1024w, https:\/\/www.iskreni.net\/trgovina\/wp-content\/uploads\/2022\/05\/Darilni-bon-2-300x300.jpg 300w, https:\/\/www.iskreni.net\/trgovina\/wp-content\/uploads\/2022\/05\/Darilni-bon-2-190x190.jpg 190w, https:\/\/www.iskreni.net\/trgovina\/wp-content\/uploads\/2022\/05\/Darilni-bon-2-768x768.jpg 768w, https:\/\/www.iskreni.net\/trgovina\/wp-content\/uploads\/2022\/05\/Darilni-bon-2-1536x1536.jpg 1536w, https:\/\/www.iskreni.net\/trgovina\/wp-content\/uploads\/2022\/05\/Darilni-bon-2-2048x2048.jpg 2048w, https:\/\/www.iskreni.net\/trgovina\/wp-content\/uploads\/2022\/05\/Darilni-bon-2-600x600.jpg 600w, https:\/\/www.iskreni.net\/trgovina\/wp-content\/uploads\/2022\/05\/Darilni-bon-2-100x100.jpg 100w\" sizes=\"(max-width: 1024px) 100vw, 1024px\" \/><figcaption class=\"wp-element-caption\"><br><strong>LETNA NARO\u010cNINA ISKRENI &amp;<\/strong> <strong>DARILNI BON V VREDNOSTI 10 \u20ac<\/strong><\/figcaption><\/figure><\/div><\/div>\n<\/div>\n<\/div><\/div>\n\n\n\n<div style=\"height:30px\" aria-hidden=\"true\" class=\"wp-block-spacer\"><\/div>\n\n\n\n<hr class=\"wp-block-separator has-css-opacity alignwide\"\/>\n\n\n\n<p><strong>Vabimo vas, da si izberete enega od teh treh zneskov (60 \u20ac, 120 \u20ac ali 250 \u20ac) ali pa nas podprete po svojih zmo\u017enostih.<\/strong><\/p>\n\n\n\n<p>Ker nam bo va\u0161 dar omogo\u010dil na\u0161e nadaljnje delo, ki bo bogatilo tudi druge, vas vabimo, da nas podprete, mi pa sprejemamo odgovornost, da bomo va\u0161 denar preudarno porabili. <\/p>\n\n\n\n<p><strong><em>Hvala za va\u0161o podporo in zaupanje!<\/em><\/strong><\/p>\n\n\n\n<p><em>Laura Podobnik Zajam\u0161ek, <\/em><br><em>vodja zbiranja donacij<\/em><\/p>\n","protected":false},"excerpt":{"rendered":"<p>ZAVOD ISKRENI, Zavod za kulturo \u017eivljenjaCesta v Log 111351 Brezovica pri Ljubljani TRR: SI56 0284 3026 6434 639IBAN: LJBASI2XKoda namena: CHAR\u00a0Namen: Decembrska donacijska akcijaSklic: SI00 2025-001 Povezani ustvarjamo mo\u010dnej\u0161e dru\u017eine S podporo danes gradimo bolj\u0161o prihodnost za vse. Vsak va\u0161 prispevek namre\u010d neposredno soustvarja prihodnost posameznikov, parov in dru\u017ein; kakovostni odnosi doma in v skupnosti [&hellip;]<\/p>\n","protected":false},"author":1,"featured_media":0,"parent":0,"menu_order":0,"comment_status":"closed","ping_status":"closed","template":"donations.php","meta":{"footnotes":""},"class_list":["post-47974","page","type-page","status-publish","hentry"],"yoast_head":"<!-- This site is optimized with the Yoast SEO plugin v26.3 - https:\/\/yoast.com\/wordpress\/plugins\/seo\/ -->\n<title>Donacijska akcija - Zavod Iskreni<\/title>\n<meta name=\"description\" content=\"Donacijska akcija je na\u0161 glavni vir financiranja. Vabljeni, da nas z donacijo podprete. Sodelujmo pri podpori dru\u017ein!\" \/>\n<meta name=\"robots\" content=\"index, follow, max-snippet:-1, max-image-preview:large, max-video-preview:-1\" \/>\n<link rel=\"canonical\" href=\"https:\/\/www.iskreni.net\/trgovina\/donacijska-akcija\/\" \/>\n<meta property=\"og:locale\" content=\"sl_SI\" \/>\n<meta property=\"og:type\" content=\"article\" \/>\n<meta property=\"og:title\" content=\"Donacijska akcija - Zavod Iskreni\" \/>\n<meta property=\"og:description\" content=\"Donacijska akcija je na\u0161 glavni vir financiranja. Vabljeni, da nas z donacijo podprete. Sodelujmo pri podpori dru\u017ein!\" \/>\n<meta property=\"og:url\" content=\"https:\/\/www.iskreni.net\/trgovina\/donacijska-akcija\/\" \/>\n<meta property=\"og:site_name\" content=\"Zavod Iskreni\" \/>\n<meta property=\"article:modified_time\" content=\"2025-12-15T12:01:22+00:00\" \/>\n<meta property=\"og:image\" content=\"https:\/\/www.iskreni.net\/trgovina\/wp-content\/uploads\/2025\/12\/3622011e16b34604a6e3d5c5cd61ab54.png\" \/>\n\t<meta property=\"og:image:width\" content=\"770\" \/>\n\t<meta property=\"og:image:height\" content=\"770\" \/>\n\t<meta property=\"og:image:type\" content=\"image\/png\" \/>\n<meta name=\"twitter:card\" content=\"summary_large_image\" \/>\n<meta name=\"twitter:label1\" content=\"Est. reading time\" \/>\n\t<meta name=\"twitter:data1\" content=\"4 minute\" \/>\n<script type=\"application\/ld+json\" class=\"yoast-schema-graph\">{\"@context\":\"https:\/\/schema.org\",\"@graph\":[{\"@type\":\"WebPage\",\"@id\":\"https:\/\/www.iskreni.net\/trgovina\/donacijska-akcija\/\",\"url\":\"https:\/\/www.iskreni.net\/trgovina\/donacijska-akcija\/\",\"name\":\"Donacijska akcija - Zavod Iskreni\",\"isPartOf\":{\"@id\":\"https:\/\/www.iskreni.net\/trgovina\/#website\"},\"primaryImageOfPage\":{\"@id\":\"https:\/\/www.iskreni.net\/trgovina\/donacijska-akcija\/#primaryimage\"},\"image\":{\"@id\":\"https:\/\/www.iskreni.net\/trgovina\/donacijska-akcija\/#primaryimage\"},\"thumbnailUrl\":\"https:\/\/www.iskreni.net\/trgovina\/wp-content\/uploads\/2025\/12\/3622011e16b34604a6e3d5c5cd61ab54-300x300.png\",\"datePublished\":\"2021-12-01T08:07:18+00:00\",\"dateModified\":\"2025-12-15T12:01:22+00:00\",\"description\":\"Donacijska akcija je na\u0161 glavni vir financiranja. Vabljeni, da nas z donacijo podprete. Sodelujmo pri podpori dru\u017ein!\",\"breadcrumb\":{\"@id\":\"https:\/\/www.iskreni.net\/trgovina\/donacijska-akcija\/#breadcrumb\"},\"inLanguage\":\"sl-SI\",\"potentialAction\":[{\"@type\":\"ReadAction\",\"target\":[\"https:\/\/www.iskreni.net\/trgovina\/donacijska-akcija\/\"]}]},{\"@type\":\"ImageObject\",\"inLanguage\":\"sl-SI\",\"@id\":\"https:\/\/www.iskreni.net\/trgovina\/donacijska-akcija\/#primaryimage\",\"url\":\"https:\/\/www.iskreni.net\/trgovina\/wp-content\/uploads\/2025\/12\/3622011e16b34604a6e3d5c5cd61ab54.png\",\"contentUrl\":\"https:\/\/www.iskreni.net\/trgovina\/wp-content\/uploads\/2025\/12\/3622011e16b34604a6e3d5c5cd61ab54.png\",\"width\":770,\"height\":770},{\"@type\":\"BreadcrumbList\",\"@id\":\"https:\/\/www.iskreni.net\/trgovina\/donacijska-akcija\/#breadcrumb\",\"itemListElement\":[{\"@type\":\"ListItem\",\"position\":1,\"name\":\"Home\",\"item\":\"https:\/\/www.iskreni.net\/trgovina\/\"},{\"@type\":\"ListItem\",\"position\":2,\"name\":\"Donacijska akcija\"}]},{\"@type\":\"WebSite\",\"@id\":\"https:\/\/www.iskreni.net\/trgovina\/#website\",\"url\":\"https:\/\/www.iskreni.net\/trgovina\/\",\"name\":\"Zavod Iskreni\",\"description\":\"trgovina\",\"potentialAction\":[{\"@type\":\"SearchAction\",\"target\":{\"@type\":\"EntryPoint\",\"urlTemplate\":\"https:\/\/www.iskreni.net\/trgovina\/?s={search_term_string}\"},\"query-input\":{\"@type\":\"PropertyValueSpecification\",\"valueRequired\":true,\"valueName\":\"search_term_string\"}}],\"inLanguage\":\"sl-SI\"}]}<\/script>\n<!-- \/ Yoast SEO plugin. -->","yoast_head_json":{"title":"Donacijska akcija - Zavod Iskreni","description":"Donacijska akcija je na\u0161 glavni vir financiranja. Vabljeni, da nas z donacijo podprete. Sodelujmo pri podpori dru\u017ein!","robots":{"index":"index","follow":"follow","max-snippet":"max-snippet:-1","max-image-preview":"max-image-preview:large","max-video-preview":"max-video-preview:-1"},"canonical":"https:\/\/www.iskreni.net\/trgovina\/donacijska-akcija\/","og_locale":"sl_SI","og_type":"article","og_title":"Donacijska akcija - Zavod Iskreni","og_description":"Donacijska akcija je na\u0161 glavni vir financiranja. Vabljeni, da nas z donacijo podprete. Sodelujmo pri podpori dru\u017ein!","og_url":"https:\/\/www.iskreni.net\/trgovina\/donacijska-akcija\/","og_site_name":"Zavod Iskreni","article_modified_time":"2025-12-15T12:01:22+00:00","og_image":[{"width":770,"height":770,"url":"https:\/\/www.iskreni.net\/trgovina\/wp-content\/uploads\/2025\/12\/3622011e16b34604a6e3d5c5cd61ab54.png","type":"image\/png"}],"twitter_card":"summary_large_image","twitter_misc":{"Est. reading time":"4 minute"},"schema":{"@context":"https:\/\/schema.org","@graph":[{"@type":"WebPage","@id":"https:\/\/www.iskreni.net\/trgovina\/donacijska-akcija\/","url":"https:\/\/www.iskreni.net\/trgovina\/donacijska-akcija\/","name":"Donacijska akcija - Zavod Iskreni","isPartOf":{"@id":"https:\/\/www.iskreni.net\/trgovina\/#website"},"primaryImageOfPage":{"@id":"https:\/\/www.iskreni.net\/trgovina\/donacijska-akcija\/#primaryimage"},"image":{"@id":"https:\/\/www.iskreni.net\/trgovina\/donacijska-akcija\/#primaryimage"},"thumbnailUrl":"https:\/\/www.iskreni.net\/trgovina\/wp-content\/uploads\/2025\/12\/3622011e16b34604a6e3d5c5cd61ab54-300x300.png","datePublished":"2021-12-01T08:07:18+00:00","dateModified":"2025-12-15T12:01:22+00:00","description":"Donacijska akcija je na\u0161 glavni vir financiranja. Vabljeni, da nas z donacijo podprete. Sodelujmo pri podpori dru\u017ein!","breadcrumb":{"@id":"https:\/\/www.iskreni.net\/trgovina\/donacijska-akcija\/#breadcrumb"},"inLanguage":"sl-SI","potentialAction":[{"@type":"ReadAction","target":["https:\/\/www.iskreni.net\/trgovina\/donacijska-akcija\/"]}]},{"@type":"ImageObject","inLanguage":"sl-SI","@id":"https:\/\/www.iskreni.net\/trgovina\/donacijska-akcija\/#primaryimage","url":"https:\/\/www.iskreni.net\/trgovina\/wp-content\/uploads\/2025\/12\/3622011e16b34604a6e3d5c5cd61ab54.png","contentUrl":"https:\/\/www.iskreni.net\/trgovina\/wp-content\/uploads\/2025\/12\/3622011e16b34604a6e3d5c5cd61ab54.png","width":770,"height":770},{"@type":"BreadcrumbList","@id":"https:\/\/www.iskreni.net\/trgovina\/donacijska-akcija\/#breadcrumb","itemListElement":[{"@type":"ListItem","position":1,"name":"Home","item":"https:\/\/www.iskreni.net\/trgovina\/"},{"@type":"ListItem","position":2,"name":"Donacijska akcija"}]},{"@type":"WebSite","@id":"https:\/\/www.iskreni.net\/trgovina\/#website","url":"https:\/\/www.iskreni.net\/trgovina\/","name":"Zavod Iskreni","description":"trgovina","potentialAction":[{"@type":"SearchAction","target":{"@type":"EntryPoint","urlTemplate":"https:\/\/www.iskreni.net\/trgovina\/?s={search_term_string}"},"query-input":{"@type":"PropertyValueSpecification","valueRequired":true,"valueName":"search_term_string"}}],"inLanguage":"sl-SI"}]}},"_links":{"self":[{"href":"https:\/\/www.iskreni.net\/trgovina\/wp-json\/wp\/v2\/pages\/47974","targetHints":{"allow":["GET"]}}],"collection":[{"href":"https:\/\/www.iskreni.net\/trgovina\/wp-json\/wp\/v2\/pages"}],"about":[{"href":"https:\/\/www.iskreni.net\/trgovina\/wp-json\/wp\/v2\/types\/page"}],"author":[{"embeddable":true,"href":"https:\/\/www.iskreni.net\/trgovina\/wp-json\/wp\/v2\/users\/1"}],"replies":[{"embeddable":true,"href":"https:\/\/www.iskreni.net\/trgovina\/wp-json\/wp\/v2\/comments?post=47974"}],"version-history":[{"count":61,"href":"https:\/\/www.iskreni.net\/trgovina\/wp-json\/wp\/v2\/pages\/47974\/revisions"}],"predecessor-version":[{"id":90556,"href":"https:\/\/www.iskreni.net\/trgovina\/wp-json\/wp\/v2\/pages\/47974\/revisions\/90556"}],"wp:attachment":[{"href":"https:\/\/www.iskreni.net\/trgovina\/wp-json\/wp\/v2\/media?parent=47974"}],"curies":[{"name":"wp","href":"https:\/\/api.w.org\/{rel}","templated":true}]}}