{"id":8610,"date":"2020-08-24T18:22:33","date_gmt":"2020-08-24T18:22:33","guid":{"rendered":"https:\/\/www.iskreni.net\/programi\/?page_id=8610"},"modified":"2025-10-30T14:15:58","modified_gmt":"2025-10-30T14:15:58","slug":"splosni-pogoji-poslovanja-programov-iskreni","status":"publish","type":"page","link":"https:\/\/www.iskreni.net\/programi\/splosni-pogoji-poslovanja-programov-iskreni\/","title":{"rendered":"Splo\u0161ni pogoji poslovanja programov Iskreni"},"content":{"rendered":"<p>[vc_row][vc_column][vc_column_text]<\/p>\n<h3>SPLO\u0160NI POGOJI POSLOVANJA PROGRAMOV ZAVODA ISKRENI<\/h3>\n<p>Navedeni pogoji poslovanja veljajo za vse programe Zavoda Iskreni, razen \u010de je pri posameznem programu navedeno druga\u010de. Programi, ki se trenutno izvajajo so: e-priprava na zakon, priprava na porod, modra \u017eenska, \u010dudovita princesa, skrivnostna lepotica, drzni pustolovec, divji bojevnik in programi Terapevtskega centra Iskreni (Svobodno srce, Kje pa tebe puberteta \u017euli?, idr.).<\/p>\n<h4>Prijava in pla\u010dilo<\/h4>\n<p>Prijave na programe potekajo preko elektronskega obrazca (za vsak program posebej), preko e-maila pisarna@iskreni.net ali preko telefona na tel. \u0161t. 05 90 20 000.<\/p>\n<p>Ob prijavi je stranka dol\u017ena predlo\u017eiti vse obvezne zahtevane podatke. <strong>Prijava je veljavna s pla\u010dilom programa<\/strong>, kar pomeni, da lahko Zavod v kolikor pla\u010dila ne prejme do termina izvedbe stranko odslovi oz. njeno mesto prepusti drugi.<\/p>\n<p>V primeru, da stranka ob prijavi ne navede pravilnih podatkov, je odgovorna za vse stro\u0161ke oziroma posledice, ki bi nastale zaradi napa\u010dnih podatkov.<\/p>\n<p>Navodila za pla\u010dilo stranka prejme na svoj elektronski naslov ob oddaji elektronske prijavnice, oziroma se ji podatke za pla\u010dilo sporo\u010di naknadno po oddani prijavi na e-mail pisarna@iskreni.net ali na telefon naveden zgoraj.<\/p>\n<p>Oddana prijava brez vpla\u010danega prispevka je zgolj informativna in vam prosto mesto zagotavlja do 5 dni. V primeru, da je informativnih prijav ve\u010d kot je prostih mest, imajo prednost tisti, ki prej poravnajo prispevek oz. izpolnijo vse obveznosti v zvezi s prijavo.<\/p>\n<p>Zadnji rok za prijavo je 3 dni pred terminom izvedbe programa oz. do umika prijavnega obrazca. Mo\u017ena je tudi <strong>prijava v \u010dakalno vrsto<\/strong> (na programe, za katere je veliko povpra\u0161evanje), v kolikor je tako navedeno v samem prijavnem obrazcu. Slednja pomeni, da vas Zavod tik pred izvedbo obvesti, v kolikor je katera izmed strank udele\u017ebo odpovedala in se je sprostilo mesto; v nasprotnem primeru, torej, da se nobeno mesto ne sprosti pa se va\u0161a prijava prenese na naslednji prost termin za isti program (tisti za katerega ste oddali prijavo).<\/p>\n<h4>Cene programov<\/h4>\n<p>Cene programov so navedene na spletni strani posameznega programa in v prijavnem obrazcu.<\/p>\n<p>V primeru zvi\u0161anja cen velja za prijavljene stranke, ki so obveznosti \u017ee poravnale cena, ki je bila navedena ob oddani prijavi; sicer si Zavod pridr\u017euje pravico, da zahteva pla\u010dilo programa po zvi\u0161ani ceni. V kolikor podra\u017eitev prese\u017ee 10 % osnovne cene programa ima stranka pravico prijavo odpovedati.<\/p>\n<p>V primeru spremembe cene stranke (prijavljene) Zavod obvesti po elektronski po\u0161ti, ki so jo navedle ob oddani prijavi.<\/p>\n<p>Zavod Iskreni lahko dolo\u010di, da del storitev pri izvedbi programa stranka pla\u010da na kraju izvedbe. V tem primeru Zavod ne nastopa kot organizator, ne kot posrednik, ampak zgolj kot informator. Stranka tako vse reklamacijske zahtevke uveljavlja izklju\u010dno pri izvajalcu oziroma ponudniku storitve na kraju izvedbe samem.<\/p>\n<h4>Odpoved programa ali odpoved udele\u017ebe na programu<\/h4>\n<p><span style=\"color: #000000;\">\u010ce se stranka <\/span><span style=\"color: #ff0000;\">delavnice zaradi nepredvidljivih razlogov (npr. bolezni) ne udele\u017ei, se lahko njeno <\/span><span style=\"color: #000000;\">prijavo (ob dopla\u010dilu 15 \u20ac za \u017ee nastale stro\u0161ke na strani Zavoda) prenese na naslednji prost termin, ki stranki ustreza. <strong>\u010ce stranka odsotnosti ne sporo\u010di in prijave z\u00a0 obveznim dopla\u010dilom ne prenese na naslednji prosti termin, ji prijavnina zapade. Prijavnina v vsakem primeru zapade v roku enega leta.<\/strong><\/span><\/p>\n<p>V primeru odpovedi posameznega programa s strani Zavoda (premajhno \u0161tevilo udele\u017eencev, vi\u0161ja sila) so stranke o tem obve\u0161\u010dene preko e-maila. Strankina prijava se lahko zgolj v tem primeru prestavi na naslednji prost termin, ki ji ustreza brez potrebnega dopla\u010dila, vendar vseeno velja, da v primeru neudele\u017ebe zapade v roku enega leta.<\/p>\n<p>V primeru, da je program odpovedan s strani Zavoda, lahko stranka zahteva tudi vra\u010dilo vpla\u010dane prijavnine na transakcijski ra\u010dun. Zahtevo mora podati pisno na e-mail pisarna@iskreni.net. \u010ce stranka po pozivu Zavoda v roku 7 delovnih dni ne sporo\u010di \u0161tevilke svojega transakcijskega ra\u010duna, se \u0161teje, da se je pravici do vrnitve vpla\u010danega zneska odpovedala.<\/p>\n<p>\u010ce stranka s programa odide pred koncem oz. se ne udele\u017eite vseh delov programa, nima pravice do povra\u010dila vpla\u010dane prijavnine.<\/p>\n<h4>Kori\u0161\u010denje darilnih bonov<\/h4>\n<p>Darilni bon je veljaven eno leto od datuma nakupa.<\/p>\n<p>Darilni bon v dolo\u010deni vrednosti je potrebno vnov\u010diti v enkratnem znesku. V primeru, da stranka ne izkoristi celotne vrednosti bona,\u00a0 Zavod preostanka ne vra\u010da, niti stranki ne da mo\u017enosti, da ga izkoristi kasneje.<\/p>\n<p>\u010ce znesek za pla\u010dilo presega vrednost darilnega bona, stranka razliko dopla\u010da z nakazilom na TRR Zavoda.<\/p>\n<h4>Fotografije<\/h4>\n<p>S prijavo na program in udele\u017ebo na njem stranka dovoljuje fotografiranje in objavo fotografij na spletni strani, dru\u017ebenih omre\u017ejih in v tiskanih publikacijah Zavoda. Stranka ima mo\u017enost zahtevati preklic objave, \u010de je jasno ozna\u010dena njegova istovetnost.<\/p>\n<h4>Elektronska obvestila<\/h4>\n<p>S prijavo na program stranka sogla\u0161a, da se na njen elektronski naslov po\u0161ilja brezpla\u010dna elektronska obvestila Zavoda. Od prejemanja obvestil se lahko kadarkoli odjaviti.[\/vc_column_text][\/vc_column][\/vc_row]<\/p>\n","protected":false},"excerpt":{"rendered":"<p>[vc_row][vc_column][vc_column_text] SPLO\u0160NI POGOJI POSLOVANJA PROGRAMOV ZAVODA ISKRENI Navedeni pogoji poslovanja veljajo za vse programe Zavoda&#8230;<\/p>\n","protected":false},"author":1,"featured_media":0,"parent":0,"menu_order":0,"comment_status":"closed","ping_status":"closed","template":"","meta":[],"categories":[],"tags":[],"_links":{"self":[{"href":"https:\/\/www.iskreni.net\/programi\/wp-json\/wp\/v2\/pages\/8610"}],"collection":[{"href":"https:\/\/www.iskreni.net\/programi\/wp-json\/wp\/v2\/pages"}],"about":[{"href":"https:\/\/www.iskreni.net\/programi\/wp-json\/wp\/v2\/types\/page"}],"author":[{"embeddable":true,"href":"https:\/\/www.iskreni.net\/programi\/wp-json\/wp\/v2\/users\/1"}],"replies":[{"embeddable":true,"href":"https:\/\/www.iskreni.net\/programi\/wp-json\/wp\/v2\/comments?post=8610"}],"version-history":[{"count":4,"href":"https:\/\/www.iskreni.net\/programi\/wp-json\/wp\/v2\/pages\/8610\/revisions"}],"predecessor-version":[{"id":11299,"href":"https:\/\/www.iskreni.net\/programi\/wp-json\/wp\/v2\/pages\/8610\/revisions\/11299"}],"wp:attachment":[{"href":"https:\/\/www.iskreni.net\/programi\/wp-json\/wp\/v2\/media?parent=8610"}],"wp:term":[{"taxonomy":"category","embeddable":true,"href":"https:\/\/www.iskreni.net\/programi\/wp-json\/wp\/v2\/categories?post=8610"},{"taxonomy":"post_tag","embeddable":true,"href":"https:\/\/www.iskreni.net\/programi\/wp-json\/wp\/v2\/tags?post=8610"}],"curies":[{"name":"wp","href":"https:\/\/api.w.org\/{rel}","templated":true}]}}